000
CDUS45 KRIW 220730
CLIRIW


CLIMATE REPORT
NATIONAL WEATHER SERVICE RIVERTON WY
129 AM MDT THU JUN 22 2017


...................................

...THE RIVERTON WY CLIMATE SUMMARY FOR JUNE 21 2017...

CLIMATE NORMAL PERIOD 1981 TO 2010
CLIMATE RECORD PERIOD 1995 TO 2017


WEATHER ITEM   OBSERVED TIME   RECORD YEAR NORMAL DEPARTURE LAST
                VALUE   (LST)  VALUE       VALUE  FROM      YEAR
                                                  NORMAL
..................................................................
TEMPERATURE (F)
 YESTERDAY
  MAXIMUM         92    253 PM  98    2016  80     12       98
  MINIMUM         57    234 AM  42    2012  50      7       58
  AVERAGE         75                        65     10       78

PRECIPITATION (IN)
  YESTERDAY        0.00          T    2009   0.04  -0.04     0.00
                                      2009
                                      2014
  MONTH TO DATE    0.18                      0.95  -0.77     0.32
  SINCE JUN 1      0.18                      0.95  -0.77     0.32
  SINCE JAN 1     10.34                      5.03   5.31     9.21

SNOWFALL (IN)
  YESTERDAY        0.0                                       0.0
  MONTH TO DATE    0.0                                       0.0
  SINCE JUN 1      0.0                                       0.0
  SINCE JUL 1     66.4                                      62.4
  SNOW DEPTH       0

DEGREE DAYS
 HEATING
  YESTERDAY        0                         3     -3        0
  MONTH TO DATE   38                       103    -65       14
  SINCE JUN 1     38                       103    -65       14
  SINCE JUL 1   7610                      7854   -244     7102

 COOLING
  YESTERDAY       10                         3      7       13
  MONTH TO DATE   41                        34      7      107
  SINCE JUN 1     41                        34      7      107
  SINCE JAN 1     41                        43     -2      107
..................................................................


WIND (MPH)
  HIGHEST WIND SPEED    33   HIGHEST WIND DIRECTION     W (270)
  HIGHEST GUST SPEED    42   HIGHEST GUST DIRECTION     W (260)
  AVERAGE WIND SPEED    11.7


SKY COVER
  POSSIBLE SUNSHINE  MM
  AVERAGE SKY COVER 0.0


WEATHER CONDITIONS
 THE FOLLOWING WEATHER WAS RECORDED YESTERDAY.
  NO SIGNIFICANT WEATHER WAS OBSERVED.


RELATIVE HUMIDITY (PERCENT)
 HIGHEST    60           200 AM
 LOWEST     12           500 PM
 AVERAGE    36

..........................................................


THE RIVERTON WY CLIMATE NORMALS FOR TODAY
                         NORMAL    RECORD    YEAR
 MAXIMUM TEMPERATURE (F)   80        95      2012
 MINIMUM TEMPERATURE (F)   51        46      2011
                                             1998


SUNRISE AND SUNSET
JUNE 22 2017..........SUNRISE   535 AM MDT   SUNSET   857 PM MDT
JUNE 23 2017..........SUNRISE   535 AM MDT   SUNSET   857 PM MDT


-  INDICATES NEGATIVE NUMBERS.
R  INDICATES RECORD WAS SET OR TIED.
MM INDICATES DATA IS MISSING.
T  INDICATES TRACE AMOUNT.




$$
