000
CDUS45 KRIW 300739
CLIRIW


CLIMATE REPORT
NATIONAL WEATHER SERVICE RIVERTON WY
126 AM MDT SUN AUG 30 2015


...................................

...THE RIVERTON WY CLIMATE SUMMARY FOR AUGUST 29 2015...

CLIMATE NORMAL PERIOD 1981 TO 2010
CLIMATE RECORD PERIOD 1995 TO 2015


WEATHER ITEM   OBSERVED TIME   RECORD YEAR NORMAL DEPARTURE LAST
                VALUE   (LST)  VALUE       VALUE  FROM      YEAR
                                                  NORMAL
..................................................................
TEMPERATURE (F)
 YESTERDAY
  MAXIMUM         92    400 PM  96    2012  81     11       81
  MINIMUM         52    553 AM  47    2007  51      1       53
  AVERAGE         72                        66      6       67

PRECIPITATION (IN)
  YESTERDAY        0.00          0.01 2011   0.02  -0.02     0.00
                                      2011
                                      2013
  MONTH TO DATE    0.06                      0.53  -0.47     1.12
  SINCE JUN 1      1.95                      2.70  -0.75     3.02
  SINCE JAN 1      8.80                      6.78   2.02     5.34

SNOWFALL (IN)
  YESTERDAY        0.0                                       0.0
  MONTH TO DATE    0.0                                       0.0
  SINCE JUN 1      T                                         0.0
  SINCE JUL 1      0.0                                       0.0
  SNOW DEPTH       0

DEGREE DAYS
 HEATING
  YESTERDAY        0                         2     -2        0
  MONTH TO DATE   25                        22      3       39
  SINCE JUN 1     58                       153    -95      169
  SINCE JUL 1     35                        34      1       43

 COOLING
  YESTERDAY        7                         3      4        2
  MONTH TO DATE  175                       168      7      120
  SINCE JUN 1    460                       454      6      381
  SINCE JAN 1    460                       463     -3      396
..................................................................


WIND (MPH)
  HIGHEST WIND SPEED    16   HIGHEST WIND DIRECTION    SW (210)
  HIGHEST GUST SPEED    19   HIGHEST GUST DIRECTION     S (200)
  AVERAGE WIND SPEED     6.5


SKY COVER
  POSSIBLE SUNSHINE  MM
  AVERAGE SKY COVER 0.0


WEATHER CONDITIONS
 THE FOLLOWING WEATHER WAS RECORDED YESTERDAY.
  NO SIGNIFICANT WEATHER WAS OBSERVED.


RELATIVE HUMIDITY (PERCENT)
 HIGHEST    71           600 AM
 LOWEST     11           500 PM
 AVERAGE    41

..........................................................


THE RIVERTON WY CLIMATE NORMALS FOR TODAY
                         NORMAL    RECORD    YEAR
 MAXIMUM TEMPERATURE (F)   81        92      2013
                                             2008
 MINIMUM TEMPERATURE (F)   51        45      2002


SUNRISE AND SUNSET
AUGUST 30 2015........SUNRISE   636 AM MDT   SUNSET   752 PM MDT
AUGUST 31 2015........SUNRISE   637 AM MDT   SUNSET   751 PM MDT


-  INDICATES NEGATIVE NUMBERS.
R  INDICATES RECORD WAS SET OR TIED.
MM INDICATES DATA IS MISSING.
T  INDICATES TRACE AMOUNT.




$$
