000
CDUS45 KRIW 260734
CLIRIW


CLIMATE REPORT
NATIONAL WEATHER SERVICE RIVERTON WY
133 AM MDT FRI AUG 26 2016


...................................

...THE RIVERTON WY CLIMATE SUMMARY FOR AUGUST 25 2016...

CLIMATE NORMAL PERIOD 1981 TO 2010
CLIMATE RECORD PERIOD 1995 TO 2016


WEATHER ITEM   OBSERVED TIME   RECORD YEAR NORMAL DEPARTURE LAST
                VALUE   (LST)  VALUE       VALUE  FROM      YEAR
                                                  NORMAL
..................................................................
TEMPERATURE (F)
 YESTERDAY
  MAXIMUM         66    330 PM  94    2015  83    -17       94
  MINIMUM         47   1159 PM  46    2014  52     -5       57
  AVERAGE         57                        67    -10       76

PRECIPITATION (IN)
  YESTERDAY        0.05          0.11 2006   0.02   0.03     0.00
  MONTH TO DATE    0.44                      0.46  -0.02     0.03
  SINCE JUN 1      0.83                      2.63  -1.80     1.92
  SINCE JAN 1      9.72                      6.71   3.01     8.77

SNOWFALL (IN)
  YESTERDAY        0.0                                       0.0
  MONTH TO DATE    0.0                                       0.0
  SINCE JUN 1      0.0                                        T
  SINCE JUL 1      0.0                                       0.0
  SNOW DEPTH       0

DEGREE DAYS
 HEATING
  YESTERDAY        8                         1      7        0
  MONTH TO DATE   38                        15     23       25
  SINCE JUN 1     58                       146    -88       58
  SINCE JUL 1     42                        27     15       35

 COOLING
  YESTERDAY        0                         4     -4       11
  MONTH TO DATE  134                       156    -22      155
  SINCE JUN 1    551                       442    109      440
  SINCE JAN 1    551                       451    100      440
..................................................................


WIND (MPH)
  HIGHEST WIND SPEED    23   HIGHEST WIND DIRECTION     W (280)
  HIGHEST GUST SPEED    27   HIGHEST GUST DIRECTION     W (280)
  AVERAGE WIND SPEED     5.6


SKY COVER
  POSSIBLE SUNSHINE  MM
  AVERAGE SKY COVER 0.7


WEATHER CONDITIONS
 THE FOLLOWING WEATHER WAS RECORDED YESTERDAY.
  THUNDERSTORM
  LIGHT RAIN
  FOG


RELATIVE HUMIDITY (PERCENT)
 HIGHEST   100           100 AM
 LOWEST     48           300 PM
 AVERAGE    74

..........................................................


THE RIVERTON WY CLIMATE NORMALS FOR TODAY
                         NORMAL    RECORD    YEAR
 MAXIMUM TEMPERATURE (F)   82        93      2010
 MINIMUM TEMPERATURE (F)   52        44      2004


SUNRISE AND SUNSET
AUGUST 26 2016........SUNRISE   632 AM MDT   SUNSET   758 PM MDT
AUGUST 27 2016........SUNRISE   633 AM MDT   SUNSET   756 PM MDT


-  INDICATES NEGATIVE NUMBERS.
R  INDICATES RECORD WAS SET OR TIED.
MM INDICATES DATA IS MISSING.
T  INDICATES TRACE AMOUNT.




$$
