000
CDUS45 KRIW 120031
CLIRIW


CLIMATE REPORT
NATIONAL WEATHER SERVICE RIVERTON WY
529 PM MST MON DEC 11 2017


...................................

...THE RIVERTON WY CLIMATE SUMMARY FOR DECEMBER 11 2017...
VALID TODAY AS OF 0500 PM LOCAL TIME.

CLIMATE NORMAL PERIOD 1981 TO 2010
CLIMATE RECORD PERIOD 1995 TO 2017


WEATHER ITEM   OBSERVED TIME   RECORD YEAR NORMAL DEPARTURE LAST
                VALUE   (LST)  VALUE       VALUE  FROM      YEAR
                                                  NORMAL
..................................................................
TEMPERATURE (F)
 TODAY
  MAXIMUM         39        MM  59    2004  32      7       39
  MINIMUM         12        MM  -9    2000   8      4       14
  AVERAGE         26                        20      6       27

PRECIPITATION (IN)
  TODAY            0.00          T    2006   0.01  -0.01      T
                                      2006
                                      2016
  MONTH TO DATE    0.17                      0.10   0.07     0.02
  SINCE DEC 1      0.17                      0.10   0.07     0.02
  SINCE JAN 1     14.50                      9.21   5.29    13.66

SNOWFALL (IN)
  TODAY            0.0                                        T
  MONTH TO DATE    3.0                                       0.9
  SINCE DEC 1      3.0                                       0.9
  SINCE JUL 1     10.3                                       5.3
  SNOW DEPTH       T

DEGREE DAYS
 HEATING
  TODAY           39                        45     -6       38
  MONTH TO DATE  324                       482   -158      506
  SINCE DEC 1    324                       482   -158      506
  SINCE JUL 1   2158                      2398   -240     2102

 COOLING
  TODAY            0                         0      0        0
  MONTH TO DATE    0                         0      0        0
  SINCE DEC 1      0                         0      0        0
  SINCE JAN 1    547                       494     53      605
..................................................................


WIND (MPH)
  HIGHEST WIND SPEED     9   HIGHEST WIND DIRECTION    SW (230)
  HIGHEST GUST SPEED    MM   HIGHEST GUST DIRECTION    MM
  AVERAGE WIND SPEED     3.0


SKY COVER
  POSSIBLE SUNSHINE  MM
  AVERAGE SKY COVER 0.0


WEATHER CONDITIONS
 THE FOLLOWING WEATHER WAS RECORDED TODAY.
  NO SIGNIFICANT WEATHER WAS OBSERVED.


RELATIVE HUMIDITY (PERCENT)
 HIGHEST    88           400 AM
 LOWEST     44           200 PM
 AVERAGE    66

..........................................................


THE RIVERTON WY CLIMATE NORMALS FOR TOMORROW
                         NORMAL    RECORD    YEAR
 MAXIMUM TEMPERATURE (F)   32        53      2004
 MINIMUM TEMPERATURE (F)    8       -10      2007


SUNRISE AND SUNSET
DECEMBER 11 2017......SUNRISE   735 AM MST   SUNSET   439 PM MST
DECEMBER 12 2017......SUNRISE   736 AM MST   SUNSET   439 PM MST


-  INDICATES NEGATIVE NUMBERS.
R  INDICATES RECORD WAS SET OR TIED.
MM INDICATES DATA IS MISSING.
T  INDICATES TRACE AMOUNT.




$$
