000
CDUS45 KRIW 280740
CLIRIW


CLIMATE REPORT
NATIONAL WEATHER SERVICE RIVERTON WY
128 AM MDT SAT MAY 28 2016


...................................

...THE RIVERTON WY CLIMATE SUMMARY FOR MAY 27 2016...

CLIMATE NORMAL PERIOD 1981 TO 2010
CLIMATE RECORD PERIOD 1995 TO 2016


WEATHER ITEM   OBSERVED TIME   RECORD YEAR NORMAL DEPARTURE LAST
                VALUE   (LST)  VALUE       VALUE  FROM      YEAR
                                                  NORMAL
..................................................................
TEMPERATURE (F)
 YESTERDAY
  MAXIMUM         70    303 PM  87    2014  71     -1       69
  MINIMUM         42    408 AM  35    2012  44     -2       46
  AVERAGE         56                        57     -1       58

PRECIPITATION (IN)
  YESTERDAY        0.04          0.13 2008   0.05  -0.01     0.02
  MONTH TO DATE    2.77                      1.54   1.23     4.35
  SINCE MAR 1      8.21                      3.39   4.82     5.58
  SINCE JAN 1      8.89                      3.90   4.99     6.65

SNOWFALL (IN)
  YESTERDAY        0.0                                       0.0
  MONTH TO DATE    T                                         0.5
  SINCE MAR 1     34.2                                      10.5
  SINCE JUL 1     62.4                                      39.1
  SNOW DEPTH       0

DEGREE DAYS
 HEATING
  YESTERDAY        9                         8      1        7
  MONTH TO DATE  368                       321     47      403
  SINCE MAR 1   1740                      1863   -123     1768
  SINCE JUL 1   7061                      7717   -656     7161

 COOLING
  YESTERDAY        0                         0      0        0
  MONTH TO DATE    0                         0      0        0
  SINCE MAR 1      0                         0      0        0
  SINCE JAN 1      0                         0      0        0
..................................................................


WIND (MPH)
  HIGHEST WIND SPEED    23   HIGHEST WIND DIRECTION    NW (300)
  HIGHEST GUST SPEED    32   HIGHEST GUST DIRECTION     E (110)
  AVERAGE WIND SPEED     6.6


SKY COVER
  POSSIBLE SUNSHINE  MM
  AVERAGE SKY COVER 0.3


WEATHER CONDITIONS
 THE FOLLOWING WEATHER WAS RECORDED YESTERDAY.
  RAIN
  LIGHT RAIN


RELATIVE HUMIDITY (PERCENT)
 HIGHEST    76           300 AM
 LOWEST     27           400 PM
 AVERAGE    52

..........................................................


THE RIVERTON WY CLIMATE NORMALS FOR TODAY
                         NORMAL    RECORD    YEAR
 MAXIMUM TEMPERATURE (F)   71        90      2003
 MINIMUM TEMPERATURE (F)   44        35      2011


SUNRISE AND SUNSET
MAY 28 2016...........SUNRISE   539 AM MDT   SUNSET   844 PM MDT
MAY 29 2016...........SUNRISE   539 AM MDT   SUNSET   844 PM MDT


-  INDICATES NEGATIVE NUMBERS.
R  INDICATES RECORD WAS SET OR TIED.
MM INDICATES DATA IS MISSING.
T  INDICATES TRACE AMOUNT.




$$
