000
CDUS45 KRIW 300753
CLIRIW


CLIMATE REPORT
NATIONAL WEATHER SERVICE RIVERTON WY
151 AM MDT SAT MAY 30 2015


...................................

...THE RIVERTON WY CLIMATE SUMMARY FOR MAY 29 2015...

CLIMATE NORMAL PERIOD 1981 TO 2010
CLIMATE RECORD PERIOD 1995 TO 2015


WEATHER ITEM   OBSERVED TIME   RECORD YEAR NORMAL DEPARTURE LAST
                VALUE   (LST)  VALUE       VALUE  FROM      YEAR
                                                  NORMAL
..................................................................
TEMPERATURE (F)
 YESTERDAY
  MAXIMUM         62    606 PM  93    2003  71     -9       84
  MINIMUM         47    334 AM  33    2011  44      3       57
  AVERAGE         55                        58     -3       71

PRECIPITATION (IN)
  YESTERDAY        0.01          1.30 2011   0.05  -0.04     0.00
  MONTH TO DATE    4.55                      1.63   2.92     0.70
  SINCE MAR 1      5.78                      3.48   2.30     1.42
  SINCE JAN 1      6.85                      3.99   2.86     2.32

SNOWFALL (IN)
  YESTERDAY        0.0                                       0.0
  MONTH TO DATE    0.5                                       2.7
  SINCE MAR 1     10.5                                       6.6
  SINCE JUL 1     39.1                                      55.8
  SNOW DEPTH       0

DEGREE DAYS
 HEATING
  YESTERDAY       10                         8      2        0
  MONTH TO DATE  422                       337     85      324
  SINCE MAR 1   1787                      1879    -92     1859
  SINCE JUL 1   7180                      7733   -553     7740

 COOLING
  YESTERDAY        0                         1     -1        6
  MONTH TO DATE    0                         2     -2       13
  SINCE MAR 1      0                         2     -2       13
  SINCE JAN 1      0                         2     -2       13
..................................................................


WIND (MPH)
  HIGHEST WIND SPEED    15   HIGHEST WIND DIRECTION     E (90)
  HIGHEST GUST SPEED    20   HIGHEST GUST DIRECTION     E (90)
  AVERAGE WIND SPEED     6.6


SKY COVER
  POSSIBLE SUNSHINE  MM
  AVERAGE SKY COVER 0.6


WEATHER CONDITIONS
 THE FOLLOWING WEATHER WAS RECORDED YESTERDAY.
  LIGHT RAIN


RELATIVE HUMIDITY (PERCENT)
 HIGHEST    86           100 AM
 LOWEST     46           500 PM
 AVERAGE    66

..........................................................


THE RIVERTON WY CLIMATE NORMALS FOR TODAY
                         NORMAL    RECORD    YEAR
 MAXIMUM TEMPERATURE (F)   72        90      2002
 MINIMUM TEMPERATURE (F)   44        32      2011


SUNRISE AND SUNSET
MAY 30 2015...........SUNRISE   538 AM MDT   SUNSET   845 PM MDT
MAY 31 2015...........SUNRISE   538 AM MDT   SUNSET   845 PM MDT


-  INDICATES NEGATIVE NUMBERS.
R  INDICATES RECORD WAS SET OR TIED.
MM INDICATES DATA IS MISSING.
T  INDICATES TRACE AMOUNT.




$$
