000
CDUS45 KRIW 170729
CLIRIW


CLIMATE REPORT
NATIONAL WEATHER SERVICE RIVERTON WY
128 AM MDT THU AUG 17 2017


...................................

...THE RIVERTON WY CLIMATE SUMMARY FOR AUGUST 16 2017...

CLIMATE NORMAL PERIOD 1981 TO 2010
CLIMATE RECORD PERIOD 1995 TO 2017


WEATHER ITEM   OBSERVED TIME   RECORD YEAR NORMAL DEPARTURE LAST
                VALUE   (LST)  VALUE       VALUE  FROM      YEAR
                                                  NORMAL
..................................................................
TEMPERATURE (F)
 YESTERDAY
  MAXIMUM         79    500 PM  95    2002  86     -7       88
  MINIMUM         48    538 AM  43    2009  55     -7       52
  AVERAGE         64                        70     -6       70

PRECIPITATION (IN)
  YESTERDAY        0.00          0.03 2005   0.02  -0.02     0.00
  MONTH TO DATE    0.92                      0.29   0.63     0.06
  SINCE JUN 1      1.27                      2.46  -1.19     0.45
  SINCE JAN 1     11.43                      6.54   4.89     9.34

SNOWFALL (IN)
  YESTERDAY        0.0                                       0.0
  MONTH TO DATE    0.0                                       0.0
  SINCE JUN 1      0.0                                       0.0
  SINCE JUL 1      0.0                                       0.0
  SNOW DEPTH       0

DEGREE DAYS
 HEATING
  YESTERDAY        1                         1      0        0
  MONTH TO DATE    7                         6      1        1
  SINCE JUN 1     76                       137    -61       21
  SINCE JUL 1      7                        18    -11        5

 COOLING
  YESTERDAY        0                         6     -6        5
  MONTH TO DATE   42                       114    -72      111
  SINCE JUN 1    389                       400    -11      528
  SINCE JAN 1    389                       409    -20      528
..................................................................


WIND (MPH)
  HIGHEST WIND SPEED    15   HIGHEST WIND DIRECTION     W (250)
  HIGHEST GUST SPEED    20   HIGHEST GUST DIRECTION    SW (230)
  AVERAGE WIND SPEED     6.7


SKY COVER
  POSSIBLE SUNSHINE  MM
  AVERAGE SKY COVER 0.1


WEATHER CONDITIONS
 THE FOLLOWING WEATHER WAS RECORDED YESTERDAY.
  NO SIGNIFICANT WEATHER WAS OBSERVED.


RELATIVE HUMIDITY (PERCENT)
 HIGHEST    93           500 AM
 LOWEST     19           300 PM
 AVERAGE    56

..........................................................


THE RIVERTON WY CLIMATE NORMALS FOR TODAY
                         NORMAL    RECORD    YEAR
 MAXIMUM TEMPERATURE (F)   85        95      2013
 MINIMUM TEMPERATURE (F)   54        41      2009


SUNRISE AND SUNSET
AUGUST 17 2017........SUNRISE   622 AM MDT   SUNSET   813 PM MDT
AUGUST 18 2017........SUNRISE   623 AM MDT   SUNSET   811 PM MDT


-  INDICATES NEGATIVE NUMBERS.
R  INDICATES RECORD WAS SET OR TIED.
MM INDICATES DATA IS MISSING.
T  INDICATES TRACE AMOUNT.




$$
