000
CDUS45 KRIW 050746
CLIRIW


CLIMATE REPORT
NATIONAL WEATHER SERVICE RIVERTON WY
141 AM MDT SUN JUL 5 2015


...................................

...THE RIVERTON WY CLIMATE SUMMARY FOR JULY 4 2015...

CLIMATE NORMAL PERIOD 1981 TO 2010
CLIMATE RECORD PERIOD 1995 TO 2015


WEATHER ITEM   OBSERVED TIME   RECORD YEAR NORMAL DEPARTURE LAST
                VALUE   (LST)  VALUE       VALUE  FROM      YEAR
                                                  NORMAL
..................................................................
TEMPERATURE (F)
 YESTERDAY
  MAXIMUM         94    542 PM  98    2001  85      9       91
  MINIMUM         62    451 AM  45    1997  54      8       60
  AVERAGE         78                        70      8       76

PRECIPITATION (IN)
  YESTERDAY        0.00          0.46 2007   0.04  -0.04     0.16
  MONTH TO DATE    T                         0.16  -0.16     0.16
  SINCE JUN 1      0.79                      1.44  -0.65     1.28
  SINCE JAN 1      7.64                      5.52   2.12     3.60

SNOWFALL (IN)
  YESTERDAY        0.0                                       0.0
  MONTH TO DATE    0.0                                       0.0
  SINCE JUN 1      T                                         0.0
  SINCE JUL 1      0.0                                       0.0
  SNOW DEPTH       0

DEGREE DAYS
 HEATING
  YESTERDAY        0                         1     -1        0
  MONTH TO DATE    0                         4     -4        4
  SINCE JUN 1     23                       123   -100      130
  SINCE JUL 1      0                         4     -4        4

 COOLING
  YESTERDAY       13                         5      8       11
  MONTH TO DATE   43                        20     23       18
  SINCE JUN 1    174                        86     88       41
  SINCE JAN 1    174                        95     79       56
..................................................................


WIND (MPH)
  HIGHEST WIND SPEED    21   HIGHEST WIND DIRECTION     N (360)
  HIGHEST GUST SPEED    29   HIGHEST GUST DIRECTION     N (360)
  AVERAGE WIND SPEED     8.1


SKY COVER
  POSSIBLE SUNSHINE  MM
  AVERAGE SKY COVER 0.0


WEATHER CONDITIONS
 THE FOLLOWING WEATHER WAS RECORDED YESTERDAY.
  NO SIGNIFICANT WEATHER WAS OBSERVED.


RELATIVE HUMIDITY (PERCENT)
 HIGHEST    67           400 AM
 LOWEST     14           500 PM
 AVERAGE    41

..........................................................


THE RIVERTON WY CLIMATE NORMALS FOR TODAY
                         NORMAL    RECORD    YEAR
 MAXIMUM TEMPERATURE (F)   85        97      2014
                                             2001
 MINIMUM TEMPERATURE (F)   55        49      2010
                                             1999


SUNRISE AND SUNSET
JULY  5 2015..........SUNRISE   541 AM MDT   SUNSET   856 PM MDT
JULY  6 2015..........SUNRISE   541 AM MDT   SUNSET   856 PM MDT


-  INDICATES NEGATIVE NUMBERS.
R  INDICATES RECORD WAS SET OR TIED.
MM INDICATES DATA IS MISSING.
T  INDICATES TRACE AMOUNT.




$$
