000
CDUS45 KRIW 010738
CLIRIW


CLIMATE REPORT
NATIONAL WEATHER SERVICE RIVERTON WY
127 AM MDT SUN MAY 1 2016


...................................

...THE RIVERTON WY CLIMATE SUMMARY FOR APRIL 30 2016...

CLIMATE NORMAL PERIOD 1981 TO 2010
CLIMATE RECORD PERIOD 1995 TO 2016


WEATHER ITEM   OBSERVED TIME   RECORD YEAR NORMAL DEPARTURE LAST
                VALUE   (LST)  VALUE       VALUE  FROM      YEAR
                                                  NORMAL
..................................................................
TEMPERATURE (F)
 YESTERDAY
  MAXIMUM         43    418 PM  80    2007  62    -19       64
  MINIMUM         34    147 AM  27    2009  35     -1       41
  AVERAGE         39                        49    -10       53

PRECIPITATION (IN)
  YESTERDAY        0.18          0.62 2003   0.06   0.12      T
  MONTH TO DATE    3.31                      1.30   2.01     0.82
  SINCE MAR 1      5.44                      1.85   3.59     1.23
  SINCE JAN 1      6.12                      2.36   3.76     2.30

SNOWFALL (IN)
  YESTERDAY        T                                         0.0
  MONTH TO DATE   12.7                                       3.3
  SINCE MAR 1     34.2                                      10.0
  SINCE JUL 1     62.4                                      38.6
  SNOW DEPTH       0

DEGREE DAYS
 HEATING
  YESTERDAY       26                        16     10       12
  MONTH TO DATE  562                       623    -61      580
  SINCE MAR 1   1372                      1542   -170     1365
  SINCE JUL 1   6693                      7396   -703     6758

 COOLING
  YESTERDAY        0                         0      0        0
  MONTH TO DATE    0                         0      0        0
  SINCE MAR 1      0                         0      0        0
  SINCE JAN 1      0                         0      0        0
..................................................................


WIND (MPH)
  HIGHEST WIND SPEED    17   HIGHEST WIND DIRECTION     E (100)
  HIGHEST GUST SPEED    23   HIGHEST GUST DIRECTION     E (90)
  AVERAGE WIND SPEED     9.2


SKY COVER
  POSSIBLE SUNSHINE  MM
  AVERAGE SKY COVER 0.9


WEATHER CONDITIONS
 THE FOLLOWING WEATHER WAS RECORDED YESTERDAY.
  LIGHT RAIN
  LIGHT SNOW
  FOG


RELATIVE HUMIDITY (PERCENT)
 HIGHEST    92           300 AM
 LOWEST     76           300 PM
 AVERAGE    84

..........................................................


THE RIVERTON WY CLIMATE NORMALS FOR TODAY
                         NORMAL    RECORD    YEAR
 MAXIMUM TEMPERATURE (F)   62        78      2007
 MINIMUM TEMPERATURE (F)   36        24      2011


SUNRISE AND SUNSET
MAY  1 2016...........SUNRISE   607 AM MDT   SUNSET   816 PM MDT
MAY  2 2016...........SUNRISE   605 AM MDT   SUNSET   817 PM MDT


-  INDICATES NEGATIVE NUMBERS.
R  INDICATES RECORD WAS SET OR TIED.
MM INDICATES DATA IS MISSING.
T  INDICATES TRACE AMOUNT.




$$
