000
CDUS45 KRIW 270036
CLIRKS


CLIMATE REPORT
NATIONAL WEATHER SERVICE RIVERTON WY
634 PM MDT WED APR 26 2017


...................................

...THE ROCK SPRINGS WY CLIMATE SUMMARY FOR APRIL 26 2017...
VALID TODAY AS OF 0500 PM LOCAL TIME.

CLIMATE NORMAL PERIOD 1981 TO 2010
CLIMATE RECORD PERIOD 1948 TO 2017


WEATHER ITEM   OBSERVED TIME   RECORD YEAR NORMAL DEPARTURE LAST
                VALUE   (LST)  VALUE       VALUE  FROM      YEAR
                                                  NORMAL
..................................................................
TEMPERATURE (F)
 TODAY
  MAXIMUM         48        MM  77    1977  57     -9       37
  MINIMUM         33        MM  15    1984  32      1       31
  AVERAGE         41                        44     -3       34

PRECIPITATION (IN)
  TODAY            0.01                      0.03  -0.02     0.23
  MONTH TO DATE    0.54                      0.76  -0.22     1.48
  SINCE MAR 1      1.97                      1.44   0.53     2.04
  SINCE JAN 1      2.87                      2.37   0.50     2.26

DEGREE DAYS
 HEATING
  TODAY           24                        21      3       31
  MONTH TO DATE  559                       624    -65      534
  SINCE MAR 1   1339                      1601   -262     1441
  SINCE JUL 1   7077                      7453   -376     6958

 COOLING
  TODAY            0                         0      0        0
  MONTH TO DATE    0                         0      0        0
  SINCE MAR 1      0                         0      0        0
  SINCE JAN 1      0                         0      0        0
..................................................................


WIND (MPH)
  HIGHEST WIND SPEED    23   HIGHEST WIND DIRECTION     W (260)
  HIGHEST GUST SPEED    37   HIGHEST GUST DIRECTION     W (250)
  AVERAGE WIND SPEED    13.2


SKY COVER
  POSSIBLE SUNSHINE  MM
  AVERAGE SKY COVER 0.9


WEATHER CONDITIONS
 THE FOLLOWING WEATHER WAS RECORDED TODAY.
  LIGHT RAIN
  LIGHT SNOW


RELATIVE HUMIDITY (PERCENT)
 HIGHEST    89          1200 AM
 LOWEST     62           400 PM
 AVERAGE    76

..........................................................


THE ROCK SPRINGS WY CLIMATE NORMALS FOR TOMORROW
                         NORMAL    RECORD    YEAR
 MAXIMUM TEMPERATURE (F)   57        76      1992
 MINIMUM TEMPERATURE (F)   32        15      1984


SUNRISE AND SUNSET
APRIL 26 2017.........SUNRISE   619 AM MDT   SUNSET   809 PM MDT
APRIL 27 2017.........SUNRISE   618 AM MDT   SUNSET   810 PM MDT


-  INDICATES NEGATIVE NUMBERS.
R  INDICATES RECORD WAS SET OR TIED.
MM INDICATES DATA IS MISSING.
T  INDICATES TRACE AMOUNT.




$$
