000
CDUS45 KRIW 240735
CLIRKS


CLIMATE REPORT
NATIONAL WEATHER SERVICE RIVERTON WY
133 AM MDT SAT JUN 24 2017


...................................

...THE ROCK SPRINGS WY CLIMATE SUMMARY FOR JUNE 23 2017...

CLIMATE NORMAL PERIOD 1981 TO 2010
CLIMATE RECORD PERIOD 1948 TO 2017


WEATHER ITEM   OBSERVED TIME   RECORD YEAR NORMAL DEPARTURE LAST
                VALUE   (LST)  VALUE       VALUE  FROM      YEAR
                                                  NORMAL
..................................................................
TEMPERATURE (F)
 YESTERDAY
  MAXIMUM         77    538 PM  96    1954  78     -1       86
  MINIMUM         44    521 AM  37    2003  49     -5       61
  AVERAGE         61                        63     -2       74

PRECIPITATION (IN)
  YESTERDAY        0.00          0.70 2003   0.02  -0.02     0.01
  MONTH TO DATE    0.02                      0.65  -0.63     0.18
  SINCE JUN 1      0.02                      0.65  -0.63     0.18
  SINCE JAN 1      3.54                      4.38  -0.84     4.64

DEGREE DAYS
 HEATING
  YESTERDAY        4                         3      1        0
  MONTH TO DATE   71                       147    -76       35
  SINCE JUN 1     71                       147    -76       35
  SINCE JUL 1   7686                      8122   -436     7620

 COOLING
  YESTERDAY        0                         2     -2        9
  MONTH TO DATE   34                        17     17       53
  SINCE JUN 1     34                        17     17       53
  SINCE JAN 1     34                        18     16       53
..................................................................


WIND (MPH)
  HIGHEST WIND SPEED    24   HIGHEST WIND DIRECTION    NE (40)
  HIGHEST GUST SPEED    29   HIGHEST GUST DIRECTION    NW (300)
  AVERAGE WIND SPEED    12.8


SKY COVER
  POSSIBLE SUNSHINE  MM
  AVERAGE SKY COVER 0.0


WEATHER CONDITIONS
 THE FOLLOWING WEATHER WAS RECORDED YESTERDAY.
  NO SIGNIFICANT WEATHER WAS OBSERVED.


RELATIVE HUMIDITY (PERCENT)
 HIGHEST    49           500 AM
 LOWEST     11           600 PM
 AVERAGE    30

..........................................................


THE ROCK SPRINGS WY CLIMATE NORMALS FOR TODAY
                         NORMAL    RECORD    YEAR
 MAXIMUM TEMPERATURE (F)   78        95      1988
 MINIMUM TEMPERATURE (F)   49        35      1976


SUNRISE AND SUNSET
JUNE 24 2017..........SUNRISE   543 AM MDT   SUNSET   854 PM MDT
JUNE 25 2017..........SUNRISE   543 AM MDT   SUNSET   854 PM MDT


-  INDICATES NEGATIVE NUMBERS.
R  INDICATES RECORD WAS SET OR TIED.
MM INDICATES DATA IS MISSING.
T  INDICATES TRACE AMOUNT.




$$
