000
CDUS45 KRIW 040744
CLIRKS


CLIMATE REPORT
NATIONAL WEATHER SERVICE RIVERTON WY
1244 AM MST WED MAR 4 2015


...................................

...THE ROCK SPRINGS WY CLIMATE SUMMARY FOR MARCH 3 2015...

CLIMATE NORMAL PERIOD 1981 TO 2010
CLIMATE RECORD PERIOD 1948 TO 2015


WEATHER ITEM   OBSERVED TIME   RECORD YEAR NORMAL DEPARTURE LAST
                VALUE   (LST)  VALUE       VALUE  FROM      YEAR
                                                  NORMAL
..................................................................
TEMPERATURE (F)
 YESTERDAY
  MAXIMUM         28   1203 AM  59    2009  39    -11       50
  MINIMUM         -1   1159 PM  -4    1969  20    -21       32
  AVERAGE         14                        29    -15       41

PRECIPITATION (IN)
  YESTERDAY        0.03          0.26 1985   0.02   0.01     0.00
  MONTH TO DATE    0.13                      0.05   0.08     0.01
  SINCE MAR 1      0.13                      0.05   0.08     0.01
  SINCE JAN 1      0.22                      0.98  -0.76     0.16

DEGREE DAYS
 HEATING
  YESTERDAY       51                        36     15       24
  MONTH TO DATE  137                       109     28       94
  SINCE MAR 1    137                       109     28       94
  SINCE JUL 1   5250                      5961   -711     5546

 COOLING
  YESTERDAY        0                         0      0        0
  MONTH TO DATE    0                         0      0        0
  SINCE MAR 1      0                         0      0        0
  SINCE JAN 1      0                         0      0        0
..................................................................


WIND (MPH)
  HIGHEST WIND SPEED    29   HIGHEST WIND DIRECTION     W (260)
  HIGHEST GUST SPEED    35   HIGHEST GUST DIRECTION     W (260)
  AVERAGE WIND SPEED    11.4


SKY COVER
  POSSIBLE SUNSHINE  MM
  AVERAGE SKY COVER 0.7


WEATHER CONDITIONS
 THE FOLLOWING WEATHER WAS RECORDED YESTERDAY.
  SNOW
  LIGHT SNOW
  FOG
  FOG W/VISIBILITY <= 1/4 MILE
  HAZE


RELATIVE HUMIDITY (PERCENT)
 HIGHEST    92           600 AM
 LOWEST     76          1000 PM
 AVERAGE    84

..........................................................


THE ROCK SPRINGS WY CLIMATE NORMALS FOR TODAY
                         NORMAL    RECORD    YEAR
 MAXIMUM TEMPERATURE (F)   39        55      2009
                                             1986
 MINIMUM TEMPERATURE (F)   20        -7      1989


SUNRISE AND SUNSET
MARCH  4 2015.........SUNRISE   646 AM MST   SUNSET   610 PM MST
MARCH  5 2015.........SUNRISE   645 AM MST   SUNSET   611 PM MST


-  INDICATES NEGATIVE NUMBERS.
R  INDICATES RECORD WAS SET OR TIED.
MM INDICATES DATA IS MISSING.
T  INDICATES TRACE AMOUNT.




$$
