000
CDUS45 KRIW 300734
CLIRKS


CLIMATE REPORT
NATIONAL WEATHER SERVICE RIVERTON WY
131 AM MDT TUE JUN 30 2015


...................................

...THE ROCK SPRINGS WY CLIMATE SUMMARY FOR JUNE 29 2015...

CLIMATE NORMAL PERIOD 1981 TO 2010
CLIMATE RECORD PERIOD 1948 TO 2015


WEATHER ITEM   OBSERVED TIME   RECORD YEAR NORMAL DEPARTURE LAST
                VALUE   (LST)  VALUE       VALUE  FROM      YEAR
                                                  NORMAL
..................................................................
TEMPERATURE (F)
 YESTERDAY
  MAXIMUM         89    442 PM  94    2013  80      9       81
                                      1990
  MINIMUM         59    513 AM  32    1968  51      8       50
  AVERAGE         74                        65      9       66

PRECIPITATION (IN)
  YESTERDAY        0.00          0.20 2004   0.02  -0.02     0.00
  MONTH TO DATE    1.04                      0.77   0.27     0.29
  SINCE JUN 1      1.04                      0.77   0.27     0.29
  SINCE JAN 1      5.12                      4.50   0.62     1.60

DEGREE DAYS
 HEATING
  YESTERDAY        0                         2     -2        0
  MONTH TO DATE   49                       164   -115      147
  SINCE JUN 1     49                       164   -115      147
  SINCE JUL 1   7114                      8139  -1025     7491

 COOLING
  YESTERDAY        9                         3      6        1
  MONTH TO DATE   77                        31     46       16
  SINCE JUN 1     77                        31     46       16
  SINCE JAN 1     77                        32     45       23
..................................................................


WIND (MPH)
  HIGHEST WIND SPEED    18   HIGHEST WIND DIRECTION     E (80)
  HIGHEST GUST SPEED    23   HIGHEST GUST DIRECTION     E (80)
  AVERAGE WIND SPEED     6.9


SKY COVER
  POSSIBLE SUNSHINE  MM
  AVERAGE SKY COVER 0.0


WEATHER CONDITIONS
 THE FOLLOWING WEATHER WAS RECORDED YESTERDAY.
  NO SIGNIFICANT WEATHER WAS OBSERVED.


RELATIVE HUMIDITY (PERCENT)
 HIGHEST    53           500 AM
 LOWEST     18           400 PM
 AVERAGE    36

..........................................................


THE ROCK SPRINGS WY CLIMATE NORMALS FOR TODAY
                         NORMAL    RECORD    YEAR
 MAXIMUM TEMPERATURE (F)   80        93      2001
 MINIMUM TEMPERATURE (F)   51        31      1968


SUNRISE AND SUNSET
JUNE 30 2015..........SUNRISE   545 AM MDT   SUNSET   854 PM MDT
JULY  1 2015..........SUNRISE   546 AM MDT   SUNSET   854 PM MDT


-  INDICATES NEGATIVE NUMBERS.
R  INDICATES RECORD WAS SET OR TIED.
MM INDICATES DATA IS MISSING.
T  INDICATES TRACE AMOUNT.




$$
