000
CDUS45 KRIW 030029
CLIRKS


CLIMATE REPORT
NATIONAL WEATHER SERVICE RIVERTON WY
627 PM MDT SUN AUG 2 2015


...................................

...THE ROCK SPRINGS WY CLIMATE SUMMARY FOR AUGUST 2 2015...
VALID TODAY AS OF 0500 PM LOCAL TIME.

CLIMATE NORMAL PERIOD 1981 TO 2010
CLIMATE RECORD PERIOD 1948 TO 2015


WEATHER ITEM   OBSERVED TIME   RECORD YEAR NORMAL DEPARTURE LAST
                VALUE   (LST)  VALUE       VALUE  FROM      YEAR
                                                  NORMAL
..................................................................
TEMPERATURE (F)
 TODAY
  MAXIMUM         88        MM  93    1954  85      3       87
  MINIMUM         54        MM  43    1975  55     -1       57
  AVERAGE         71                        70      1       72

PRECIPITATION (IN)
  TODAY            0.00                      0.02  -0.02     0.00
  MONTH TO DATE    0.00                      0.04  -0.04     0.00
  SINCE JUN 1      3.23                      1.47   1.76     0.65
  SINCE JAN 1      7.31                      5.20   2.11     1.96

DEGREE DAYS
 HEATING
  TODAY            0                         0      0        0
  MONTH TO DATE    0                         0      0        0
  SINCE JUN 1     75                       191   -116      161
  SINCE JUL 1     26                        24      2       14

 COOLING
  TODAY            6                         5      1        7
  MONTH TO DATE   11                        10      1       10
  SINCE JUN 1    180                       189     -9      232
  SINCE JAN 1    180                       190    -10      239
..................................................................


WIND (MPH)
  HIGHEST WIND SPEED    10   HIGHEST WIND DIRECTION    SE (150)
  HIGHEST GUST SPEED    MM   HIGHEST GUST DIRECTION    MM
  AVERAGE WIND SPEED     4.0


SKY COVER
  POSSIBLE SUNSHINE  MM
  AVERAGE SKY COVER 0.0


WEATHER CONDITIONS
 THE FOLLOWING WEATHER WAS RECORDED TODAY.
  NO SIGNIFICANT WEATHER WAS OBSERVED.


RELATIVE HUMIDITY (PERCENT)
 HIGHEST    35           600 AM
 LOWEST     11           100 PM
 AVERAGE    23

..........................................................


THE ROCK SPRINGS WY CLIMATE NORMALS FOR TOMORROW
                         NORMAL    RECORD    YEAR
 MAXIMUM TEMPERATURE (F)   84        91      2009
                                             1971
 MINIMUM TEMPERATURE (F)   55        44      1993


SUNRISE AND SUNSET
AUGUST  2 2015........SUNRISE   612 AM MDT   SUNSET   833 PM MDT
AUGUST  3 2015........SUNRISE   613 AM MDT   SUNSET   832 PM MDT


-  INDICATES NEGATIVE NUMBERS.
R  INDICATES RECORD WAS SET OR TIED.
MM INDICATES DATA IS MISSING.
T  INDICATES TRACE AMOUNT.




$$
