910
CDUS45 KRIW 270736
CLIRKS


CLIMATE REPORT
NATIONAL WEATHER SERVICE RIVERTON WY
126 AM MDT WED JUL 27 2016


...................................

...THE ROCK SPRINGS WY CLIMATE SUMMARY FOR JULY 26 2016...

CLIMATE NORMAL PERIOD 1981 TO 2010
CLIMATE RECORD PERIOD 1948 TO 2016


WEATHER ITEM   OBSERVED TIME   RECORD YEAR NORMAL DEPARTURE LAST
                VALUE   (LST)  VALUE       VALUE  FROM      YEAR
                                                  NORMAL
..................................................................
TEMPERATURE (F)
 YESTERDAY
  MAXIMUM         91    100 PM  93    2010  85      6       89
  MINIMUM         58    541 AM  44    1993  55      3       56
  AVERAGE         75                        70      5       73

PRECIPITATION (IN)
  YESTERDAY        T             0.72 1981   0.02  -0.02     0.00
  MONTH TO DATE    0.22                      0.53  -0.31     2.12
  SINCE JUN 1      0.43                      1.32  -0.89     3.23
  SINCE JAN 1      4.89                      5.05  -0.16     7.31

DEGREE DAYS
 HEATING
  YESTERDAY        0                         0      0        0
  MONTH TO DATE   13                        19     -6       16
  SINCE JUN 1     52                       186   -134       65
  SINCE JUL 1     13                        19     -6       16

 COOLING
  YESTERDAY       10                         5      5        8
  MONTH TO DATE  131                       115     16       72
  SINCE JUN 1    212                       150     62      160
  SINCE JAN 1    212                       151     61      160
..................................................................


WIND (MPH)
  HIGHEST WIND SPEED    26   HIGHEST WIND DIRECTION     W (260)
  HIGHEST GUST SPEED    32   HIGHEST GUST DIRECTION     W (260)
  AVERAGE WIND SPEED     6.2


SKY COVER
  POSSIBLE SUNSHINE  MM
  AVERAGE SKY COVER 0.0


WEATHER CONDITIONS
 THE FOLLOWING WEATHER WAS RECORDED YESTERDAY.
  THUNDERSTORM


RELATIVE HUMIDITY (PERCENT)
 HIGHEST    34           600 AM
 LOWEST      9           200 PM
 AVERAGE    22

..........................................................


THE ROCK SPRINGS WY CLIMATE NORMALS FOR TODAY
                         NORMAL    RECORD    YEAR
 MAXIMUM TEMPERATURE (F)   85        91      2008
                                             1978
 MINIMUM TEMPERATURE (F)   55        39      1981


SUNRISE AND SUNSET
JULY 27 2016..........SUNRISE   606 AM MDT   SUNSET   839 PM MDT
JULY 28 2016..........SUNRISE   607 AM MDT   SUNSET   837 PM MDT


-  INDICATES NEGATIVE NUMBERS.
R  INDICATES RECORD WAS SET OR TIED.
MM INDICATES DATA IS MISSING.
T  INDICATES TRACE AMOUNT.




$$
