000
CDUS45 KRIW 240750
CLIRKS


CLIMATE REPORT
NATIONAL WEATHER SERVICE RIVERTON WY
1248 AM MST MON NOV 24 2014


...................................

...THE ROCK SPRINGS WY CLIMATE SUMMARY FOR NOVEMBER 23 2014...

CLIMATE NORMAL PERIOD 1981 TO 2010
CLIMATE RECORD PERIOD 1948 TO 2014


WEATHER ITEM   OBSERVED TIME   RECORD YEAR NORMAL DEPARTURE LAST
                VALUE   (LST)  VALUE       VALUE  FROM      YEAR
                                                  NORMAL
..................................................................
TEMPERATURE (F)
 YESTERDAY
  MAXIMUM         31    109 PM  55    1954  36     -5       37
  MINIMUM         21   1022 PM  -3    1952  18      3       12
  AVERAGE         26                        27     -1       25

PRECIPITATION (IN)
  YESTERDAY        T             0.48 1992   0.01  -0.01     0.00
                                      2002
                                      2006
  MONTH TO DATE    0.10                      0.39  -0.29     0.03
  SINCE SEP 1      1.62                      2.18  -0.56     2.26
  SINCE JAN 1      4.10                      7.96  -3.86     4.46

DEGREE DAYS
 HEATING
  YESTERDAY       39                        38      1       40
  MONTH TO DATE  830                       746     84      735
  SINCE SEP 1   1523                      1649   -126     1675
  SINCE JUL 1   1614                      1713    -99     1676

 COOLING
  YESTERDAY        0                         0      0        0
  MONTH TO DATE    0                         0      0        0
  SINCE SEP 1      8                         9     -1       44
  SINCE JAN 1    307                       286     21      517
..................................................................


WIND (MPH)
  HIGHEST WIND SPEED    33   HIGHEST WIND DIRECTION     W (260)
  HIGHEST GUST SPEED    39   HIGHEST GUST DIRECTION    NW (320)
  AVERAGE WIND SPEED    21.8


SKY COVER
  POSSIBLE SUNSHINE  MM
  AVERAGE SKY COVER 0.5


WEATHER CONDITIONS
 THE FOLLOWING WEATHER WAS RECORDED YESTERDAY.
  LIGHT SNOW
  FOG


RELATIVE HUMIDITY (PERCENT)
 HIGHEST    88           500 AM
 LOWEST     42           300 PM
 AVERAGE    65

..........................................................


THE ROCK SPRINGS WY CLIMATE NORMALS FOR TODAY
                         NORMAL    RECORD    YEAR
 MAXIMUM TEMPERATURE (F)   36        56      1995
 MINIMUM TEMPERATURE (F)   17        -6      2010
                                             1993


SUNRISE AND SUNSET
NOVEMBER 24 2014......SUNRISE   716 AM MST   SUNSET   450 PM MST
NOVEMBER 25 2014......SUNRISE   717 AM MST   SUNSET   449 PM MST


-  INDICATES NEGATIVE NUMBERS.
R  INDICATES RECORD WAS SET OR TIED.
MM INDICATES DATA IS MISSING.
T  INDICATES TRACE AMOUNT.




$$
