000
CDUS45 KRIW 150730
CLIRKS


CLIMATE REPORT
NATIONAL WEATHER SERVICE RIVERTON WY
1229 AM MST FRI DEC 15 2017


...................................

...THE ROCK SPRINGS WY CLIMATE SUMMARY FOR DECEMBER 14 2017...

CLIMATE NORMAL PERIOD 1981 TO 2010
CLIMATE RECORD PERIOD 1948 TO 2017


WEATHER ITEM   OBSERVED TIME   RECORD YEAR NORMAL DEPARTURE LAST
                VALUE   (LST)  VALUE       VALUE  FROM      YEAR
                                                  NORMAL
..................................................................
TEMPERATURE (F)
 YESTERDAY
  MAXIMUM         35    347 PM  52    1977  29      6       27
  MINIMUM         17    540 AM -10    2008  12      5       19
  AVERAGE         26                        21      5       23

PRECIPITATION (IN)
  YESTERDAY        0.00          0.11 1975   0.02  -0.02      T
  MONTH TO DATE    0.05                      0.24  -0.19     0.06
  SINCE DEC 1      0.05                      0.24  -0.19     0.06
  SINCE JAN 1      5.51                      8.30  -2.79     7.42

DEGREE DAYS
 HEATING
  YESTERDAY       39                        44     -5       42
  MONTH TO DATE  496                       603   -107      657
  SINCE DEC 1    496                       603   -107      657
  SINCE JUL 1   2376                      2596   -220     2377

 COOLING
  YESTERDAY        0                         0      0        0
  MONTH TO DATE    0                         0      0        0
  SINCE DEC 1      0                         0      0        0
  SINCE JAN 1    394                       286    108      354
..................................................................


WIND (MPH)
  HIGHEST WIND SPEED    22   HIGHEST WIND DIRECTION    SW (240)
  HIGHEST GUST SPEED    27   HIGHEST GUST DIRECTION    SW (240)
  AVERAGE WIND SPEED    10.4


SKY COVER
  POSSIBLE SUNSHINE  MM
  AVERAGE SKY COVER 0.4


WEATHER CONDITIONS
 THE FOLLOWING WEATHER WAS RECORDED YESTERDAY.
  NO SIGNIFICANT WEATHER WAS OBSERVED.


RELATIVE HUMIDITY (PERCENT)
 HIGHEST    92           500 AM
 LOWEST     46           800 PM
 AVERAGE    69

..........................................................


THE ROCK SPRINGS WY CLIMATE NORMALS FOR TODAY
                         NORMAL    RECORD    YEAR
 MAXIMUM TEMPERATURE (F)   29        51      2006
 MINIMUM TEMPERATURE (F)   12       -16      1972


SUNRISE AND SUNSET
DECEMBER 15 2017......SUNRISE   736 AM MST   SUNSET   447 PM MST
DECEMBER 16 2017......SUNRISE   737 AM MST   SUNSET   447 PM MST


-  INDICATES NEGATIVE NUMBERS.
R  INDICATES RECORD WAS SET OR TIED.
MM INDICATES DATA IS MISSING.
T  INDICATES TRACE AMOUNT.




$$
