000
CDUS42 KFFC 212041
CLIRMG


CLIMATE REPORT
NATIONAL WEATHER SERVICE PEACHTREE CITY GA
440 PM EDT MON AUG 21 2017


...................................

...THE ROME  CLIMATE SUMMARY FOR AUGUST 21 2017...
VALID TODAY AS OF 0400 PM LOCAL TIME.

CLIMATE NORMAL PERIOD 1981 TO 2010
CLIMATE RECORD PERIOD 9999 TO 9999


WEATHER ITEM   OBSERVED TIME   RECORD YEAR NORMAL DEPARTURE LAST
                VALUE   (LST)  VALUE       VALUE  FROM      YEAR
                                                  NORMAL
..................................................................
TEMPERATURE (F)
 TODAY
  MAXIMUM         94   1158 AM  MM      MM  89      5       89
  MINIMUM         69    618 AM  MM      MM  67      2       73
  AVERAGE         82                        78      4       81

PRECIPITATION (IN)
  TODAY            0.00         MM      MM   0.13  -0.13     0.50
  MONTH TO DATE    2.26                      2.85  -0.59     5.39
  SINCE JUN 1      9.72                     11.27  -1.55     9.12
  SINCE JAN 1     37.67                     34.14   3.53    26.24

DEGREE DAYS
 COOLING
  TODAY           17                        13      4       16
  MONTH TO DATE  317                       297     20      369
  SINCE JUN 1   1160                      1073     87     1356
  SINCE JAN 1   1486                      1241    245     1581
..................................................................


WIND (MPH)
  RESULTANT WIND SPEED   2   RESULTANT WIND DIRECTION   E (70)
  HIGHEST WIND SPEED     9   HIGHEST WIND DIRECTION    SE (140)
  HIGHEST GUST SPEED    14   HIGHEST GUST DIRECTION    SE (130)
  AVERAGE WIND SPEED     2.9


SKY COVER
  AVERAGE SKY COVER 0.0


WEATHER CONDITIONS
 THE FOLLOWING WEATHER WAS RECORDED TODAY.
  NO SIGNIFICANT WEATHER WAS OBSERVED.


RELATIVE HUMIDITY (PERCENT)
 HIGHEST   100           200 AM
 LOWEST     49           300 PM
 AVERAGE    75

..........................................................


THE ROME  CLIMATE NORMALS FOR TOMORROW
                         NORMAL    RECORD    YEAR
 MAXIMUM TEMPERATURE (F)   89        MM        MM
 MINIMUM TEMPERATURE (F)   67        MM        MM


SUNRISE AND SUNSET
AUGUST 21 2017........SUNRISE   706 AM EDT   SUNSET   821 PM EDT
AUGUST 22 2017........SUNRISE   707 AM EDT   SUNSET   819 PM EDT


-  INDICATES NEGATIVE NUMBERS.
R  INDICATES RECORD WAS SET OR TIED.
MM INDICATES DATA IS MISSING.
T  INDICATES TRACE AMOUNT.




$$
