000
CDUS42 KFFC 232036
CLIRMG


CLIMATE REPORT
NATIONAL WEATHER SERVICE PEACHTREE CITY GA
435 PM EDT SUN APR 23 2017


...................................

...THE ROME  CLIMATE SUMMARY FOR APRIL 23 2017...
VALID TODAY AS OF 0400 PM LOCAL TIME.

CLIMATE NORMAL PERIOD 1981 TO 2010
CLIMATE RECORD PERIOD 9999 TO 9999


WEATHER ITEM   OBSERVED TIME   RECORD YEAR NORMAL DEPARTURE LAST
                VALUE   (LST)  VALUE       VALUE  FROM      YEAR
                                                  NORMAL
..................................................................
TEMPERATURE (F)
 TODAY
  MAXIMUM         66    328 PM  MM      MM  75     -9       78
  MINIMUM         61    156 PM  MM      MM  49     12       50
  AVERAGE         64                        62      2       64

PRECIPITATION (IN)
  TODAY            1.28         MM      MM   0.16   1.12     0.00
  MONTH TO DATE    5.37                      2.94   2.43     1.90
  SINCE MAR 1      9.68                      7.89   1.79     6.76
  SINCE JAN 1     20.94                     17.58   3.36    15.77

SNOWFALL (IN)
  TODAY            0.0          MM      MM  MM     MM       MM
  MONTH TO DATE    0.0                      MM     MM        0.0
  SINCE MAR 1      0.0                      MM     MM        0.0
  SINCE JUL 1      T                        MM     MM         T
  SNOW DEPTH       0

DEGREE DAYS
 HEATING
  TODAY            1                         5     -4        1
  MONTH TO DATE   56                       160   -104      139
  SINCE MAR 1    371                       565   -194      396
  SINCE JUL 1   2080                      3187  -1107     2454

 COOLING
  TODAY            0                         1     -1        0
  MONTH TO DATE   76                        19     57       11
  SINCE MAR 1    103                        23     80       23
  SINCE JAN 1    103                        23     80       23
..................................................................


WIND (MPH)
  RESULTANT WIND SPEED   5   RESULTANT WIND DIRECTION   S (160)
  HIGHEST WIND SPEED    15   HIGHEST WIND DIRECTION    SE (140)
  HIGHEST GUST SPEED    23   HIGHEST GUST DIRECTION    SE (130)
  AVERAGE WIND SPEED     6.3


SKY COVER
  AVERAGE SKY COVER 0.9


WEATHER CONDITIONS
 THE FOLLOWING WEATHER WAS RECORDED TODAY.
  HEAVY RAIN
  RAIN
  LIGHT RAIN
  FOG


RELATIVE HUMIDITY (PERCENT)
 HIGHEST    93           100 AM
 LOWEST     84          1200 PM
 AVERAGE    89

..........................................................


THE ROME  CLIMATE NORMALS FOR TOMORROW
                         NORMAL    RECORD    YEAR
 MAXIMUM TEMPERATURE (F)   75        MM        MM
 MINIMUM TEMPERATURE (F)   49        MM        MM


SUNRISE AND SUNSET
APRIL 23 2017.........SUNRISE   659 AM EDT   SUNSET   819 PM EDT
APRIL 24 2017.........SUNRISE   658 AM EDT   SUNSET   820 PM EDT


-  INDICATES NEGATIVE NUMBERS.
R  INDICATES RECORD WAS SET OR TIED.
MM INDICATES DATA IS MISSING.
T  INDICATES TRACE AMOUNT.




$$
