000
CDUS42 KFFC 240819
CLIRMG


CLIMATE REPORT
NATIONAL WEATHER SERVICE PEACHTREE CITY GA
419 AM EDT SUN MAY 24 2015


...................................

...THE ROME  CLIMATE SUMMARY FOR MAY 23 2015...

CLIMATE NORMAL PERIOD 1981 TO 2010
CLIMATE RECORD PERIOD 9999 TO 9999


WEATHER ITEM   OBSERVED TIME   RECORD YEAR NORMAL DEPARTURE LAST
                VALUE   (LST)  VALUE       VALUE  FROM      YEAR
                                                  NORMAL
..................................................................
TEMPERATURE (F)
 YESTERDAY
  MAXIMUM         83    424 PM  MM      MM  83      0       90
  MINIMUM         48    537 AM  MM      MM  58    -10       63
  AVERAGE         66                        70     -4       77

PRECIPITATION (IN)
  YESTERDAY        0.00         MM      MM   0.12  -0.12     0.00
  MONTH TO DATE    1.29                      3.22  -1.93     2.73
  SINCE MAR 1      9.86                     12.22  -2.36    14.20
  SINCE JAN 1     17.94                     21.91  -3.97    21.88

DEGREE DAYS
 COOLING
  YESTERDAY        1                         6     -5       12
  MONTH TO DATE  135                        80     55       95
  SINCE MAR 1    189                       113     76      117
  SINCE JAN 1    189                       113     76      117
..................................................................


WIND (MPH)
  RESULTANT WIND SPEED   3   RESULTANT WIND DIRECTION   E (90)
  HIGHEST WIND SPEED    15   HIGHEST WIND DIRECTION    SE (130)
  HIGHEST GUST SPEED    19   HIGHEST GUST DIRECTION    SE (130)
  AVERAGE WIND SPEED     4.1


SKY COVER
  AVERAGE SKY COVER 0.0


WEATHER CONDITIONS
 THE FOLLOWING WEATHER WAS RECORDED YESTERDAY.
  NO SIGNIFICANT WEATHER WAS OBSERVED.


RELATIVE HUMIDITY (PERCENT)
 HIGHEST    93           300 AM
 LOWEST     33           400 PM
 AVERAGE    63

..........................................................


THE ROME  CLIMATE NORMALS FOR TODAY
                         NORMAL    RECORD    YEAR
 MAXIMUM TEMPERATURE (F)   83        MM        MM
 MINIMUM TEMPERATURE (F)   58        MM        MM


SUNRISE AND SUNSET
MAY 24 2015...........SUNRISE   633 AM EDT   SUNSET   842 PM EDT
MAY 25 2015...........SUNRISE   632 AM EDT   SUNSET   843 PM EDT


-  INDICATES NEGATIVE NUMBERS.
R  INDICATES RECORD WAS SET OR TIED.
MM INDICATES DATA IS MISSING.
T  INDICATES TRACE AMOUNT.




$$
