000
CDUS41 KRNK 231045
CLIRNK


CLIMATE REPORT
NATIONAL WEATHER SERVICE BLACKSBURG VA
538 AM EST TUE JAN 23 2018


...................................

...THE BLACKSBURG VA CLIMATE SUMMARY FOR JANUARY 22 2018...

CLIMATE NORMAL PERIOD 1981 TO 2010
CLIMATE RECORD PERIOD 1952 TO 2018


WEATHER ITEM   OBSERVED RECORD YEAR NORMAL DEPARTURE LAST
                VALUE   VALUE       VALUE  FROM      YEAR
                                           NORMAL
...........................................................
TEMPERATURE (F)
 YESTERDAY
  MAXIMUM         58     65    1959  42     16       51
  MINIMUM         31     -3    1970  21     10       46
  AVERAGE         45                 32     13       49

PRECIPITATION (IN)
  YESTERDAY        T      1.14 1959   0.10  -0.10     0.11
  MONTH TO DATE    0.70               2.21  -1.51     2.87
  SINCE DEC 1      1.34               5.16  -3.82     5.96
  SINCE JAN 1      0.70               2.21  -1.51     2.87

SNOWFALL (IN)
  YESTERDAY        0.0                                0.0
  MONTH TO DATE    2.1                                4.7
  SINCE DEC 1      5.9                                5.4
  SINCE JUL 1      5.9                                5.4
  SNOW DEPTH       0

DEGREE DAYS
 HEATING
  YESTERDAY       20                 33    -13       16
  MONTH TO DATE  844                747     97      580
  SINCE DEC 1   1799               1714     85     1460
  SINCE JUL 1   2789               2894   -105     2233

 COOLING
  YESTERDAY        0                  0      0        0
  MONTH TO DATE    0                  0      0        0
  SINCE DEC 1      0                  0      0        0
  SINCE JAN 1      0                  0      0        0
...........................................................


WIND (MPH)
  HIGHEST WIND SPEED    12   HIGHEST WIND DIRECTION     S (170)
  HIGHEST GUST SPEED    17   HIGHEST GUST DIRECTION     S (160)
  AVERAGE WIND SPEED     2.5


SKY COVER
  AVERAGE SKY COVER 0.4


WEATHER CONDITIONS
 THE FOLLOWING WEATHER WAS RECORDED YESTERDAY.
  LIGHT RAIN


RELATIVE HUMIDITY (PERCENT)
 HIGHEST    96           500 AM
 LOWEST     47           200 PM
 AVERAGE    72

..........................................................


THE BLACKSBURG VA CLIMATE NORMALS FOR TODAY
                         NORMAL    RECORD    YEAR
 MAXIMUM TEMPERATURE (F)   42        65      1967
 MINIMUM TEMPERATURE (F)   21        -1      1961


SUNRISE AND SUNSET
JANUARY 23 2018.......SUNRISE   731 AM EST   SUNSET   537 PM EST
JANUARY 24 2018.......SUNRISE   730 AM EST   SUNSET   538 PM EST


-  INDICATES NEGATIVE NUMBERS.
R  INDICATES RECORD WAS SET OR TIED.
MM INDICATES DATA IS MISSING.
T  INDICATES TRACE AMOUNT.

REMARKS:
DUE TO MISSING TEMPERATURES FROM SEPTEMBER 8-10...THE
HEATING DEGREE DAY AND DEPARTURE FROM NORMAL WILL BE
CALCULATED WITHOUT DATA FROM THESE DATES.

$$

RAB
