000
CDUS41 KRNK 231010
CLIRNK


CLIMATE REPORT
NATIONAL WEATHER SERVICE BLACKSBURG VA
506 AM EST SUN NOV 23 2014


...................................

...THE BLACKSBURG VA CLIMATE SUMMARY FOR NOVEMBER 22 2014...

CLIMATE NORMAL PERIOD 1981 TO 2010
CLIMATE RECORD PERIOD 1952 TO 2014


WEATHER ITEM   OBSERVED TIME   RECORD YEAR NORMAL DEPARTURE LAST
                VALUE   (LST)  VALUE       VALUE  FROM      YEAR
                                                  NORMAL
..................................................................
TEMPERATURE (F)
 YESTERDAY
  MAXIMUM         54    400 PM  70    2003  53      1       63
                                      1979
  MINIMUM         15    700 AM  13    1964  29    -14       44
  AVERAGE         35                        41     -6       54

PRECIPITATION (IN)
  YESTERDAY        0.00          0.95 1985   0.11  -0.11     0.02
  MONTH TO DATE    1.35                      2.08  -0.73     0.89
  SINCE SEP 1      9.50                      7.96   1.54     4.67
  SINCE JAN 1     35.27                     37.15  -1.88    44.22

SNOWFALL (IN)
  YESTERDAY        0.0
  MONTH TO DATE    T
  SINCE SEP 1      T
  SINCE JUL 1      T
  SNOW DEPTH       0

DEGREE DAYS
 HEATING
  YESTERDAY       30                        24      6       11
  MONTH TO DATE  584                       447    137      475
  SINCE SEP 1    983                       956     27      924
  SINCE JUL 1    994                       974     20      947

 COOLING
  YESTERDAY        0                         0      0        0
  MONTH TO DATE    0                         0      0        0
  SINCE SEP 1     79                        61     18       62
  SINCE JAN 1    609                       573     36      568
..................................................................


WIND (MPH)
  HIGHEST WIND SPEED     7   HIGHEST WIND DIRECTION     S (190)
  HIGHEST GUST SPEED    MM   HIGHEST GUST DIRECTION    MM
  AVERAGE WIND SPEED     1.2


SKY COVER
  POSSIBLE SUNSHINE  MM
  AVERAGE SKY COVER 0.0


WEATHER CONDITIONS
 THE FOLLOWING WEATHER WAS RECORDED YESTERDAY.
  NO SIGNIFICANT WEATHER WAS OBSERVED.


RELATIVE HUMIDITY (PERCENT)
 HIGHEST    92           500 AM
 LOWEST     28           400 PM
 AVERAGE    60

..........................................................


THE BLACKSBURG VA CLIMATE NORMALS FOR TODAY
                         NORMAL    RECORD    YEAR
 MAXIMUM TEMPERATURE (F)   52        68      2003
                                             1983
 MINIMUM TEMPERATURE (F)   29        10      1971


SUNRISE AND SUNSET
NOVEMBER 23 2014......SUNRISE   709 AM EST   SUNSET   507 PM EST
NOVEMBER 24 2014......SUNRISE   710 AM EST   SUNSET   507 PM EST


-  INDICATES NEGATIVE NUMBERS.
R  INDICATES RECORD WAS SET OR TIED.
MM INDICATES DATA IS MISSING.
T  INDICATES TRACE AMOUNT.




$$
