000
CDUS41 KRNK 280607
CLIRNK


CLIMATE REPORT
NATIONAL WEATHER SERVICE BLACKSBURG VA
206 AM EDT WED SEP 28 2016


...................................

...THE BLACKSBURG VA CLIMATE SUMMARY FOR SEPTEMBER 27 2016...

CLIMATE NORMAL PERIOD 1981 TO 2010
CLIMATE RECORD PERIOD 1952 TO 2016


WEATHER ITEM   OBSERVED RECORD YEAR NORMAL DEPARTURE LAST
                VALUE   VALUE       VALUE  FROM      YEAR
                                           NORMAL
...........................................................
TEMPERATURE (F)
 YESTERDAY
  MAXIMUM         77     85    1998  71      6       62
  MINIMUM         52     37    2001  46      6       56
  AVERAGE         65                 59      6       59

PRECIPITATION (IN)
  YESTERDAY        0.54   2.21 1956   0.10   0.44     0.98
  MONTH TO DATE    2.77               2.79  -0.02     4.12
  SINCE SEP 1      2.77               2.79  -0.02     4.12
  SINCE JAN 1     31.44              31.98  -0.54    31.48

SNOWFALL (IN)
  YESTERDAY        0.0                                0.0
  MONTH TO DATE    0.0                                0.0
  SINCE SEP 1      0.0                                0.0
  SINCE JUL 1      0.0                                 T
  SNOW DEPTH       0

DEGREE DAYS
 HEATING
  YESTERDAY        0                  7     -7        6
  MONTH TO DATE    0                 89    -89       60
  SINCE SEP 1      0                 89    -89       60
  SINCE JUL 1      0                107   -107       61

 COOLING
  YESTERDAY        0                  1     -1        0
  MONTH TO DATE  132                 56     76       81
  SINCE SEP 1    132                 56     76       81
  SINCE JAN 1    909                568    341      808
...........................................................


WIND (MPH)
  HIGHEST WIND SPEED     8   HIGHEST WIND DIRECTION    NW (320)
  HIGHEST GUST SPEED    MM   HIGHEST GUST DIRECTION    MM
  AVERAGE WIND SPEED     2.2


SKY COVER
  AVERAGE SKY COVER 0.6


WEATHER CONDITIONS
 THE FOLLOWING WEATHER WAS RECORDED YESTERDAY.
  HEAVY RAIN
  RAIN
  LIGHT RAIN
  FOG


RELATIVE HUMIDITY (PERCENT)
 HIGHEST   100          1200 AM
 LOWEST     49           500 PM
 AVERAGE    75

..........................................................


THE BLACKSBURG VA CLIMATE NORMALS FOR TODAY
                         NORMAL    RECORD    YEAR
 MAXIMUM TEMPERATURE (F)   71        85      1998
 MINIMUM TEMPERATURE (F)   46        34      1991


SUNRISE AND SUNSET
SEPTEMBER 28 2016.....SUNRISE   715 AM EDT   SUNSET   709 PM EDT
SEPTEMBER 29 2016.....SUNRISE   716 AM EDT   SUNSET   707 PM EDT


-  INDICATES NEGATIVE NUMBERS.
R  INDICATES RECORD WAS SET OR TIED.
MM INDICATES DATA IS MISSING.
T  INDICATES TRACE AMOUNT.




$$
