000
CDUS41 KRNK 130659
CLIRNK


CLIMATE REPORT
NATIONAL WEATHER SERVICE BLACKSBURG VA
153 AM EST SAT FEB 13 2016


...................................

...THE BLACKSBURG VA CLIMATE SUMMARY FOR FEBRUARY 12 2016...

CLIMATE NORMAL PERIOD 1981 TO 2010
CLIMATE RECORD PERIOD 1952 TO 2016


WEATHER ITEM   OBSERVED RECORD YEAR NORMAL DEPARTURE LAST
                VALUE   VALUE       VALUE  FROM      YEAR
                                           NORMAL
...........................................................
TEMPERATURE (F)
 YESTERDAY
  MAXIMUM         30     65    1999  44    -14       36
  MINIMUM         16     -2    1981  23     -7       15
  AVERAGE         23                 34    -11       26

PRECIPITATION (IN)
  YESTERDAY        T      0.97 2014   0.10  -0.10     0.01
  MONTH TO DATE    1.32               1.20   0.12     0.38
  SINCE DEC 1      8.78               7.23   1.55     4.33
  SINCE JAN 1      3.76               4.28  -0.52     1.68

SNOWFALL (IN)
  YESTERDAY        T                                  0.2
  MONTH TO DATE    0.8                                0.2
  SINCE DEC 1     15.0                                1.8
  SINCE JUL 1     15.0                                4.2
  SNOW DEPTH       T

DEGREE DAYS
 HEATING
  YESTERDAY       42                 31     11       39
  MONTH TO DATE  397                386     11      350
  SINCE DEC 1   2056               2393   -337     2208
  SINCE JUL 1   2944               3573   -629     3401

 COOLING
  YESTERDAY        0                  0      0        0
  MONTH TO DATE    0                  0      0        0
  SINCE DEC 1      0                  0      0        0
  SINCE JAN 1      0                  0      0        0
...........................................................


WIND (MPH)
  HIGHEST WIND SPEED    22   HIGHEST WIND DIRECTION     W (290)
  HIGHEST GUST SPEED    30   HIGHEST GUST DIRECTION     W (290)
  AVERAGE WIND SPEED     5.4


SKY COVER
  AVERAGE SKY COVER 0.9


WEATHER CONDITIONS
 THE FOLLOWING WEATHER WAS RECORDED YESTERDAY.
  LIGHT SNOW


RELATIVE HUMIDITY (PERCENT)
 HIGHEST    81           500 PM
 LOWEST     55          1200 PM
 AVERAGE    68

..........................................................


THE BLACKSBURG VA CLIMATE NORMALS FOR TODAY
                         NORMAL    RECORD    YEAR
 MAXIMUM TEMPERATURE (F)   44        66      1999
 MINIMUM TEMPERATURE (F)   23        -4      1969


SUNRISE AND SUNSET
FEBRUARY 13 2016......SUNRISE   713 AM EST   SUNSET   559 PM EST
FEBRUARY 14 2016......SUNRISE   712 AM EST   SUNSET   600 PM EST


-  INDICATES NEGATIVE NUMBERS.
R  INDICATES RECORD WAS SET OR TIED.
MM INDICATES DATA IS MISSING.
T  INDICATES TRACE AMOUNT.

$$
