000
CDUS41 KRNK 302113
CLIRNK


CLIMATE REPORT
NATIONAL WEATHER SERVICE BLACKSBURG VA
513 PM EDT TUE AUG 30 2016


...................................

...THE BLACKSBURG VA CLIMATE SUMMARY FOR AUGUST 30 2016...
VALID TODAY AS OF 0500 PM LOCAL TIME.

CLIMATE NORMAL PERIOD 1981 TO 2010
CLIMATE RECORD PERIOD 1952 TO 2016


WEATHER ITEM   OBSERVED RECORD YEAR NORMAL DEPARTURE LAST
                VALUE   VALUE       VALUE  FROM      YEAR
                                           NORMAL
...........................................................
TEMPERATURE (F)
 TODAY
  MAXIMUM         84     94    1953  80      4       80
  MINIMUM         62     38    1986  57      5       60
  AVERAGE         73                 68      5       70

PRECIPITATION (IN)
  TODAY            0.01   0.58 2001   0.11  -0.10      T
  MONTH TO DATE    4.16               3.49   0.67     4.08
  SINCE JUN 1     12.30              11.75   0.55    11.82
  SINCE JAN 1     28.32              29.09  -0.77    27.35

SNOWFALL (IN)
  TODAY            0.0                                0.0
  MONTH TO DATE    0.0                                0.0
  SINCE JUN 1      0.0                                 T
  SINCE JUL 1      0.0                                 T
  SNOW DEPTH       0

DEGREE DAYS
 HEATING
  TODAY            0                  1     -1        0
  MONTH TO DATE    0                  5     -5        1
  SINCE JUN 1     12                 49    -37       12
  SINCE JUL 1      0                 11    -11        1

 COOLING
  TODAY            8                  4      4        5
  MONTH TO DATE  261                165     96      185
  SINCE JUN 1    718                480    238      643
  SINCE JAN 1    764                509    255      719
...........................................................


WIND (MPH)
  HIGHEST WIND SPEED     8   HIGHEST WIND DIRECTION    NE (60)
  HIGHEST GUST SPEED    MM   HIGHEST GUST DIRECTION    MM
  AVERAGE WIND SPEED     1.8


SKY COVER
  AVERAGE SKY COVER 0.4


WEATHER CONDITIONS
 THE FOLLOWING WEATHER WAS RECORDED TODAY.
  LIGHT RAIN
  FOG


RELATIVE HUMIDITY (PERCENT)
 HIGHEST   100           400 AM
 LOWEST     63          1200 PM
 AVERAGE    82

..........................................................


THE BLACKSBURG VA CLIMATE NORMALS FOR TOMORROW
                         NORMAL    RECORD    YEAR
 MAXIMUM TEMPERATURE (F)   80        95      1953
 MINIMUM TEMPERATURE (F)   57        39      1986


SUNRISE AND SUNSET
AUGUST 30 2016........SUNRISE   651 AM EDT   SUNSET   753 PM EDT
AUGUST 31 2016........SUNRISE   652 AM EDT   SUNSET   751 PM EDT


-  INDICATES NEGATIVE NUMBERS.
R  INDICATES RECORD WAS SET OR TIED.
MM INDICATES DATA IS MISSING.
T  INDICATES TRACE AMOUNT.




$$
