760
CDUS41 KRNK 222217
CLIRNK


CLIMATE REPORT
NATIONAL WEATHER SERVICE BLACKSBURG VA
515 PM EST WED FEB 22 2017


...................................

...THE BLACKSBURG VA CLIMATE SUMMARY FOR FEBRUARY 22 2017...
VALID TODAY AS OF 0500 PM LOCAL TIME.

CLIMATE NORMAL PERIOD 1981 TO 2010
CLIMATE RECORD PERIOD 1952 TO 2017


WEATHER ITEM   OBSERVED RECORD YEAR NORMAL DEPARTURE LAST
                VALUE   VALUE       VALUE  FROM      YEAR
                                           NORMAL
...........................................................
TEMPERATURE (F)
 TODAY
  MAXIMUM         50     65    1980  47      3       50
  MINIMUM         44     -3    1963  25     19       39
  AVERAGE         47                 36     11       45

PRECIPITATION (IN)
  TODAY            0.19   2.26 2003   0.10   0.09     0.04
  MONTH TO DATE    0.80               2.22  -1.42     3.46
  SINCE DEC 1      8.39               8.25   0.14    10.92
  SINCE JAN 1      5.30               5.30   0.00     5.90

SNOWFALL (IN)
  TODAY            0.0                                0.0
  MONTH TO DATE    T                                  9.8
  SINCE DEC 1      6.6                               24.0
  SINCE JUL 1      6.6                               24.0
  SNOW DEPTH       0

DEGREE DAYS
 HEATING
  TODAY           18                 29    -11       20
  MONTH TO DATE  498                689   -191      718
  SINCE DEC 1   2206               2696   -490     2377
  SINCE JUL 1   2979               3876   -897     3265

 COOLING
  TODAY            0                  0      0        0
  MONTH TO DATE    0                  0      0        0
  SINCE DEC 1      0                  0      0        0
  SINCE JAN 1      0                  0      0        0
...........................................................


WIND (MPH)
  HIGHEST WIND SPEED     3   HIGHEST WIND DIRECTION    NW (330)
  HIGHEST GUST SPEED    MM   HIGHEST GUST DIRECTION    MM
  AVERAGE WIND SPEED     0.2


SKY COVER
  AVERAGE SKY COVER 0.9


WEATHER CONDITIONS
 THE FOLLOWING WEATHER WAS RECORDED TODAY.
  RAIN
  LIGHT RAIN


RELATIVE HUMIDITY (PERCENT)
 HIGHEST   100           200 PM
 LOWEST     74           400 AM
 AVERAGE    87

..........................................................


THE BLACKSBURG VA CLIMATE NORMALS FOR TOMORROW
                         NORMAL    RECORD    YEAR
 MAXIMUM TEMPERATURE (F)   47        69      1980
 MINIMUM TEMPERATURE (F)   25        -1      1963


SUNRISE AND SUNSET
FEBRUARY 22 2017......SUNRISE   702 AM EST   SUNSET   609 PM EST
FEBRUARY 23 2017......SUNRISE   700 AM EST   SUNSET   610 PM EST


-  INDICATES NEGATIVE NUMBERS.
R  INDICATES RECORD WAS SET OR TIED.
MM INDICATES DATA IS MISSING.
T  INDICATES TRACE AMOUNT.




$$
