000
CDUS41 KRNK 170916
CLIRNK


CLIMATE REPORT
NATIONAL WEATHER SERVICE BLACKSBURG VA
513 AM EDT WED SEP 17 2014


...................................

...THE BLACKSBURG VA CLIMATE SUMMARY FOR SEPTEMBER 16 2014...

CLIMATE NORMAL PERIOD 1981 TO 2010
CLIMATE RECORD PERIOD 1952 TO 2014


WEATHER ITEM   OBSERVED TIME   RECORD YEAR NORMAL DEPARTURE LAST
                VALUE   (LST)  VALUE       VALUE  FROM      YEAR
                                                  NORMAL
..................................................................
TEMPERATURE (F)
 YESTERDAY
  MAXIMUM         73    500 PM  91    1998  75     -2       71
  MINIMUM         58   1100 PM  35    1985  51      7       48
  AVERAGE         66                        63      3       60

PRECIPITATION (IN)
  YESTERDAY        0.00          2.19 1989   0.11  -0.11      T
  MONTH TO DATE    3.43                      1.67   1.76     0.03
  SINCE SEP 1      3.43                      1.67   1.76     0.03
  SINCE JAN 1     29.20                     30.86  -1.66    39.58

SNOWFALL (IN)
  YESTERDAY        0.0
  MONTH TO DATE    0.0
  SINCE SEP 1      0.0
  SINCE JUL 1      0.0
  SNOW DEPTH       0

DEGREE DAYS
 HEATING
  YESTERDAY        0                         3     -3        5
  MONTH TO DATE   14                        30    -16       26
  SINCE SEP 1     14                        30    -16       26
  SINCE JUL 1     25                        48    -23       49

 COOLING
  YESTERDAY        1                         2     -1        0
  MONTH TO DATE   75                        45     30       52
  SINCE SEP 1     75                        45     30       52
  SINCE JAN 1    605                       557     48      558
..................................................................


WIND (MPH)
  HIGHEST WIND SPEED    10   HIGHEST WIND DIRECTION    NW (320)
  HIGHEST GUST SPEED    MM   HIGHEST GUST DIRECTION    MM
  AVERAGE WIND SPEED     4.7


SKY COVER
  POSSIBLE SUNSHINE  MM
  AVERAGE SKY COVER 0.5


WEATHER CONDITIONS
 THE FOLLOWING WEATHER WAS RECORDED YESTERDAY.
  FOG


RELATIVE HUMIDITY (PERCENT)
 HIGHEST   100          1200 AM
 LOWEST     68           500 PM
 AVERAGE    84

..........................................................


THE BLACKSBURG VA CLIMATE NORMALS FOR TODAY
                         NORMAL    RECORD    YEAR
 MAXIMUM TEMPERATURE (F)   75        92      1991
 MINIMUM TEMPERATURE (F)   51        33      2000


SUNRISE AND SUNSET
SEPTEMBER 17 2014.....SUNRISE   705 AM EDT   SUNSET   726 PM EDT
SEPTEMBER 18 2014.....SUNRISE   706 AM EDT   SUNSET   725 PM EDT


-  INDICATES NEGATIVE NUMBERS.
R  INDICATES RECORD WAS SET OR TIED.
MM INDICATES DATA IS MISSING.
T  INDICATES TRACE AMOUNT.



$$
