000
CDUS41 KRNK 222126
CLIRNK


CLIMATE REPORT
NATIONAL WEATHER SERVICE BLACKSBURG VA
525 PM EDT SUN OCT 22 2017


...................................

...THE BLACKSBURG VA CLIMATE SUMMARY FOR OCTOBER 22 2017...
VALID TODAY AS OF 0500 PM LOCAL TIME.

CLIMATE NORMAL PERIOD 1981 TO 2010
CLIMATE RECORD PERIOD 1952 TO 2017


WEATHER ITEM   OBSERVED RECORD YEAR NORMAL DEPARTURE LAST
                VALUE   VALUE       VALUE  FROM      YEAR
                                           NORMAL
...........................................................
TEMPERATURE (F)
 TODAY
  MAXIMUM         72     79    1979  64      8       50
  MINIMUM         45     20    1974  37      8       42
  AVERAGE         59                 51      8       46

PRECIPITATION (IN)
  TODAY            0.00   0.92 1965   0.09  -0.09      T
  MONTH TO DATE    3.69               1.96   1.73     2.15
  SINCE SEP 1      5.14               5.06   0.08     8.86
  SINCE JAN 1     35.10              34.25   0.85    37.53

SNOWFALL (IN)
  TODAY            0.0                                0.0
  MONTH TO DATE    0.0                                0.0
  SINCE SEP 1      0.0                                0.0
  SINCE JUL 1      0.0                                0.0
  SNOW DEPTH       0

DEGREE DAYS
 HEATING
  TODAY            6                 14     -8       19
  MONTH TO DATE  122                254   -132      139
  SINCE SEP 1    192                367   -175      146
  SINCE JUL 1    201                385   -184      146

 COOLING
  TODAY            0                  0      0        0
  MONTH TO DATE   35                  1     34        5
  SINCE SEP 1     96                 58     38      137
  SINCE JAN 1    632                570     62      914
...........................................................


WIND (MPH)
  HIGHEST WIND SPEED    12   HIGHEST WIND DIRECTION     E (110)
  HIGHEST GUST SPEED    16   HIGHEST GUST DIRECTION    SE (120)
  AVERAGE WIND SPEED     2.7


SKY COVER
  AVERAGE SKY COVER 0.0


WEATHER CONDITIONS
 THE FOLLOWING WEATHER WAS RECORDED TODAY.
  NO SIGNIFICANT WEATHER WAS OBSERVED.


RELATIVE HUMIDITY (PERCENT)
 HIGHEST   100           300 AM
 LOWEST     44           100 PM
 AVERAGE    72

..........................................................


THE BLACKSBURG VA CLIMATE NORMALS FOR TOMORROW
                         NORMAL    RECORD    YEAR
 MAXIMUM TEMPERATURE (F)   64        79      2015
 MINIMUM TEMPERATURE (F)   37        18      1997


SUNRISE AND SUNSET
OCTOBER 22 2017.......SUNRISE   736 AM EDT   SUNSET   635 PM EDT
OCTOBER 23 2017.......SUNRISE   737 AM EDT   SUNSET   634 PM EDT


-  INDICATES NEGATIVE NUMBERS.
R  INDICATES RECORD WAS SET OR TIED.
MM INDICATES DATA IS MISSING.
T  INDICATES TRACE AMOUNT.


REMARKS:
DUE TO MISSING TEMPERATURES ON SEPTEMBER 8-10...ALL TEMPERATURE AND
DEGREE DAY INFORMATION WILL BE CALCULATED WITHOUT DATA FROM THESE
DATES.

$$
