000
CDUS46 KSGX 310017
CLIRNM


CLIMATE REPORT
NATIONAL WEATHER SERVICE SAN DIEGO, CA
517 PM PDT SUN AUG 30 2015


...................................

...THE RAMONA AIRPORT CA CLIMATE SUMMARY FOR AUGUST 30 2015...
VALID TODAY AS OF 0500 PM LOCAL TIME.

CLIMATE NORMAL PERIOD 1981 TO 2010
CLIMATE RECORD PERIOD 1974 TO 2015


WEATHER ITEM   OBSERVED TIME   RECORD YEAR NORMAL DEPARTURE LAST
                VALUE   (LST)  VALUE       VALUE  FROM      YEAR
                                                  NORMAL
..................................................................
TEMPERATURE (F)
 TODAY
  MAXIMUM         93   1211 PM 105    1976  91      2       97
  MINIMUM         61    507 AM  44    1974  57      4       54
  AVERAGE         77                        74      3       76

PRECIPITATION (IN)
  TODAY            0.00          0.02 2005   0.00   0.00     0.00
                                      2005
                                      2008
  MONTH TO DATE    T                         0.14  -0.14     0.25
  SINCE OCT 1     12.02                     15.74  -3.72     8.17
  SINCE JAN 1      7.42                     11.60  -4.18     5.50

DEGREE DAYS
 HEATING
  TODAY            0                         0      0        0
  MONTH TO DATE    0                         0      0        0
  SINCE JUN 1      8                        29    -21        7
  SINCE JUL 1      0                         2     -2        0

 COOLING
  TODAY           12                         9      3       11
  MONTH TO DATE  324                       269     55      266
  SINCE JUN 1    737                       577    160      645
  SINCE JAN 1    772                       604    168      728
..................................................................


WIND (MPH)
  RESULTANT WIND SPEED   5   RESULTANT WIND DIRECTION   W (280)
  HIGHEST WIND SPEED    17   HIGHEST WIND DIRECTION     W (270)
  HIGHEST GUST SPEED    23   HIGHEST GUST DIRECTION     W (270)
  AVERAGE WIND SPEED     5.5


SKY COVER
  POSSIBLE SUNSHINE  MM
  AVERAGE SKY COVER 0.0


WEATHER CONDITIONS
 THE FOLLOWING WEATHER WAS RECORDED TODAY.
  NO SIGNIFICANT WEATHER WAS OBSERVED.


RELATIVE HUMIDITY (PERCENT)
 HIGHEST    67           300 AM
 LOWEST     32          1200 PM
 AVERAGE    50

..........................................................


THE RAMONA AIRPORT CA CLIMATE NORMALS FOR TOMORROW
                         NORMAL    RECORD    YEAR
 MAXIMUM TEMPERATURE (F)   90       104      2007
 MINIMUM TEMPERATURE (F)   57        44      2005


SUNRISE AND SUNSET
AUGUST 30 2015........SUNRISE   621 AM PDT   SUNSET   715 PM PDT
AUGUST 31 2015........SUNRISE   621 AM PDT   SUNSET   714 PM PDT


-  INDICATES NEGATIVE NUMBERS.
R  INDICATES RECORD WAS SET OR TIED.
MM INDICATES DATA IS MISSING.
T  INDICATES TRACE AMOUNT.




$$
