000
CDUS46 KSGX 270017
CLIRNM


CLIMATE REPORT
NATIONAL WEATHER SERVICE SAN DIEGO, CA
517 PM PDT FRI AUG 26 2016


...................................

...THE RAMONA AIRPORT CA CLIMATE SUMMARY FOR AUGUST 26 2016...
VALID TODAY AS OF 0500 PM LOCAL TIME.

CLIMATE NORMAL PERIOD 1981 TO 2010
CLIMATE RECORD PERIOD 1974 TO 2016


WEATHER ITEM   OBSERVED TIME   RECORD YEAR NORMAL DEPARTURE LAST
                VALUE   (LST)  VALUE       VALUE  FROM      YEAR
                                                  NORMAL
..................................................................
TEMPERATURE (F)
 TODAY
  MAXIMUM         82    145 PM 104    1985  91     -9       96
  MINIMUM         58    109 AM  44    1978  57      1       64
  AVERAGE         70                        74     -4       80

PRECIPITATION (IN)
  TODAY            0.00          0.05 2007   0.01  -0.01     0.00
  MONTH TO DATE    0.00                      0.12  -0.12      T
  SINCE OCT 1     13.19                     15.72  -2.53    12.02
  SINCE JAN 1      9.66                     11.58  -1.92     7.42

DEGREE DAYS
 HEATING
  TODAY            0                         0      0        0
  MONTH TO DATE    0                         0      0        0
  SINCE JUN 1      4                        29    -25        8
  SINCE JUL 1      0                         2     -2        0

 COOLING
  TODAY            5                         9     -4       15
  MONTH TO DATE  247                       233     14      263
  SINCE JUN 1    734                       541    193      676
  SINCE JAN 1    746                       568    178      711
..................................................................


WIND (MPH)
  RESULTANT WIND SPEED   3   RESULTANT WIND DIRECTION   W (280)
  HIGHEST WIND SPEED    15   HIGHEST WIND DIRECTION     W (270)
  HIGHEST GUST SPEED    22   HIGHEST GUST DIRECTION     W (260)
  AVERAGE WIND SPEED     5.0


SKY COVER
  POSSIBLE SUNSHINE  MM
  AVERAGE SKY COVER 0.5


WEATHER CONDITIONS
 THE FOLLOWING WEATHER WAS RECORDED TODAY.
  FOG
  HAZE


RELATIVE HUMIDITY (PERCENT)
 HIGHEST   100           100 AM
 LOWEST     42           100 PM
 AVERAGE    71

..........................................................


THE RAMONA AIRPORT CA CLIMATE NORMALS FOR TOMORROW
                         NORMAL    RECORD    YEAR
 MAXIMUM TEMPERATURE (F)   91       105      2009
 MINIMUM TEMPERATURE (F)   57        43      1978


SUNRISE AND SUNSET
AUGUST 26 2016........SUNRISE   619 AM PDT   SUNSET   719 PM PDT
AUGUST 27 2016........SUNRISE   619 AM PDT   SUNSET   718 PM PDT


-  INDICATES NEGATIVE NUMBERS.
R  INDICATES RECORD WAS SET OR TIED.
MM INDICATES DATA IS MISSING.
T  INDICATES TRACE AMOUNT.




$$
