000
CDUS46 KSGX 160016
CLIRNM


CLIMATE REPORT
NATIONAL WEATHER SERVICE SAN DIEGO, CA
516 PM PDT MON SEP 15 2014


...................................

...THE RAMONA AIRPORT CA CLIMATE SUMMARY FOR SEPTEMBER 15 2014...
VALID TODAY AS OF 0500 PM LOCAL TIME.

CLIMATE NORMAL PERIOD 1981 TO 2010
CLIMATE RECORD PERIOD 1974 TO 2014


WEATHER ITEM   OBSERVED TIME   RECORD YEAR NORMAL DEPARTURE LAST
                VALUE   (LST)  VALUE       VALUE  FROM      YEAR
                                                  NORMAL
..................................................................
TEMPERATURE (F)
 TODAY
  MAXIMUM        103R  1227 PM 101    2012  87     16       97
  MINIMUM         66    441 AM  43    1974  54     12       55
  AVERAGE         85                        71     14       76

PRECIPITATION (IN)
  TODAY            0.00          0.04 1997   0.01  -0.01     0.00
  MONTH TO DATE    0.00                      0.16  -0.16     0.00
  SINCE JUL 1      0.41                      0.44  -0.03     0.09
  SINCE JAN 1      5.50                     11.77  -6.27     4.59

SNOWFALL (IN)
  TODAY            0.0
  MONTH TO DATE    0.0
  SINCE JAN 1      0.0
  SINCE JUL 1      0.0
  SNOW DEPTH       0

DEGREE DAYS
 HEATING
  TODAY            0                         0      0        0
  MONTH TO DATE    0                         0      0        0
  SINCE SEP 1      0                         0      0        0
  SINCE JUL 1      0                         3     -3        1

 COOLING
  TODAY           20                         6     14       11
  MONTH TO DATE  187                       111     76      188
  SINCE SEP 1    187                       111     76      188
  SINCE JAN 1    926                       724    202      852
..................................................................


WIND (MPH)
  RESULTANT WIND SPEED   5   RESULTANT WIND DIRECTION   W (290)
  HIGHEST WIND SPEED    16   HIGHEST WIND DIRECTION     W (290)
  HIGHEST GUST SPEED    22   HIGHEST GUST DIRECTION     W (280)
  AVERAGE WIND SPEED     6.6


SKY COVER
  POSSIBLE SUNSHINE  MM
  AVERAGE SKY COVER 0.1


WEATHER CONDITIONS
 THE FOLLOWING WEATHER WAS RECORDED TODAY.
  NO SIGNIFICANT WEATHER WAS OBSERVED.


RELATIVE HUMIDITY (PERCENT)
 HIGHEST    63           300 AM
 LOWEST     20           100 PM
 AVERAGE    42

..........................................................


THE RAMONA AIRPORT CA CLIMATE NORMALS FOR TOMORROW
                         NORMAL    RECORD    YEAR
 MAXIMUM TEMPERATURE (F)   87       102      2000
 MINIMUM TEMPERATURE (F)   54        43      2007


SUNRISE AND SUNSET
SEPTEMBER 15 2014.....SUNRISE   631 AM PDT   SUNSET   654 PM PDT
SEPTEMBER 16 2014.....SUNRISE   632 AM PDT   SUNSET   652 PM PDT


-  INDICATES NEGATIVE NUMBERS.
R  INDICATES RECORD WAS SET OR TIED.
MM INDICATES DATA IS MISSING.
T  INDICATES TRACE AMOUNT.




$$
