000
CDUS46 KSGX 300018
CLIRNM


CLIMATE REPORT
NATIONAL WEATHER SERVICE SAN DIEGO, CA
518 PM PDT FRI MAY 29 2015


...................................

...THE RAMONA AIRPORT CA CLIMATE SUMMARY FOR MAY 29 2015...
VALID TODAY AS OF 0500 PM LOCAL TIME.

CLIMATE NORMAL PERIOD 1981 TO 2010
CLIMATE RECORD PERIOD 1974 TO 2015


WEATHER ITEM   OBSERVED TIME   RECORD YEAR NORMAL DEPARTURE LAST
                VALUE   (LST)  VALUE       VALUE  FROM      YEAR
                                                  NORMAL
..................................................................
TEMPERATURE (F)
 TODAY
  MAXIMUM         84   1239 PM 102    1984  78      6       83
  MINIMUM         52    548 AM  41    2010  49      3       54
                                      2006
  AVERAGE         68                        64      4       69

PRECIPITATION (IN)
  TODAY            0.00          0.18 1988   0.00   0.00     0.00
  MONTH TO DATE    1.48                      0.30   1.18      T
  SINCE OCT 1      9.41                     15.35  -5.94     7.76
  SINCE JAN 1      4.81                     11.21  -6.40     5.09

SNOWFALL (IN)
  TODAY            0.0
  MONTH TO DATE    0.0
  SINCE MAR 1      0.0
  SINCE JUL 1      0.0
  SNOW DEPTH       0

DEGREE DAYS
 HEATING
  TODAY            0                         3     -3        0
  MONTH TO DATE  149                       128     21       68
  SINCE MAR 1    537                       779   -242      509
  SINCE JUL 1   1721                      2520   -799     1930

 COOLING
  TODAY            3                         1      2        4
  MONTH TO DATE   11                        17     -6       70
  SINCE MAR 1     30                        21      9       79
  SINCE JAN 1     32                        22     10       79
..................................................................


WIND (MPH)
  RESULTANT WIND SPEED   4   RESULTANT WIND DIRECTION  NW (300)
  HIGHEST WIND SPEED    15   HIGHEST WIND DIRECTION     W (280)
  HIGHEST GUST SPEED    21   HIGHEST GUST DIRECTION     W (250)
  AVERAGE WIND SPEED     5.3


SKY COVER
  POSSIBLE SUNSHINE  MM
  AVERAGE SKY COVER 0.5


WEATHER CONDITIONS
 THE FOLLOWING WEATHER WAS RECORDED TODAY.
  FOG
  FOG W/VISIBILITY <= 1/4 MILE


RELATIVE HUMIDITY (PERCENT)
 HIGHEST   100           100 AM
 LOWEST     42          1100 AM
 AVERAGE    71

..........................................................


THE RAMONA AIRPORT CA CLIMATE NORMALS FOR TOMORROW
                         NORMAL    RECORD    YEAR
 MAXIMUM TEMPERATURE (F)   78       107      1984
 MINIMUM TEMPERATURE (F)   49        35      2011


SUNRISE AND SUNSET
MAY 29 2015...........SUNRISE   541 AM PDT   SUNSET   750 PM PDT
MAY 30 2015...........SUNRISE   541 AM PDT   SUNSET   750 PM PDT


-  INDICATES NEGATIVE NUMBERS.
R  INDICATES RECORD WAS SET OR TIED.
MM INDICATES DATA IS MISSING.
T  INDICATES TRACE AMOUNT.




$$
