000
CDUS46 KSGX 241130
CLIRNM


CLIMATE REPORT
NATIONAL WEATHER SERVICE SAN DIEGO, CA
430 AM PDT WED MAY 24 2017


...................................

...THE RAMONA AIRPORT CA CLIMATE SUMMARY FOR MAY 23 2017...

CLIMATE NORMAL PERIOD 1981 TO 2010
CLIMATE RECORD PERIOD 1974 TO 2017


WEATHER ITEM   OBSERVED TIME   RECORD YEAR NORMAL DEPARTURE LAST
                VALUE   (LST)  VALUE       VALUE  FROM      YEAR
                                                  NORMAL
..................................................................
TEMPERATURE (F)
 YESTERDAY
  MAXIMUM         92   1009 AM  94    2001  77     15       70
  MINIMUM         51    453 AM  38    1975  49      2       40
  AVERAGE         72                        63      9       55

PRECIPITATION (IN)
  YESTERDAY        0.00          0.36 2008   0.00   0.00     0.00
  MONTH TO DATE    1.14                      0.29   0.85     0.25
  SINCE OCT 1     22.72                     15.34   7.38    13.19
  SINCE JAN 1     15.70                     11.20   4.50     9.66

DEGREE DAYS
 HEATING
  YESTERDAY        0                         3     -3       10
  MONTH TO DATE   90                       110    -20      111
  SINCE MAR 1    464                       761   -297      621
  SINCE JUL 1   1899                      2502   -603     2124

 COOLING
  YESTERDAY        7                         1      6        0
  MONTH TO DATE   34                        11     23        6
  SINCE MAR 1     46                        15     31        7
  SINCE JAN 1     46                        16     30       12
..................................................................


WIND (MPH)
  RESULTANT WIND SPEED   3   RESULTANT WIND DIRECTION  NW (300)
  HIGHEST WIND SPEED    16   HIGHEST WIND DIRECTION    NW (310)
  HIGHEST GUST SPEED    20   HIGHEST GUST DIRECTION    NW (300)
  AVERAGE WIND SPEED     4.3


SKY COVER
  POSSIBLE SUNSHINE  MM
  AVERAGE SKY COVER 0.0


WEATHER CONDITIONS
 THE FOLLOWING WEATHER WAS RECORDED YESTERDAY.
  NO SIGNIFICANT WEATHER WAS OBSERVED.


RELATIVE HUMIDITY (PERCENT)
 HIGHEST   100           400 AM
 LOWEST     21          1000 AM
 AVERAGE    61

..........................................................


THE RAMONA AIRPORT CA CLIMATE NORMALS FOR TODAY
                         NORMAL    RECORD    YEAR
 MAXIMUM TEMPERATURE (F)   77        87      1979
 MINIMUM TEMPERATURE (F)   49        37      2010


SUNRISE AND SUNSET
MAY 24 2017...........SUNRISE   543 AM PDT   SUNSET   747 PM PDT
MAY 25 2017...........SUNRISE   542 AM PDT   SUNSET   747 PM PDT


-  INDICATES NEGATIVE NUMBERS.
R  INDICATES RECORD WAS SET OR TIED.
MM INDICATES DATA IS MISSING.
T  INDICATES TRACE AMOUNT.




$$
