000
CDUS46 KSGX 181140
CLIRNM


CLIMATE REPORT
NATIONAL WEATHER SERVICE SAN DIEGO, CA
430 AM PDT WED OCT 18 2017


...................................

...THE RAMONA AIRPORT CA CLIMATE SUMMARY FOR OCTOBER 17 2017...

CLIMATE NORMAL PERIOD 1981 TO 2010
CLIMATE RECORD PERIOD 1974 TO 2017


WEATHER ITEM   OBSERVED TIME   RECORD YEAR NORMAL DEPARTURE LAST
                VALUE   (LST)  VALUE       VALUE  FROM      YEAR
                                                  NORMAL
..................................................................
TEMPERATURE (F)
 YESTERDAY
  MAXIMUM         95    216 PM  98    2012  79     16       71
  MINIMUM         52    515 AM  38    1994  48      4       56
                                      1981
  AVERAGE         74                        63     11       64

PRECIPITATION (IN)
  YESTERDAY        0.00          0.38 2005   0.03  -0.03     0.01
  MONTH TO DATE    0.00                      0.31  -0.31     0.01
  SINCE OCT 1      0.00                      0.31  -0.31     0.01
  SINCE JAN 1     15.94                     12.21   3.73    10.17

DEGREE DAYS
 HEATING
  YESTERDAY        0                         3     -3        1
  MONTH TO DATE   11                        40    -29       28
  SINCE SEP 1     25                        55    -30       36
  SINCE JUL 1     25                        58    -33       36

 COOLING
  YESTERDAY        9                         1      8        0
  MONTH TO DATE   54                        37     17       23
  SINCE SEP 1    256                       217     39      178
  SINCE JAN 1   1191                       830    361      974
..................................................................


WIND (MPH)
  RESULTANT WIND SPEED   2   RESULTANT WIND DIRECTION   W (290)
  HIGHEST WIND SPEED    17   HIGHEST WIND DIRECTION     W (270)
  HIGHEST GUST SPEED    19   HIGHEST GUST DIRECTION     W (280)
  AVERAGE WIND SPEED     3.7


SKY COVER
  POSSIBLE SUNSHINE  MM
  AVERAGE SKY COVER 0.0


WEATHER CONDITIONS
 THE FOLLOWING WEATHER WAS RECORDED YESTERDAY.
  NO SIGNIFICANT WEATHER WAS OBSERVED.


RELATIVE HUMIDITY (PERCENT)
 HIGHEST    51          1100 PM
 LOWEST      9          1000 AM
 AVERAGE    30

..........................................................


THE RAMONA AIRPORT CA CLIMATE NORMALS FOR TODAY
                         NORMAL    RECORD    YEAR
 MAXIMUM TEMPERATURE (F)   79        99      2003
 MINIMUM TEMPERATURE (F)   47        35      1998


SUNRISE AND SUNSET
OCTOBER 18 2017.......SUNRISE   655 AM PDT   SUNSET   610 PM PDT
OCTOBER 19 2017.......SUNRISE   655 AM PDT   SUNSET   609 PM PDT


-  INDICATES NEGATIVE NUMBERS.
R  INDICATES RECORD WAS SET OR TIED.
MM INDICATES DATA IS MISSING.
T  INDICATES TRACE AMOUNT.




$$
