052
CDUS46 KSGX 161517
CLIRNM


CLIMATE REPORT
NATIONAL WEATHER SERVICE SAN DIEGO, CA
717 AM PST MON JAN 16 2017


...................................

...THE RAMONA AIRPORT CA CLIMATE SUMMARY FOR JANUARY 15 2017...

CLIMATE NORMAL PERIOD 1981 TO 2010
CLIMATE RECORD PERIOD 1974 TO 2017


WEATHER ITEM   OBSERVED TIME   RECORD YEAR NORMAL DEPARTURE LAST
                VALUE   (LST)  VALUE       VALUE  FROM      YEAR
                                                  NORMAL
..................................................................
TEMPERATURE (F)
 YESTERDAY
  MAXIMUM         60    230 PM  87    1975  66     -6       54
  MINIMUM         35    718 AM  24    2013  35      0       40
  AVERAGE         48                        50     -2       47

PRECIPITATION (IN)
  YESTERDAY        0.00          2.21 1978   0.11  -0.11     0.00
  MONTH TO DATE    1.57                      1.86  -0.29     5.52
  SINCE OCT 1      8.59                      6.00   2.59     9.05
  SINCE JAN 1      1.57                      1.86  -0.29     5.52

DEGREE DAYS
 HEATING
  YESTERDAY       17                        15      2       18
  MONTH TO DATE  210                       225    -15      252
  SINCE DEC 1    602                       702   -100      752
  SINCE JUL 1    853                      1113   -260     1091

 COOLING
  YESTERDAY        0                         0      0        0
  MONTH TO DATE    0                         0      0        0
  SINCE DEC 1      1                         0      1        0
  SINCE JAN 1      0                         0      0        0
..................................................................


WIND (MPH)
  RESULTANT WIND SPEED   2   RESULTANT WIND DIRECTION   S (190)
  HIGHEST WIND SPEED    10   HIGHEST WIND DIRECTION    SW (240)
  HIGHEST GUST SPEED    13   HIGHEST GUST DIRECTION     S (190)
  AVERAGE WIND SPEED     2.7


SKY COVER
  POSSIBLE SUNSHINE  MM
  AVERAGE SKY COVER 0.7


WEATHER CONDITIONS
 THE FOLLOWING WEATHER WAS RECORDED YESTERDAY.
  FOG
  FOG W/VISIBILITY <= 1/4 MILE


RELATIVE HUMIDITY (PERCENT)
 HIGHEST   100          1200 AM
 LOWEST     67           100 PM
 AVERAGE    84

..........................................................


THE RAMONA AIRPORT CA CLIMATE NORMALS FOR TODAY
                         NORMAL    RECORD    YEAR
 MAXIMUM TEMPERATURE (F)   66        84      1976
 MINIMUM TEMPERATURE (F)   35        22      2007


SUNRISE AND SUNSET
JANUARY 16 2017.......SUNRISE   650 AM PST   SUNSET   505 PM PST
JANUARY 17 2017.......SUNRISE   650 AM PST   SUNSET   506 PM PST


-  INDICATES NEGATIVE NUMBERS.
R  INDICATES RECORD WAS SET OR TIED.
MM INDICATES DATA IS MISSING.
T  INDICATES TRACE AMOUNT.




$$
