000
CDUS46 KSGX 131521
CLIRNM


CLIMATE REPORT
NATIONAL WEATHER SERVICE SAN DIEGO, CA
721 AM PST SAT FEB 13 2016


...................................

...THE RAMONA AIRPORT CA CLIMATE SUMMARY FOR FEBRUARY 12 2016...

CLIMATE NORMAL PERIOD 1981 TO 2010
CLIMATE RECORD PERIOD 1974 TO 2016


WEATHER ITEM   OBSERVED TIME   RECORD YEAR NORMAL DEPARTURE LAST
                VALUE   (LST)  VALUE       VALUE  FROM      YEAR
                                                  NORMAL
..................................................................
TEMPERATURE (F)
 YESTERDAY
  MAXIMUM         83R   230 PM  82    2014  65     18       78
                                      2006
                                      1988
  MINIMUM         36    633 AM  23    2013  37     -1       55
  AVERAGE         60                        51      9       67

PRECIPITATION (IN)
  YESTERDAY        0.00          1.28 2005   0.12  -0.12     0.00
  MONTH TO DATE    0.01                      1.06  -1.05     0.00
  SINCE OCT 1     10.08                      8.52   1.56     5.39
  SINCE JAN 1      6.55                      4.38   2.17     0.79

DEGREE DAYS
 HEATING
  YESTERDAY        5                        14     -9        0
  MONTH TO DATE  102                       176    -74       84
  SINCE DEC 1   1044                      1112    -68      832
  SINCE JUL 1   1383                      1523   -140     1032

 COOLING
  YESTERDAY        0                         0      0        2
  MONTH TO DATE    2                         0      2        2
  SINCE DEC 1      2                         1      1        2
  SINCE JAN 1      2                         1      1        2
..................................................................


WIND (MPH)
  RESULTANT WIND SPEED   1   RESULTANT WIND DIRECTION   W (290)
  HIGHEST WIND SPEED    12   HIGHEST WIND DIRECTION     W (270)
  HIGHEST GUST SPEED    13   HIGHEST GUST DIRECTION     W (290)
  AVERAGE WIND SPEED     3.8


SKY COVER
  POSSIBLE SUNSHINE  MM
  AVERAGE SKY COVER 0.0


WEATHER CONDITIONS
 THE FOLLOWING WEATHER WAS RECORDED YESTERDAY.
  NO SIGNIFICANT WEATHER WAS OBSERVED.


RELATIVE HUMIDITY (PERCENT)
 HIGHEST    82           700 AM
 LOWEST     18          1000 AM
 AVERAGE    50

..........................................................


THE RAMONA AIRPORT CA CLIMATE NORMALS FOR TODAY
                         NORMAL    RECORD    YEAR
 MAXIMUM TEMPERATURE (F)   65        89      1981
 MINIMUM TEMPERATURE (F)   37        25      2013


SUNRISE AND SUNSET
FEBRUARY 13 2016......SUNRISE   633 AM PST   SUNSET   531 PM PST
FEBRUARY 14 2016......SUNRISE   632 AM PST   SUNSET   532 PM PST


-  INDICATES NEGATIVE NUMBERS.
R  INDICATES RECORD WAS SET OR TIED.
MM INDICATES DATA IS MISSING.
T  INDICATES TRACE AMOUNT.




$$
