000
CDUS46 KSGX 181420
CLIRNM


CLIMATE REPORT
NATIONAL WEATHER SERVICE SAN DIEGO, CA
620 AM PST THU DEC 18 2014


...................................

...THE RAMONA AIRPORT CA CLIMATE SUMMARY FOR DECEMBER 17 2014...

CLIMATE NORMAL PERIOD 1981 TO 2010
CLIMATE RECORD PERIOD 1974 TO 2014


WEATHER ITEM   OBSERVED TIME   RECORD YEAR NORMAL DEPARTURE LAST
                VALUE   (LST)  VALUE       VALUE  FROM      YEAR
                                                  NORMAL
..................................................................
TEMPERATURE (F)
 YESTERDAY
  MAXIMUM         58    151 PM  83    1999  64     -6       82
  MINIMUM         45   1159 PM  26    1995  34     11       43
  AVERAGE         52                        49      3       63

PRECIPITATION (IN)
  YESTERDAY        0.50          2.24 2008   0.06   0.44     0.00
  MONTH TO DATE    3.17                      0.92   2.25     0.15
  SINCE JUL 1      4.51                      3.40   1.11     2.07
  SINCE JAN 1      9.60                     14.73  -5.13     6.57

SNOWFALL (IN)
  YESTERDAY       MM
  MONTH TO DATE    0.0
  SINCE JAN 1      0.0
  SINCE JUL 1      0.0
  SNOW DEPTH       0

DEGREE DAYS
 HEATING
  YESTERDAY       13                        16     -3        2
  MONTH TO DATE  164                       259    -95      241
  SINCE DEC 1    164                       259    -95      241
  SINCE JUL 1    364                       670   -306      670

 COOLING
  YESTERDAY        0                         0      0        0
  MONTH TO DATE    0                         0      0        1
  SINCE DEC 1      0                         0      0        1
  SINCE JAN 1   1119                       850    269      899
..................................................................


WIND (MPH)
  RESULTANT WIND SPEED   5   RESULTANT WIND DIRECTION  SW (230)
  HIGHEST WIND SPEED    18   HIGHEST WIND DIRECTION     W (260)
  HIGHEST GUST SPEED    22   HIGHEST GUST DIRECTION     W (250)
  AVERAGE WIND SPEED     7.1


SKY COVER
  POSSIBLE SUNSHINE  MM
  AVERAGE SKY COVER 0.6


WEATHER CONDITIONS
 THE FOLLOWING WEATHER WAS RECORDED YESTERDAY.
  HEAVY RAIN
  RAIN
  LIGHT RAIN
  FOG


RELATIVE HUMIDITY (PERCENT)
 HIGHEST    96           400 AM
 LOWEST     66           300 PM
 AVERAGE    81

..........................................................


THE RAMONA AIRPORT CA CLIMATE NORMALS FOR TODAY
                         NORMAL    RECORD    YEAR
 MAXIMUM TEMPERATURE (F)   64        80      2003
                                             1979
 MINIMUM TEMPERATURE (F)   34        26      2006


SUNRISE AND SUNSET
DECEMBER 18 2014......SUNRISE   645 AM PST   SUNSET   444 PM PST
DECEMBER 19 2014......SUNRISE   646 AM PST   SUNSET   444 PM PST


-  INDICATES NEGATIVE NUMBERS.
R  INDICATES RECORD WAS SET OR TIED.
MM INDICATES DATA IS MISSING.
T  INDICATES TRACE AMOUNT.




$$
