000
CDUS46 KSGX 181234
CLIRNM


CLIMATE REPORT
NATIONAL WEATHER SERVICE SAN DIEGO, CA
434 AM PST MON DEC 18 2017


...................................

...THE RAMONA AIRPORT CA CLIMATE SUMMARY FOR DECEMBER 17 2017...

CLIMATE NORMAL PERIOD 1981 TO 2010
CLIMATE RECORD PERIOD 1974 TO 2017


WEATHER ITEM   OBSERVED TIME   RECORD YEAR NORMAL DEPARTURE LAST
                VALUE   (LST)  VALUE       VALUE  FROM      YEAR
                                                  NORMAL
..................................................................
TEMPERATURE (F)
 YESTERDAY
  MAXIMUM         69    104 PM  82    2013  64      5       55
  MINIMUM         35    553 AM  24    2015  34      1       30
  AVERAGE         52                        49      3       43

PRECIPITATION (IN)
  YESTERDAY        0.00          2.24 2008   0.06  -0.06     0.00
  MONTH TO DATE    0.00                      0.92  -0.92     1.95
  SINCE OCT 1      T                         2.83  -2.83     3.58
  SINCE JAN 1     15.94                     14.73   1.21    13.74

DEGREE DAYS
 HEATING
  YESTERDAY       13                        16     -3       22
  MONTH TO DATE  139                       259   -120      225
  SINCE DEC 1    139                       259   -120      225
  SINCE JUL 1    320                       670   -350      476

 COOLING
  YESTERDAY        0                         0      0        0
  MONTH TO DATE    1                         0      1        0
  SINCE DEC 1      1                         0      1        0
  SINCE JAN 1   1291                       850    441     1019
..................................................................


WIND (MPH)
  RESULTANT WIND SPEED   4   RESULTANT WIND DIRECTION   E (100)
  HIGHEST WIND SPEED    21   HIGHEST WIND DIRECTION     E (110)
  HIGHEST GUST SPEED    24   HIGHEST GUST DIRECTION     E (110)
  AVERAGE WIND SPEED     5.3


SKY COVER
  POSSIBLE SUNSHINE  MM
  AVERAGE SKY COVER 0.1


WEATHER CONDITIONS
 THE FOLLOWING WEATHER WAS RECORDED YESTERDAY.
  FOG
  HAZE


RELATIVE HUMIDITY (PERCENT)
 HIGHEST    92           300 AM
 LOWEST     17          1100 AM
 AVERAGE    55

..........................................................


THE RAMONA AIRPORT CA CLIMATE NORMALS FOR TODAY
                         NORMAL    RECORD    YEAR
 MAXIMUM TEMPERATURE (F)   64        80      2003
                                             1979
 MINIMUM TEMPERATURE (F)   34        26      2006
                                             2001


SUNRISE AND SUNSET
DECEMBER 18 2017......SUNRISE   645 AM PST   SUNSET   444 PM PST
DECEMBER 19 2017......SUNRISE   646 AM PST   SUNSET   444 PM PST


-  INDICATES NEGATIVE NUMBERS.
R  INDICATES RECORD WAS SET OR TIED.
MM INDICATES DATA IS MISSING.
T  INDICATES TRACE AMOUNT.




$$
