000
CDUS45 KREV 290851
CLIRNO


CLIMATE REPORT
NATIONAL WEATHER SERVICE RENO NV
151 AM PDT FRI JUL 29 2016


...................................

...THE RENO TAHOE AIRPORT NV CLIMATE SUMMARY FOR JULY 28 2016...

CLIMATE NORMAL PERIOD 1981 TO 2010
CLIMATE RECORD PERIOD 1888 TO 2016


WEATHER ITEM   OBSERVED TIME   RECORD YEAR NORMAL DEPARTURE LAST
                VALUE   (LST)  VALUE       VALUE  FROM      YEAR
                                                  NORMAL
..................................................................
TEMPERATURE (F)
 YESTERDAY
  MAXIMUM        102R       MM 102    1971  94      8       88
  MINIMUM         67        MM  38    1965  59      8       56
  AVERAGE         85                        76      9       72

PRECIPITATION (IN)
  YESTERDAY        0.00          0.54 1908   0.01  -0.01     0.00
  MONTH TO DATE    0.00                      0.16  -0.16     0.51
  SINCE OCT 1      9.16                      6.80   2.36     5.72
  SINCE JAN 1      5.21                      4.44   0.77     4.30

SNOWFALL (IN)
  YESTERDAY        0.0           0.0    MM   0.0    0.0      0.0
  MONTH TO DATE    0.0                       0.0    0.0      0.0
  SINCE JUN 1      0.0                       T      0.0      0.0
  SINCE JUL 1      0.0                       0.0    0.0      0.0
  SNOW DEPTH       0

DEGREE DAYS
 HEATING
  YESTERDAY        0                         0      0        0
  MONTH TO DATE    0                         0      0        1
  SINCE JUN 1     15                        56    -41        8
  SINCE JUL 1      0                         0      0        1

 COOLING
  YESTERDAY       20                        11      9        7
  MONTH TO DATE  303                       281     22      280
  SINCE JUN 1    567                       417    150      565
  SINCE JAN 1    595                       454    141      599
..................................................................


WIND (MPH)
  RESULTANT WIND SPEED   2   RESULTANT WIND DIRECTION   W (290)
  HIGHEST WIND SPEED    16   HIGHEST WIND DIRECTION    NW (300)
  HIGHEST GUST SPEED    37   HIGHEST GUST DIRECTION     W (280)
  AVERAGE WIND SPEED     4.7



WEATHER CONDITIONS
 THE FOLLOWING WEATHER WAS RECORDED YESTERDAY.
  THUNDERSTORM


RELATIVE HUMIDITY (PERCENT)
 HIGHEST    37           500 AM
 LOWEST     10           100 PM
 AVERAGE    24

..........................................................


THE RENO TAHOE AIRPORT NV CLIMATE NORMALS FOR TODAY
                         NORMAL    RECORD    YEAR
 MAXIMUM TEMPERATURE (F)   94       103      1943
 MINIMUM TEMPERATURE (F)   59        39      1948
                                             1896


SUNRISE AND SUNSET
JULY 29 2016..........SUNRISE   557 AM PDT   SUNSET   814 PM PDT
JULY 30 2016..........SUNRISE   557 AM PDT   SUNSET   813 PM PDT


-  INDICATES NEGATIVE NUMBERS.
R  INDICATES RECORD WAS SET OR TIED.
MM INDICATES DATA IS MISSING.
T  INDICATES TRACE AMOUNT.




$$
