000
CDUS45 KREV 270853
CLIRNO


CLIMATE REPORT
NATIONAL WEATHER SERVICE RENO NV
153 AM PDT SAT AUG 27 2016


...................................

...THE RENO TAHOE AIRPORT NV CLIMATE SUMMARY FOR AUGUST 26 2016...

CLIMATE NORMAL PERIOD 1981 TO 2010
CLIMATE RECORD PERIOD 1888 TO 2016


WEATHER ITEM   OBSERVED TIME   RECORD YEAR NORMAL DEPARTURE LAST
                VALUE   (LST)  VALUE       VALUE  FROM      YEAR
                                                  NORMAL
..................................................................
TEMPERATURE (F)
 YESTERDAY
  MAXIMUM         91        MM  99    2011  89      2       92
                                      1924
  MINIMUM         53        MM  33    1960  54     -1       63
  AVERAGE         72                        71      1       78

PRECIPITATION (IN)
  YESTERDAY        0.00          0.28 1928   0.00   0.00     0.00
  MONTH TO DATE    0.04                      0.20  -0.16     0.11
  SINCE OCT 1      9.20                      7.02   2.18     5.83
  SINCE JAN 1      5.25                      4.66   0.59     4.41

SNOWFALL (IN)
  YESTERDAY        0.0           0.0    MM   0.0    0.0      0.0
  MONTH TO DATE    0.0                       0.0    0.0      0.0
  SINCE JUN 1      0.0                       T      0.0      0.0
  SINCE JUL 1      0.0                       0.0    0.0      0.0
  SNOW DEPTH       0

DEGREE DAYS
 HEATING
  YESTERDAY        0                         0      0        0
  MONTH TO DATE    0                         0      0        0
  SINCE JUN 1     15                        61    -46        8
  SINCE JUL 1      0                         5     -5        1

 COOLING
  YESTERDAY        7                         6      1       13
  MONTH TO DATE  291                       229     62      303
  SINCE JUN 1    914                       679    235      912
  SINCE JAN 1    942                       716    226      946
..................................................................


WIND (MPH)
  RESULTANT WIND SPEED   3   RESULTANT WIND DIRECTION   W (280)
  HIGHEST WIND SPEED    17   HIGHEST WIND DIRECTION     W (290)
  HIGHEST GUST SPEED    23   HIGHEST GUST DIRECTION     W (270)
  AVERAGE WIND SPEED     5.7



WEATHER CONDITIONS
 THE FOLLOWING WEATHER WAS RECORDED YESTERDAY.
  NO SIGNIFICANT WEATHER WAS OBSERVED.


RELATIVE HUMIDITY (PERCENT)
 HIGHEST    46           500 AM
 LOWEST     11          1200 PM
 AVERAGE    29

..........................................................


THE RENO TAHOE AIRPORT NV CLIMATE NORMALS FOR TODAY
                         NORMAL    RECORD    YEAR
 MAXIMUM TEMPERATURE (F)   88       100      1924
 MINIMUM TEMPERATURE (F)   54        34      1966
                                             1963
                                             1960


SUNRISE AND SUNSET
AUGUST 27 2016........SUNRISE   623 AM PDT   SUNSET   737 PM PDT
AUGUST 28 2016........SUNRISE   624 AM PDT   SUNSET   735 PM PDT


-  INDICATES NEGATIVE NUMBERS.
R  INDICATES RECORD WAS SET OR TIED.
MM INDICATES DATA IS MISSING.
T  INDICATES TRACE AMOUNT.




$$
