000
CDUS45 KREV 300836
CLIRNO


CLIMATE REPORT
NATIONAL WEATHER SERVICE RENO NV
1236 AM PST FRI JAN 30 2015


...................................

...THE RENO TAHOE AIRPORT NV CLIMATE SUMMARY FOR JANUARY 29 2015...

CLIMATE NORMAL PERIOD 1981 TO 2010
CLIMATE RECORD PERIOD 1888 TO 2015


WEATHER ITEM   OBSERVED TIME   RECORD YEAR NORMAL DEPARTURE LAST
                VALUE   (LST)  VALUE       VALUE  FROM      YEAR
                                                  NORMAL
..................................................................
TEMPERATURE (F)
 YESTERDAY
  MAXIMUM         56    253 PM  65    2014  47      9       65
  MINIMUM         29    603 AM  -7    1949  27      2       40
  AVERAGE         43                        37      6       53

PRECIPITATION (IN)
  YESTERDAY        0.00          0.53 1911   0.03  -0.03     0.20
  MONTH TO DATE    0.06                      0.97  -0.91     0.20
  SINCE OCT 1      1.48                      3.33  -1.85     1.16
  SINCE JAN 1      0.06                      0.97  -0.91     0.20

SNOWFALL (IN)
  YESTERDAY        0.0           3.8  1916   0.1   -0.1      0.1
  MONTH TO DATE    0.0                       5.4   -5.4      0.1
  SINCE DEC 1      2.2                      10.3   -8.1      4.4
  SINCE JUL 1      2.2                      13.8  -11.6      4.8
  SNOW DEPTH       0

DEGREE DAYS
 HEATING
  YESTERDAY       22                        28     -6       12
  MONTH TO DATE  712                       856   -144      729
  SINCE DEC 1   1478                      1777   -299     1845
  SINCE JUL 1   2303                      2880   -577     2963

 COOLING
  YESTERDAY        0                         0      0        0
  MONTH TO DATE    0                         0      0        0
  SINCE DEC 1      0                         0      0        0
  SINCE JAN 1      0                         0      0        0
..................................................................


WIND (MPH)
  RESULTANT WIND SPEED   2   RESULTANT WIND DIRECTION   E (70)
  HIGHEST WIND SPEED    14   HIGHEST WIND DIRECTION     E (110)
  HIGHEST GUST SPEED    17   HIGHEST GUST DIRECTION     E (110)
  AVERAGE WIND SPEED     2.8



WEATHER CONDITIONS
 THE FOLLOWING WEATHER WAS RECORDED YESTERDAY.
  NO SIGNIFICANT WEATHER WAS OBSERVED.


RELATIVE HUMIDITY (PERCENT)
 HIGHEST    85           500 AM
 LOWEST     43           200 PM
 AVERAGE    64

..........................................................


THE RENO TAHOE AIRPORT NV CLIMATE NORMALS FOR TODAY
                         NORMAL    RECORD    YEAR
 MAXIMUM TEMPERATURE (F)   47        65      2003
 MINIMUM TEMPERATURE (F)   27        -5      1949


SUNRISE AND SUNSET
JANUARY 30 2015.......SUNRISE   708 AM PST   SUNSET   517 PM PST
JANUARY 31 2015.......SUNRISE   708 AM PST   SUNSET   518 PM PST


-  INDICATES NEGATIVE NUMBERS.
R  INDICATES RECORD WAS SET OR TIED.
MM INDICATES DATA IS MISSING.
T  INDICATES TRACE AMOUNT.




$$
