000
CDUS45 KREV 160042
CLIRNO


CLIMATE REPORT
NATIONAL WEATHER SERVICE RENO NV
541 PM PDT MON SEP 15 2014


...................................

...THE RENO TAHOE AIRPORT NV CLIMATE SUMMARY FOR SEPTEMBER 15 2014...
VALID TODAY AS OF 0500 PM LOCAL TIME.

CLIMATE NORMAL PERIOD 1981 TO 2010
CLIMATE RECORD PERIOD 1888 TO 2014


WEATHER ITEM   OBSERVED TIME   RECORD YEAR NORMAL DEPARTURE LAST
                VALUE   (LST)  VALUE       VALUE  FROM      YEAR
                                                  NORMAL
..................................................................
TEMPERATURE (F)
 TODAY
  MAXIMUM         94    250 PM  95    1983  82     12       90
                                      1947
                                      1937
  MINIMUM         56    618 AM  28    1970  49      7       58
  AVERAGE         75                        66      9       74

PRECIPITATION (IN)
  TODAY            0.00          0.59 1982   0.01  -0.01     0.00
  MONTH TO DATE    T                         0.13  -0.13      T
  SINCE OCT 1      4.24                      7.18  -2.94     6.08
  SINCE JAN 1      3.28                      4.82  -1.54     3.04

SNOWFALL (IN)
  TODAY            0.0           0.0    MM   0.0    0.0      0.0
  MONTH TO DATE    0.0                       0.0    0.0      0.0
  SINCE SEP 1      0.0                       0.0    0.0      0.0
  SINCE JUL 1      0.0                       0.0    0.0       T
  SNOW DEPTH       0

DEGREE DAYS
 HEATING
  TODAY            0                         2     -2        0
  MONTH TO DATE    0                        21    -21        0
  SINCE SEP 1      0                        21    -21        0
  SINCE JUL 1      4                        31    -27        0

 COOLING
  TODAY           10                         3      7        9
  MONTH TO DATE  108                        61     47      128
  SINCE SEP 1    108                        61     47      128
  SINCE JAN 1   1144                       807    337     1161
..................................................................


WIND (MPH)
  RESULTANT WIND SPEED   4   RESULTANT WIND DIRECTION  SW (210)
  HIGHEST WIND SPEED    24   HIGHEST WIND DIRECTION     S (180)
  HIGHEST GUST SPEED    29   HIGHEST GUST DIRECTION     S (180)
  AVERAGE WIND SPEED     5.9



WEATHER CONDITIONS
 THE FOLLOWING WEATHER WAS RECORDED TODAY.
  HAZE


RELATIVE HUMIDITY (PERCENT)
 HIGHEST    55           500 AM
 LOWEST     15           200 PM
 AVERAGE    35

..........................................................


THE RENO TAHOE AIRPORT NV CLIMATE NORMALS FOR TOMORROW
                         NORMAL    RECORD    YEAR
 MAXIMUM TEMPERATURE (F)   82        95      1983
                                             1937
 MINIMUM TEMPERATURE (F)   49        28      1970


SUNRISE AND SUNSET
SEPTEMBER 15 2014.....SUNRISE   640 AM PDT   SUNSET   707 PM PDT
SEPTEMBER 16 2014.....SUNRISE   641 AM PDT   SUNSET   706 PM PDT


-  INDICATES NEGATIVE NUMBERS.
R  INDICATES RECORD WAS SET OR TIED.
MM INDICATES DATA IS MISSING.
T  INDICATES TRACE AMOUNT.




$$
