000
CDUS45 KREV 210855
CLIRNO


CLIMATE REPORT
NATIONAL WEATHER SERVICE RENO NV
1255 AM PST FRI NOV 21 2014


...................................

...THE RENO TAHOE AIRPORT NV CLIMATE SUMMARY FOR NOVEMBER 20 2014...

CLIMATE NORMAL PERIOD 1981 TO 2010
CLIMATE RECORD PERIOD 1888 TO 2014


WEATHER ITEM   OBSERVED TIME   RECORD YEAR NORMAL DEPARTURE LAST
                VALUE   (LST)  VALUE       VALUE  FROM      YEAR
                                                  NORMAL
..................................................................
TEMPERATURE (F)
 YESTERDAY
  MAXIMUM         52    438 PM  72    1932  53     -1       54
  MINIMUM         32    601 AM   7    1977  29      3       33
  AVERAGE         42                        41      1       44

PRECIPITATION (IN)
  YESTERDAY        0.05          0.50 1961   0.03   0.02     0.45
  MONTH TO DATE    0.19                      0.52  -0.33     0.48
  SINCE OCT 1      0.37                      1.03  -0.66     0.54
  SINCE JAN 1      3.94                      6.07  -2.13     3.60

SNOWFALL (IN)
  YESTERDAY        0.0           6.4  1961   0.1   -0.1      0.4
  MONTH TO DATE    0.0                       1.9   -1.9      0.4
  SINCE SEP 1      0.0                       2.3   -2.3      0.4
  SINCE JUL 1      0.0                       2.3   -2.3      0.4
  SNOW DEPTH       0

DEGREE DAYS
 HEATING
  YESTERDAY       23                        24     -1       21
  MONTH TO DATE  384                       411    -27      347
  SINCE SEP 1    635                       837   -202      848
  SINCE JUL 1    639                       847   -208      848

 COOLING
  YESTERDAY        0                         0      0        0
  MONTH TO DATE    0                         0      0        0
  SINCE SEP 1    175                        93     82      141
  SINCE JAN 1   1211                       839    372     1174
..................................................................


WIND (MPH)
  RESULTANT WIND SPEED   0   RESULTANT WIND DIRECTION   E (100)
  HIGHEST WIND SPEED    20   HIGHEST WIND DIRECTION     S (190)
  HIGHEST GUST SPEED    23   HIGHEST GUST DIRECTION     S (190)
  AVERAGE WIND SPEED     3.4



WEATHER CONDITIONS
 THE FOLLOWING WEATHER WAS RECORDED YESTERDAY.
  RAIN
  LIGHT RAIN


RELATIVE HUMIDITY (PERCENT)
 HIGHEST    92          1100 PM
 LOWEST     44           400 PM
 AVERAGE    68

..........................................................


THE RENO TAHOE AIRPORT NV CLIMATE NORMALS FOR TODAY
                         NORMAL    RECORD    YEAR
 MAXIMUM TEMPERATURE (F)   52        74      1924
 MINIMUM TEMPERATURE (F)   29         7      1979


SUNRISE AND SUNSET
NOVEMBER 21 2014......SUNRISE   650 AM PST   SUNSET   440 PM PST
NOVEMBER 22 2014......SUNRISE   651 AM PST   SUNSET   439 PM PST


-  INDICATES NEGATIVE NUMBERS.
R  INDICATES RECORD WAS SET OR TIED.
MM INDICATES DATA IS MISSING.
T  INDICATES TRACE AMOUNT.




$$
