000
CDUS45 KREV 310836
CLIRNO


CLIMATE REPORT
NATIONAL WEATHER SERVICE RENO NV
136 AM PDT TUE MAY 31 2016


...................................

...THE RENO TAHOE AIRPORT NV CLIMATE SUMMARY FOR MAY 30 2016...

CLIMATE NORMAL PERIOD 1981 TO 2010
CLIMATE RECORD PERIOD 1888 TO 2016


WEATHER ITEM   OBSERVED TIME   RECORD YEAR NORMAL DEPARTURE LAST
                VALUE   (LST)  VALUE       VALUE  FROM      YEAR
                                                  NORMAL
..................................................................
TEMPERATURE (F)
 YESTERDAY
  MAXIMUM         87    441 PM  96    1986  78      9       93
  MINIMUM         53    449 AM  29    1979  49      4       56
  AVERAGE         70                        63      7       75

PRECIPITATION (IN)
  YESTERDAY        0.00          1.45 1921   0.01  -0.01     0.00
  MONTH TO DATE    1.16                      0.47   0.69     1.01
  SINCE OCT 1      9.16                      6.11   3.05     4.28
  SINCE JAN 1      5.21                      3.75   1.46     2.86

SNOWFALL (IN)
  YESTERDAY        0.0           T    1908   0.0    0.0      0.0
  MONTH TO DATE    0.2                       0.3   -0.1       T
  SINCE MAR 1      7.0                       2.8    4.2       T
  SINCE JUL 1     31.1                      21.8    9.3      2.7
  SNOW DEPTH       0

DEGREE DAYS
 HEATING
  YESTERDAY        0                         4     -4        0
  MONTH TO DATE  172                       202    -30      185
  SINCE MAR 1    980                      1226   -246      953
  SINCE JUL 1   4317                      4864   -547     3818

 COOLING
  YESTERDAY        5                         2      3       10
  MONTH TO DATE   20                        32    -12       25
  SINCE MAR 1     20                        33    -13       25
  SINCE JAN 1     20                        33    -13       25
..................................................................


WIND (MPH)
  RESULTANT WIND SPEED   2   RESULTANT WIND DIRECTION   N (340)
  HIGHEST WIND SPEED    15   HIGHEST WIND DIRECTION    NW (320)
  HIGHEST GUST SPEED    MM   HIGHEST GUST DIRECTION    MM
  AVERAGE WIND SPEED     5.1



WEATHER CONDITIONS
 THE FOLLOWING WEATHER WAS RECORDED YESTERDAY.
  NO SIGNIFICANT WEATHER WAS OBSERVED.


RELATIVE HUMIDITY (PERCENT)
 HIGHEST    50           500 AM
 LOWEST     12           500 PM
 AVERAGE    31

..........................................................


THE RENO TAHOE AIRPORT NV CLIMATE NORMALS FOR TODAY
                         NORMAL    RECORD    YEAR
 MAXIMUM TEMPERATURE (F)   78        98      1910
 MINIMUM TEMPERATURE (F)   49        30      1951


SUNRISE AND SUNSET
MAY 31 2016...........SUNRISE   534 AM PDT   SUNSET   820 PM PDT
JUNE  1 2016..........SUNRISE   534 AM PDT   SUNSET   821 PM PDT


-  INDICATES NEGATIVE NUMBERS.
R  INDICATES RECORD WAS SET OR TIED.
MM INDICATES DATA IS MISSING.
T  INDICATES TRACE AMOUNT.




$$
