884
CDUS45 KREV 250855
CLIRNO


CLIMATE REPORT
NATIONAL WEATHER SERVICE RENO NV
155 AM PDT TUE APR 25 2017


...................................

...THE RENO-TAHOE INTL AIRPORT NV CLIMATE SUMMARY FOR APRIL 24 2017...

CLIMATE NORMAL PERIOD 1981 TO 2010
CLIMATE RECORD PERIOD 1888 TO 2017


WEATHER ITEM   OBSERVED TIME   RECORD YEAR NORMAL DEPARTURE LAST
                VALUE   (LST)  VALUE       VALUE  FROM      YEAR
                                                  NORMAL
..................................................................
TEMPERATURE (F)
 YESTERDAY
  MAXIMUM         58    230 PM  87    1946  66     -8       59
  MINIMUM         46   1159 PM  18    1958  40      6       41
  AVERAGE         52                        53     -1       50

PRECIPITATION (IN)
  YESTERDAY        0.00          0.16 2015   0.02  -0.02      T
                                      1896
  MONTH TO DATE    0.65                      0.38   0.27     0.78
  SINCE OCT 1     14.30                      5.55   8.75     7.82
  SINCE JAN 1     10.51                      3.19   7.32     3.87

SNOWFALL (IN)
  YESTERDAY        0.0           1.7  1931   0.0    0.0      0.0
  MONTH TO DATE    T                         0.4   -0.4      0.0
  SINCE MAR 1      2.9                       2.4    0.5      6.8
  SINCE JUL 1     27.0                      21.4    5.6     30.9
  SNOW DEPTH       0

DEGREE DAYS
 HEATING
  YESTERDAY       13                        12      1       15
  MONTH TO DATE  327                       359    -32      212
  SINCE MAR 1    828                       957   -129      723
  SINCE JUL 1   4201                      4595   -394     4060

 COOLING
  YESTERDAY        0                         0      0        0
  MONTH TO DATE    0                         0      0        0
  SINCE MAR 1      0                         0      0        0
  SINCE JAN 1      0                         0      0        0
..................................................................


WIND (MPH)
  RESULTANT WIND SPEED  10   RESULTANT WIND DIRECTION   W (280)
  HIGHEST WIND SPEED    25   HIGHEST WIND DIRECTION     W (280)
  HIGHEST GUST SPEED    33   HIGHEST GUST DIRECTION     W (280)
  AVERAGE WIND SPEED    12.6



WEATHER CONDITIONS
 THE FOLLOWING WEATHER WAS RECORDED YESTERDAY.
  NO SIGNIFICANT WEATHER WAS OBSERVED.


RELATIVE HUMIDITY (PERCENT)
 HIGHEST    56           700 PM
 LOWEST     29           100 AM
 AVERAGE    43

..........................................................


THE RENO-TAHOE INTL AIRPORT NV CLIMATE NORMALS FOR TODAY
                         NORMAL    RECORD    YEAR
 MAXIMUM TEMPERATURE (F)   67        84      1927
 MINIMUM TEMPERATURE (F)   40        19      1944


SUNRISE AND SUNSET
APRIL 25 2017.........SUNRISE   607 AM PDT   SUNSET   747 PM PDT
APRIL 26 2017.........SUNRISE   606 AM PDT   SUNSET   748 PM PDT


-  INDICATES NEGATIVE NUMBERS.
R  INDICATES RECORD WAS SET OR TIED.
MM INDICATES DATA IS MISSING.
T  INDICATES TRACE AMOUNT.




$$
