000
CDUS45 KREV 240036
CLIRNO


CLIMATE REPORT
NATIONAL WEATHER SERVICE RENO NV
535 PM PDT SAT MAY 23 2015


...................................

...THE RENO TAHOE AIRPORT NV CLIMATE SUMMARY FOR MAY 23 2015...
VALID TODAY AS OF 0500 PM LOCAL TIME.

CLIMATE NORMAL PERIOD 1981 TO 2010
CLIMATE RECORD PERIOD 1888 TO 2015


WEATHER ITEM   OBSERVED TIME   RECORD YEAR NORMAL DEPARTURE LAST
                VALUE   (LST)  VALUE       VALUE  FROM      YEAR
                                                  NORMAL
..................................................................
TEMPERATURE (F)
 TODAY
  MAXIMUM         63    345 PM  94    2001  76    -13       82
  MINIMUM         51    239 AM  26    1968  47      4       48
                                      1960
  AVERAGE         57                        62     -5       65

PRECIPITATION (IN)
  TODAY            0.04          0.49 1959   0.02   0.02     0.00
  MONTH TO DATE    0.94                      0.36   0.58     0.54
  SINCE OCT 1      4.21                      6.00  -1.79     2.96
  SINCE JAN 1      2.79                      3.64  -0.85     2.00

SNOWFALL (IN)
  TODAY            0.0           T    1944   0.0    0.0      0.0
  MONTH TO DATE    T                         0.3   -0.3       T
  SINCE MAR 1      T                         2.8   -2.8       T
  SINCE JUL 1      2.7                      21.8  -19.1      6.2
  SNOW DEPTH       0

DEGREE DAYS
 HEATING
  TODAY            8                         5      3        0
  MONTH TO DATE  176                       171      5      131
  SINCE MAR 1    944                      1195   -251      955
  SINCE JUL 1   3809                      4833  -1024     4539

 COOLING
  TODAY            0                         2     -2        0
  MONTH TO DATE    3                        18    -15       21
  SINCE MAR 1      3                        19    -16       21
  SINCE JAN 1      3                        19    -16       21
..................................................................


WIND (MPH)
  RESULTANT WIND SPEED   4   RESULTANT WIND DIRECTION  NW (320)
  HIGHEST WIND SPEED    18   HIGHEST WIND DIRECTION     W (290)
  HIGHEST GUST SPEED    23   HIGHEST GUST DIRECTION     W (290)
  AVERAGE WIND SPEED     6.4



WEATHER CONDITIONS
 THE FOLLOWING WEATHER WAS RECORDED TODAY.
  LIGHT RAIN


RELATIVE HUMIDITY (PERCENT)
 HIGHEST    89           200 AM
 LOWEST     48           400 PM
 AVERAGE    69

..........................................................


THE RENO TAHOE AIRPORT NV CLIMATE NORMALS FOR TOMORROW
                         NORMAL    RECORD    YEAR
 MAXIMUM TEMPERATURE (F)   76        94      2001
 MINIMUM TEMPERATURE (F)   48        27      1968


SUNRISE AND SUNSET
MAY 23 2015...........SUNRISE   539 AM PDT   SUNSET   813 PM PDT
MAY 24 2015...........SUNRISE   538 AM PDT   SUNSET   814 PM PDT


-  INDICATES NEGATIVE NUMBERS.
R  INDICATES RECORD WAS SET OR TIED.
MM INDICATES DATA IS MISSING.
T  INDICATES TRACE AMOUNT.




$$
