000
CDUS45 KREV 070855
CLIRNO


CLIMATE REPORT
NATIONAL WEATHER SERVICE RENO NV
1255 AM PST WED DEC 7 2016


...................................

...THE RENO TAHOE AIRPORT NV CLIMATE SUMMARY FOR DECEMBER 6 2016...

CLIMATE NORMAL PERIOD 1981 TO 2010
CLIMATE RECORD PERIOD 1888 TO 2016


WEATHER ITEM   OBSERVED TIME   RECORD YEAR NORMAL DEPARTURE LAST
                VALUE   (LST)  VALUE       VALUE  FROM      YEAR
                                                  NORMAL
..................................................................
TEMPERATURE (F)
 YESTERDAY
  MAXIMUM         45    148 PM  67    1939  47     -2       58
  MINIMUM         26    511 AM   7    1919  26      0       27
  AVERAGE         36                        36      0       43

PRECIPITATION (IN)
  YESTERDAY        0.00          0.67 1966   0.03  -0.03     0.00
  MONTH TO DATE    T                         0.18  -0.18      T
  SINCE OCT 1      2.58                      1.51   1.07     3.20
  SINCE JAN 1      7.83                      6.55   1.28     7.77

SNOWFALL (IN)
  YESTERDAY        0.0           5.0  1966   0.1   -0.1      0.0
  MONTH TO DATE    T                         0.7   -0.7      0.0
  SINCE DEC 1      T                         0.7   -0.7      0.0
  SINCE JUL 1      0.6                       4.2   -3.6      5.1
  SNOW DEPTH       0

DEGREE DAYS
 HEATING
  YESTERDAY       29                        29      0       22
  MONTH TO DATE  168                       168      0      151
  SINCE DEC 1    168                       168      0      151
  SINCE JUL 1   1046                      1271   -225     1144

 COOLING
  YESTERDAY        0                         0      0        0
  MONTH TO DATE    0                         0      0        0
  SINCE DEC 1      0                         0      0        0
  SINCE JAN 1   1088                       839    249     1194
..................................................................


WIND (MPH)
  RESULTANT WIND SPEED   6   RESULTANT WIND DIRECTION   N (340)
  HIGHEST WIND SPEED    22   HIGHEST WIND DIRECTION     N (340)
  HIGHEST GUST SPEED    29   HIGHEST GUST DIRECTION     W (290)
  AVERAGE WIND SPEED     8.8



WEATHER CONDITIONS
 THE FOLLOWING WEATHER WAS RECORDED YESTERDAY.
  NO SIGNIFICANT WEATHER WAS OBSERVED.


RELATIVE HUMIDITY (PERCENT)
 HIGHEST    63          1000 PM
 LOWEST     24          1200 AM
 AVERAGE    44

..........................................................


THE RENO TAHOE AIRPORT NV CLIMATE NORMALS FOR TODAY
                         NORMAL    RECORD    YEAR
 MAXIMUM TEMPERATURE (F)   47        65      1940
 MINIMUM TEMPERATURE (F)   26         4      1956


SUNRISE AND SUNSET
DECEMBER  7 2016......SUNRISE   706 AM PST   SUNSET   435 PM PST
DECEMBER  8 2016......SUNRISE   707 AM PST   SUNSET   435 PM PST


-  INDICATES NEGATIVE NUMBERS.
R  INDICATES RECORD WAS SET OR TIED.
MM INDICATES DATA IS MISSING.
T  INDICATES TRACE AMOUNT.




$$
