000
CDUS45 KREV 310043
CLIRNO


CLIMATE REPORT
NATIONAL WEATHER SERVICE RENO NV
543 PM PDT SUN AUG 30 2015


...................................

...THE RENO TAHOE AIRPORT NV CLIMATE SUMMARY FOR AUGUST 30 2015...
VALID TODAY AS OF 0500 PM LOCAL TIME.

CLIMATE NORMAL PERIOD 1981 TO 2010
CLIMATE RECORD PERIOD 1888 TO 2015


WEATHER ITEM   OBSERVED TIME   RECORD YEAR NORMAL DEPARTURE LAST
                VALUE   (LST)  VALUE       VALUE  FROM      YEAR
                                                  NORMAL
..................................................................
TEMPERATURE (F)
 TODAY
  MAXIMUM         85    235 PM  99    1950  87     -2       89
  MINIMUM         56    524 AM  31    1962  53      3       61
  AVERAGE         71                        70      1       75

PRECIPITATION (IN)
  TODAY            0.00          0.41 1896   0.00   0.00     0.00
  MONTH TO DATE    0.11                      0.22  -0.11     1.08
  SINCE OCT 1      5.83                      7.04  -1.21     4.24
  SINCE JAN 1      4.41                      4.68  -0.27     3.28

SNOWFALL (IN)
  TODAY            0.0           0.0    MM   0.0    0.0      0.0
  MONTH TO DATE    0.0                       0.0    0.0      0.0
  SINCE JUN 1      0.0                       T      0.0      0.0
  SINCE JUL 1      0.0                       0.0    0.0      0.0
  SNOW DEPTH       0

DEGREE DAYS
 HEATING
  TODAY            0                         1     -1        0
  MONTH TO DATE    0                         1     -1        4
  SINCE JUN 1      8                        62    -54       14
  SINCE JUL 1      1                         6     -5        4

 COOLING
  TODAY            6                         6      0       10
  MONTH TO DATE  344                       253     91      279
  SINCE JUN 1    953                       703    250      981
  SINCE JAN 1    987                       740    247     1028
..................................................................


WIND (MPH)
  RESULTANT WIND SPEED   3   RESULTANT WIND DIRECTION  NW (320)
  HIGHEST WIND SPEED    24   HIGHEST WIND DIRECTION     W (290)
  HIGHEST GUST SPEED    30   HIGHEST GUST DIRECTION     W (290)
  AVERAGE WIND SPEED     6.6



WEATHER CONDITIONS
 THE FOLLOWING WEATHER WAS RECORDED TODAY.
  NO SIGNIFICANT WEATHER WAS OBSERVED.


RELATIVE HUMIDITY (PERCENT)
 HIGHEST    62           500 AM
 LOWEST     12           300 PM
 AVERAGE    37

..........................................................


THE RENO TAHOE AIRPORT NV CLIMATE NORMALS FOR TOMORROW
                         NORMAL    RECORD    YEAR
 MAXIMUM TEMPERATURE (F)   87       100      1976
 MINIMUM TEMPERATURE (F)   53        31      1966


SUNRISE AND SUNSET
AUGUST 30 2015........SUNRISE   625 AM PDT   SUNSET   733 PM PDT
AUGUST 31 2015........SUNRISE   626 AM PDT   SUNSET   732 PM PDT


-  INDICATES NEGATIVE NUMBERS.
R  INDICATES RECORD WAS SET OR TIED.
MM INDICATES DATA IS MISSING.
T  INDICATES TRACE AMOUNT.




$$
