000
CDUS45 KREV 020045
CLIRNO


CLIMATE REPORT
NATIONAL WEATHER SERVICE RENO NV
545 PM PDT WED JUL 1 2015


...................................

...THE RENO TAHOE AIRPORT NV CLIMATE SUMMARY FOR JULY 1 2015...
VALID TODAY AS OF 0500 PM LOCAL TIME.

CLIMATE NORMAL PERIOD 1981 TO 2010
CLIMATE RECORD PERIOD 1888 TO 2015


WEATHER ITEM   OBSERVED TIME   RECORD YEAR NORMAL DEPARTURE LAST
                VALUE   (LST)  VALUE       VALUE  FROM      YEAR
                                                  NORMAL
..................................................................
TEMPERATURE (F)
 TODAY
  MAXIMUM        100    325 PM 105    2013  89     11      102
  MINIMUM         67    433 AM  33    1976  56     11       65
  AVERAGE         84                        72     12       84

PRECIPITATION (IN)
  TODAY            0.00          0.60 1943   0.01  -0.01     0.00
  MONTH TO DATE    0.00                      0.01  -0.01     0.00
  SINCE OCT 1      5.21                      6.65  -1.44     2.96
  SINCE JAN 1      3.79                      4.29  -0.50     2.00

SNOWFALL (IN)
  TODAY            0.0           0.0    MM   0.0    0.0      0.0
  MONTH TO DATE    0.0                       0.0    0.0      0.0
  SINCE JUN 1      0.0                       T      0.0      0.0
  SINCE JUL 1      0.0                       0.0    0.0      0.0
  SNOW DEPTH       0

DEGREE DAYS
 HEATING
  TODAY            0                         0      0        0
  MONTH TO DATE    0                         0      0        0
  SINCE JUN 1      7                        56    -49       10
  SINCE JUL 1      0                         0      0        0

 COOLING
  TODAY           19                         8     11       19
  MONTH TO DATE   19                         8     11       19
  SINCE JUN 1    304                       144    160      231
  SINCE JAN 1    338                       181    157      278
..................................................................


WIND (MPH)
  RESULTANT WIND SPEED   2   RESULTANT WIND DIRECTION   W (280)
  HIGHEST WIND SPEED    23   HIGHEST WIND DIRECTION    NW (300)
  HIGHEST GUST SPEED    29   HIGHEST GUST DIRECTION    NW (310)
  AVERAGE WIND SPEED     3.9



WEATHER CONDITIONS
 THE FOLLOWING WEATHER WAS RECORDED TODAY.
  NO SIGNIFICANT WEATHER WAS OBSERVED.


RELATIVE HUMIDITY (PERCENT)
 HIGHEST    61           200 AM
 LOWEST     17           100 PM
 AVERAGE    39

..........................................................


THE RENO TAHOE AIRPORT NV CLIMATE NORMALS FOR TOMORROW
                         NORMAL    RECORD    YEAR
 MAXIMUM TEMPERATURE (F)   89       105      2013
 MINIMUM TEMPERATURE (F)   56        35      1975
                                             1963
                                             1902


SUNRISE AND SUNSET
JULY  1 2015..........SUNRISE   536 AM PDT   SUNSET   830 PM PDT
JULY  2 2015..........SUNRISE   536 AM PDT   SUNSET   830 PM PDT


-  INDICATES NEGATIVE NUMBERS.
R  INDICATES RECORD WAS SET OR TIED.
MM INDICATES DATA IS MISSING.
T  INDICATES TRACE AMOUNT.




$$
