000
CDUS45 KREV 260125
CLIRNO


CLIMATE REPORT
NATIONAL WEATHER SERVICE RENO NV
525 PM PST THU DEC 25 2014


...................................

...THE RENO TAHOE AIRPORT NV CLIMATE SUMMARY FOR DECEMBER 25 2014...
VALID TODAY AS OF 0500 PM LOCAL TIME.

CLIMATE NORMAL PERIOD 1981 TO 2010
CLIMATE RECORD PERIOD 1888 TO 2014


WEATHER ITEM   OBSERVED TIME   RECORD YEAR NORMAL DEPARTURE LAST
                VALUE   (LST)  VALUE       VALUE  FROM      YEAR
                                                  NORMAL
..................................................................
TEMPERATURE (F)
 TODAY
  MAXIMUM         36    359 PM  68    1902  44     -8       49
  MINIMUM         29    713 AM   0    1924  24      5       22
                                      1891
  AVERAGE         33                        34     -1       36

PRECIPITATION (IN)
  TODAY            0.00          1.38 1971   0.04  -0.04     0.00
  MONTH TO DATE    0.87                      0.81   0.06     0.41
  SINCE OCT 1      1.36                      2.14  -0.78     0.96
  SINCE JAN 1      4.93                      7.18  -2.25     4.02

SNOWFALL (IN)
  TODAY            0.0          14.9  1971   0.2   -0.2      0.0
  MONTH TO DATE    0.4                       3.5   -3.1      4.3
  SINCE DEC 1      0.4                       3.5   -3.1      4.3
  SINCE JUL 1      0.4                       7.0   -6.6      4.7
  SNOW DEPTH       0

DEGREE DAYS
 HEATING
  TODAY           32                        31      1       29
  MONTH TO DATE  551                       738   -187      932
  SINCE DEC 1    551                       738   -187      932
  SINCE JUL 1   1376                      1841   -465     2050

 COOLING
  TODAY            0                         0      0        0
  MONTH TO DATE    0                         0      0        0
  SINCE DEC 1      0                         0      0        0
  SINCE JAN 1   1211                       839    372     1174
..................................................................


WIND (MPH)
  RESULTANT WIND SPEED   8   RESULTANT WIND DIRECTION   N (340)
  HIGHEST WIND SPEED    18   HIGHEST WIND DIRECTION     N (340)
  HIGHEST GUST SPEED    23   HIGHEST GUST DIRECTION    NW (320)
  AVERAGE WIND SPEED     9.7



WEATHER CONDITIONS
 THE FOLLOWING WEATHER WAS RECORDED TODAY.
  NO SIGNIFICANT WEATHER WAS OBSERVED.


RELATIVE HUMIDITY (PERCENT)
 HIGHEST    69           900 AM
 LOWEST     52          1200 PM
 AVERAGE    61

..........................................................


THE RENO TAHOE AIRPORT NV CLIMATE NORMALS FOR TOMORROW
                         NORMAL    RECORD    YEAR
 MAXIMUM TEMPERATURE (F)   44        63      1975
                                             1928
 MINIMUM TEMPERATURE (F)   24        -1      1988


SUNRISE AND SUNSET
DECEMBER 25 2014......SUNRISE   718 AM PST   SUNSET   441 PM PST
DECEMBER 26 2014......SUNRISE   718 AM PST   SUNSET   442 PM PST


-  INDICATES NEGATIVE NUMBERS.
R  INDICATES RECORD WAS SET OR TIED.
MM INDICATES DATA IS MISSING.
T  INDICATES TRACE AMOUNT.




$$
