874
CDUS45 KREV 190844
CLIRNO


CLIMATE REPORT
NATIONAL WEATHER SERVICE RENO NV
144 AM PDT THU OCT 19 2017


...................................

...THE RENO-TAHOE INTL AIRPORT NV CLIMATE SUMMARY FOR OCTOBER 18 2017...

CLIMATE NORMAL PERIOD 1981 TO 2010
CLIMATE RECORD PERIOD 1888 TO 2017


WEATHER ITEM   OBSERVED TIME   RECORD YEAR NORMAL DEPARTURE LAST
                VALUE   (LST)  VALUE       VALUE  FROM      YEAR
                                                  NORMAL
..................................................................
TEMPERATURE (F)
 YESTERDAY
  MAXIMUM         81    336 PM  86    1988  68     13       60
  MINIMUM         34    638 AM  19    1966  38     -4       36
                                      1946
  AVERAGE         58                        53      5       48

PRECIPITATION (IN)
  YESTERDAY        0.00          0.33 1972   0.01  -0.01     0.00
  MONTH TO DATE    T                         0.29  -0.29     1.74
  SINCE OCT 1      T                         0.29  -0.29     1.74
  SINCE JAN 1     12.16                      5.33   6.83     6.99

SNOWFALL (IN)
  YESTERDAY        0.0           1.0  1920   0.0    0.0      0.0
  MONTH TO DATE    0.0                       0.1   -0.1       T
  SINCE SEP 1      T                         0.2   -0.2       T
  SINCE JUL 1      T                         0.2   -0.2       T
  SNOW DEPTH       0

DEGREE DAYS
 HEATING
  YESTERDAY        7                        12     -5       17
  MONTH TO DATE  216                       159     57      163
  SINCE SEP 1    334                       239     95      206
  SINCE JUL 1    334                       249     85      206

 COOLING
  YESTERDAY        0                         0      0        0
  MONTH TO DATE    0                         4     -4        0
  SINCE SEP 1    151                        92     59       95
  SINCE JAN 1   1401                       838    563     1088
..................................................................


WIND (MPH)
  RESULTANT WIND SPEED   0   RESULTANT WIND DIRECTION  SW (240)
  HIGHEST WIND SPEED    14   HIGHEST WIND DIRECTION     N (340)
  HIGHEST GUST SPEED    19   HIGHEST GUST DIRECTION    NW (320)
  AVERAGE WIND SPEED     3.0



WEATHER CONDITIONS
 THE FOLLOWING WEATHER WAS RECORDED YESTERDAY.
  NO SIGNIFICANT WEATHER WAS OBSERVED.


RELATIVE HUMIDITY (PERCENT)
 HIGHEST    56           700 AM
 LOWEST     11           200 PM
 AVERAGE    34

..........................................................


THE RENO-TAHOE INTL AIRPORT NV CLIMATE NORMALS FOR TODAY
                         NORMAL    RECORD    YEAR
 MAXIMUM TEMPERATURE (F)   68        85      1921
 MINIMUM TEMPERATURE (F)   38        19      1966


SUNRISE AND SUNSET
OCTOBER 19 2017.......SUNRISE   714 AM PDT   SUNSET   614 PM PDT
OCTOBER 20 2017.......SUNRISE   715 AM PDT   SUNSET   612 PM PDT


-  INDICATES NEGATIVE NUMBERS.
R  INDICATES RECORD WAS SET OR TIED.
MM INDICATES DATA IS MISSING.
T  INDICATES TRACE AMOUNT.




$$
