000
CDUS45 KREV 140836
CLIRNO


CLIMATE REPORT
NATIONAL WEATHER SERVICE RENO NV
1236 AM PST SUN FEB 14 2016


...................................

...THE RENO TAHOE AIRPORT NV CLIMATE SUMMARY FOR FEBRUARY 13 2016...

CLIMATE NORMAL PERIOD 1981 TO 2010
CLIMATE RECORD PERIOD 1888 TO 2016


WEATHER ITEM   OBSERVED TIME   RECORD YEAR NORMAL DEPARTURE LAST
                VALUE   (LST)  VALUE       VALUE  FROM      YEAR
                                                  NORMAL
..................................................................
TEMPERATURE (F)
 YESTERDAY
  MAXIMUM         65    402 PM  71    1971  51     14       70
  MINIMUM         30    643 AM  -5    1949  29      1       37
  AVERAGE         48                        40      8       54

PRECIPITATION (IN)
  YESTERDAY        0.00          0.62 1954   0.03  -0.03     0.00
                                      1937
  MONTH TO DATE    0.00                      0.43  -0.43     1.21
  SINCE OCT 1      5.65                      3.82   1.83     2.69
  SINCE JAN 1      1.70                      1.46   0.24     1.27

SNOWFALL (IN)
  YESTERDAY        0.0           3.9  1954   0.2   -0.2      0.0
  MONTH TO DATE    0.0                       2.2   -2.2      0.0
  SINCE DEC 1     17.8                      12.7    5.1      2.2
  SINCE JUL 1     22.9                      16.2    6.7      2.2
  SNOW DEPTH       0

DEGREE DAYS
 HEATING
  YESTERDAY       17                        25     -8       11
  MONTH TO DATE  343                       346     -3      219
  SINCE DEC 1   2078                      2180   -102     1742
  SINCE JUL 1   3071                      3283   -212     2567

 COOLING
  YESTERDAY        0                         0      0        0
  MONTH TO DATE    0                         0      0        0
  SINCE DEC 1      0                         0      0        0
  SINCE JAN 1      0                         0      0        0
..................................................................


WIND (MPH)
  RESULTANT WIND SPEED   1   RESULTANT WIND DIRECTION   E (100)
  HIGHEST WIND SPEED    12   HIGHEST WIND DIRECTION     N (10)
  HIGHEST GUST SPEED    13   HIGHEST GUST DIRECTION     N (360)
  AVERAGE WIND SPEED     3.3



WEATHER CONDITIONS
 THE FOLLOWING WEATHER WAS RECORDED YESTERDAY.
  NO SIGNIFICANT WEATHER WAS OBSERVED.


RELATIVE HUMIDITY (PERCENT)
 HIGHEST    78           700 AM
 LOWEST     12           400 PM
 AVERAGE    45

..........................................................


THE RENO TAHOE AIRPORT NV CLIMATE NORMALS FOR TODAY
                         NORMAL    RECORD    YEAR
 MAXIMUM TEMPERATURE (F)   51        72      2015
 MINIMUM TEMPERATURE (F)   29        -6      1903


SUNRISE AND SUNSET
FEBRUARY 14 2016......SUNRISE   653 AM PST   SUNSET   534 PM PST
FEBRUARY 15 2016......SUNRISE   652 AM PST   SUNSET   535 PM PST


-  INDICATES NEGATIVE NUMBERS.
R  INDICATES RECORD WAS SET OR TIED.
MM INDICATES DATA IS MISSING.
T  INDICATES TRACE AMOUNT.




$$
