774
CDUS41 KRNK 100648
CLIROA


CLIMATE REPORT
NATIONAL WEATHER SERVICE BLACKSBURG VA
144 AM EST WED FEB 10 2016


...................................

...THE ROANOKE VA CLIMATE SUMMARY FOR FEBRUARY 9 2016...

CLIMATE NORMAL PERIOD 1981 TO 2010
CLIMATE RECORD PERIOD 1912 TO 2016


WEATHER ITEM   OBSERVED TIME   RECORD YEAR NORMAL DEPARTURE LAST
                VALUE   (LST)  VALUE       VALUE  FROM      YEAR
                                                  NORMAL
..................................................................
TEMPERATURE (F)
 YESTERDAY
  MAXIMUM         36   1129 AM  72    2001  48    -12       65
  MINIMUM         24   1159 PM   8    1933  29     -5       43
  AVERAGE         30                        38     -8       54

PRECIPITATION (IN)
  YESTERDAY        T             1.50 1931   0.11  -0.11     0.04
  MONTH TO DATE    1.25                      0.93   0.32     0.20
  SINCE DEC 1      8.79                      6.79   2.00     4.05
  SINCE JAN 1      4.24                      3.85   0.39     1.51

SNOWFALL (IN)
  YESTERDAY        T                                         0.0
  MONTH TO DATE    T                                          T
  SINCE DEC 1     13.5                                       0.2
  SINCE JUL 1     13.5                                       0.7
  SNOW DEPTH       0

DEGREE DAYS
 HEATING
  YESTERDAY       35                        27      8       11
  MONTH TO DATE  228                       245    -17      217
  SINCE DEC 1   1659                      1933   -274     1811
  SINCE JUL 1   2301                      2737   -436     2689

 COOLING
  YESTERDAY        0                         0      0        0
  MONTH TO DATE    0                         0      0        0
  SINCE DEC 1      0                         0      0        0
  SINCE JAN 1      0                         0      0        0
..................................................................


WIND (MPH)
  HIGHEST WIND SPEED    24   HIGHEST WIND DIRECTION    NW (300)
  HIGHEST GUST SPEED    34   HIGHEST GUST DIRECTION    NW (320)
  AVERAGE WIND SPEED    12.5


SKY COVER
  AVERAGE SKY COVER 0.8


WEATHER CONDITIONS
 THE FOLLOWING WEATHER WAS RECORDED YESTERDAY.
  LIGHT SNOW


RELATIVE HUMIDITY (PERCENT)
 HIGHEST    78           200 AM
 LOWEST     45           300 PM
 AVERAGE    62

..........................................................


THE ROANOKE VA CLIMATE NORMALS FOR TODAY
                         NORMAL    RECORD    YEAR
 MAXIMUM TEMPERATURE (F)   48        71      2009
                                             1959
 MINIMUM TEMPERATURE (F)   29         0      1934


SUNRISE AND SUNSET
FEBRUARY 10 2016......SUNRISE   715 AM EST   SUNSET   554 PM EST
FEBRUARY 11 2016......SUNRISE   714 AM EST   SUNSET   555 PM EST


-  INDICATES NEGATIVE NUMBERS.
R  INDICATES RECORD WAS SET OR TIED.
MM INDICATES DATA IS MISSING.
T  INDICATES TRACE AMOUNT.

$$

RAB
