000
CDUS41 KRNK 272229
CLIROA


CLIMATE REPORT
NATIONAL WEATHER SERVICE BLACKSBURG VA
523 PM EST SAT DEC 27 2014


...................................

...THE ROANOKE VA CLIMATE SUMMARY FOR DECEMBER 27 2014...
VALID TODAY AS OF 0500 PM LOCAL TIME.

CLIMATE NORMAL PERIOD 1981 TO 2010
CLIMATE RECORD PERIOD 1912 TO 2014


WEATHER ITEM   OBSERVED TIME   RECORD YEAR NORMAL DEPARTURE LAST
                VALUE   (LST)  VALUE       VALUE  FROM      YEAR
                                                  NORMAL
..................................................................
TEMPERATURE (F)
 TODAY
  MAXIMUM         64    357 PM  69    1984  46     18       52
                                      1971
  MINIMUM         31    527 AM  -3    1914  28      3       23
  AVERAGE         48                        37     11       38

PRECIPITATION (IN)
  TODAY            0.00          1.00 1940   0.09  -0.09     0.00
  MONTH TO DATE    2.22                      2.60  -0.38     3.35
  SINCE DEC 1      2.22                      2.60  -0.38     3.35
  SINCE JAN 1     39.11                     40.91  -1.80    52.07

SNOWFALL (IN)
  TODAY            0.0
  MONTH TO DATE    T
  SINCE DEC 1      T
  SINCE JUL 1      0.5
  SNOW DEPTH       0

DEGREE DAYS
 HEATING
  TODAY           17                        28    -11       27
  MONTH TO DATE  599                       694    -95      602
  SINCE DEC 1    599                       694    -95      602
  SINCE JUL 1   1477                      1498    -21     1474

 COOLING
  TODAY            0                         0      0        0
  MONTH TO DATE    0                         0      0        0
  SINCE DEC 1      0                         0      0        0
  SINCE JAN 1   1128                      1208    -80     1227
..................................................................


WIND (MPH)
  HIGHEST WIND SPEED     8   HIGHEST WIND DIRECTION     N (20)
  HIGHEST GUST SPEED    MM   HIGHEST GUST DIRECTION    MM
  AVERAGE WIND SPEED     3.8


SKY COVER
  POSSIBLE SUNSHINE  MM
  AVERAGE SKY COVER 0.5


WEATHER CONDITIONS
 THE FOLLOWING WEATHER WAS RECORDED TODAY.
  NO SIGNIFICANT WEATHER WAS OBSERVED.


RELATIVE HUMIDITY (PERCENT)
 HIGHEST    82           600 AM
 LOWEST     20           100 PM
 AVERAGE    51

..........................................................


THE ROANOKE VA CLIMATE NORMALS FOR TOMORROW
                         NORMAL    RECORD    YEAR
 MAXIMUM TEMPERATURE (F)   46        75      1984
 MINIMUM TEMPERATURE (F)   28         4      1925


SUNRISE AND SUNSET
DECEMBER 27 2014......SUNRISE   733 AM EST   SUNSET   509 PM EST
DECEMBER 28 2014......SUNRISE   733 AM EST   SUNSET   510 PM EST


-  INDICATES NEGATIVE NUMBERS.
R  INDICATES RECORD WAS SET OR TIED.
MM INDICATES DATA IS MISSING.
T  INDICATES TRACE AMOUNT.




$$
