000
CDUS41 KRNK 060945
CLIROA


CLIMATE REPORT
NATIONAL WEATHER SERVICE BLACKSBURG VA
437 AM EST FRI MAR 6 2015


...................................

...THE ROANOKE VA CLIMATE SUMMARY FOR MARCH 5 2015...

CLIMATE NORMAL PERIOD 1981 TO 2010
CLIMATE RECORD PERIOD 1912 TO 2015


WEATHER ITEM   OBSERVED TIME   RECORD YEAR NORMAL DEPARTURE LAST
                VALUE   (LST)  VALUE       VALUE  FROM      YEAR
                                                  NORMAL
..................................................................
TEMPERATURE (F)
 YESTERDAY
  MAXIMUM         47    127 AM  82    1976  54     -7       53
  MINIMUM         21   1159 PM  13    1960  34    -13       24
  AVERAGE         34                        44    -10       39

PRECIPITATION (IN)
  YESTERDAY        1.26R         1.20 1929   0.10   1.16     0.00
  MONTH TO DATE    1.90                      0.49   1.41     1.10
  SINCE MAR 1      1.90                      0.49   1.41     1.10
  SINCE JAN 1      5.82                      6.30  -0.48     7.38

SNOWFALL (IN)
  YESTERDAY        1.9
  MONTH TO DATE    1.9
  SINCE MAR 1      1.9
  SINCE JUL 1     21.7
  SNOW DEPTH       2

DEGREE DAYS
 HEATING
  YESTERDAY       31                        21     10       26
  MONTH TO DATE  135                       108     27      139
  SINCE MAR 1    135                       108     27      139
  SINCE JUL 1   3564                      3313    251     3541

 COOLING
  YESTERDAY        0                         0      0        0
  MONTH TO DATE    0                         0      0        0
  SINCE MAR 1      0                         0      0        0
  SINCE JAN 1      0                         0      0        0
..................................................................


WIND (MPH)
  HIGHEST WIND SPEED    12   HIGHEST WIND DIRECTION     N (10)
  HIGHEST GUST SPEED    14   HIGHEST GUST DIRECTION     N (350)
  AVERAGE WIND SPEED     5.8


SKY COVER
  POSSIBLE SUNSHINE  MM
  AVERAGE SKY COVER 0.8


WEATHER CONDITIONS
 THE FOLLOWING WEATHER WAS RECORDED YESTERDAY.
  RAIN
  LIGHT RAIN
  HEAVY SNOW
  SNOW
  LIGHT SNOW
  FOG
  FOG W/VISIBILITY <= 1/4 MILE


RELATIVE HUMIDITY (PERCENT)
 HIGHEST    92           300 AM
 LOWEST     65          1100 PM
 AVERAGE    79

..........................................................


THE ROANOKE VA CLIMATE NORMALS FOR TODAY
                         NORMAL    RECORD    YEAR
 MAXIMUM TEMPERATURE (F)   55        80      1956
                                             1945
 MINIMUM TEMPERATURE (F)   34        16      1960
                                             1926


SUNRISE AND SUNSET
MARCH  6 2015.........SUNRISE   644 AM EST   SUNSET   618 PM EST
MARCH  7 2015.........SUNRISE   643 AM EST   SUNSET   619 PM EST


-  INDICATES NEGATIVE NUMBERS.
R  INDICATES RECORD WAS SET OR TIED.
MM INDICATES DATA IS MISSING.
T  INDICATES TRACE AMOUNT.




$$
