000
CDUS41 KRNK 220911
CLIROA


CLIMATE REPORT
NATIONAL WEATHER SERVICE BLACKSBURG VA
507 AM EDT TUE JUL 22 2014


...................................

...THE ROANOKE VA CLIMATE SUMMARY FOR JULY 21 2014...

CLIMATE NORMAL PERIOD 1981 TO 2010
CLIMATE RECORD PERIOD 1912 TO 2014


WEATHER ITEM   OBSERVED TIME   RECORD YEAR NORMAL DEPARTURE LAST
                VALUE   (LST)  VALUE       VALUE  FROM      YEAR
                                                  NORMAL
..................................................................
TEMPERATURE (F)
 YESTERDAY
  MAXIMUM         80    314 PM 104    1926  87     -7       88
  MINIMUM         69    935 AM  49    1929  67      2       71
  AVERAGE         75                        77     -2       80

PRECIPITATION (IN)
  YESTERDAY        0.10          1.45 1997   0.12  -0.02     0.00
                                      1949
  MONTH TO DATE    1.90                      2.74  -0.84    11.99
  SINCE JUN 1      4.95                      6.57  -1.62    18.48
  SINCE JAN 1     20.55                     23.27  -2.72    39.02

SNOWFALL (IN)
  YESTERDAY        0.0
  MONTH TO DATE    0.0
  SINCE JUN 1      0.0
  SINCE JUL 1      0.0
  SNOW DEPTH       0

DEGREE DAYS
 HEATING
  YESTERDAY        0                         0      0        0
  MONTH TO DATE    0                         0      0        0
  SINCE JUN 1      0                        11    -11        1
  SINCE JUL 1      0                         0      0        0

 COOLING
  YESTERDAY       10                        12     -2       15
  MONTH TO DATE  211                       247    -36      282
  SINCE JUN 1    508                       493     15      548
  SINCE JAN 1    657                       609     48      698
..................................................................


WIND (MPH)
  HIGHEST WIND SPEED    12   HIGHEST WIND DIRECTION    SE (140)
  HIGHEST GUST SPEED    28   HIGHEST GUST DIRECTION     N (20)
  AVERAGE WIND SPEED     3.7


SKY COVER
  POSSIBLE SUNSHINE  MM
  AVERAGE SKY COVER 0.9


WEATHER CONDITIONS
 THE FOLLOWING WEATHER WAS RECORDED YESTERDAY.
  RAIN
  LIGHT RAIN
  FOG


RELATIVE HUMIDITY (PERCENT)
 HIGHEST    90           700 AM
 LOWEST     67           500 PM
 AVERAGE    79

..........................................................


THE ROANOKE VA CLIMATE NORMALS FOR TODAY
                         NORMAL    RECORD    YEAR
 MAXIMUM TEMPERATURE (F)   87       103      1952
                                             1930
 MINIMUM TEMPERATURE (F)   67        51      1944


SUNRISE AND SUNSET
JULY 22 2014..........SUNRISE   616 AM EDT   SUNSET   836 PM EDT
JULY 23 2014..........SUNRISE   617 AM EDT   SUNSET   835 PM EDT


-  INDICATES NEGATIVE NUMBERS.
R  INDICATES RECORD WAS SET OR TIED.
MM INDICATES DATA IS MISSING.
T  INDICATES TRACE AMOUNT.




$$
