000
CDUS41 KRNK 230805
CLIROA


CLIMATE REPORT
NATIONAL WEATHER SERVICE BLACKSBURG VA
403 AM EDT SAT JUL 23 2016


...................................

...THE ROANOKE VA CLIMATE SUMMARY FOR JULY 22 2016...

CLIMATE NORMAL PERIOD 1981 TO 2010
CLIMATE RECORD PERIOD 1912 TO 2016


WEATHER ITEM   OBSERVED TIME   RECORD YEAR NORMAL DEPARTURE LAST
                VALUE   (LST)  VALUE       VALUE  FROM      YEAR
                                                  NORMAL
..................................................................
TEMPERATURE (F)
 YESTERDAY
  MAXIMUM         94    346 PM 103    1952  87      7       88
                                      1930
  MINIMUM         69    448 AM  51    1944  67      2       68
  AVERAGE         82                        77      5       78

PRECIPITATION (IN)
  YESTERDAY        0.00          1.73 2008   0.13  -0.13     0.00
  MONTH TO DATE    2.24                      2.87  -0.63     4.25
  SINCE JUN 1      8.27                      6.70   1.57    13.32
  SINCE JAN 1     26.00                     23.40   2.60    28.30

SNOWFALL (IN)
  YESTERDAY        0.0                                       0.0
  MONTH TO DATE    0.0                                       0.0
  SINCE JUN 1      0.0                                        T
  SINCE JUL 1      0.0                                       0.0
  SNOW DEPTH       0

DEGREE DAYS
 HEATING
  YESTERDAY        0                         0      0        0
  MONTH TO DATE    0                         0      0        0
  SINCE JUN 1      0                        11    -11        7
  SINCE JUL 1      0                         0      0        0

 COOLING
  YESTERDAY       17                        12      5       13
  MONTH TO DATE  286                       259     27      272
  SINCE JUN 1    566                       505     61      598
  SINCE JAN 1    691                       621     70      766
..................................................................


WIND (MPH)
  HIGHEST WIND SPEED    20   HIGHEST WIND DIRECTION    NW (310)
  HIGHEST GUST SPEED    25   HIGHEST GUST DIRECTION    NW (320)
  AVERAGE WIND SPEED     4.1


SKY COVER
  AVERAGE SKY COVER 0.1


WEATHER CONDITIONS
 THE FOLLOWING WEATHER WAS RECORDED YESTERDAY.
  NO SIGNIFICANT WEATHER WAS OBSERVED.


RELATIVE HUMIDITY (PERCENT)
 HIGHEST    97           600 AM
 LOWEST     38           200 PM
 AVERAGE    68

..........................................................


THE ROANOKE VA CLIMATE NORMALS FOR TODAY
                         NORMAL    RECORD    YEAR
 MAXIMUM TEMPERATURE (F)   87        99      1952
 MINIMUM TEMPERATURE (F)   67        48      1947


SUNRISE AND SUNSET
JULY 23 2016..........SUNRISE   618 AM EDT   SUNSET   835 PM EDT
JULY 24 2016..........SUNRISE   618 AM EDT   SUNSET   834 PM EDT


-  INDICATES NEGATIVE NUMBERS.
R  INDICATES RECORD WAS SET OR TIED.
MM INDICATES DATA IS MISSING.
T  INDICATES TRACE AMOUNT.

$$

RAB
