000
CDUS41 KRNK 302123
CLIROA


CLIMATE REPORT
NATIONAL WEATHER SERVICE BLACKSBURG VA
520 PM EDT SAT AUG 30 2014


...................................

...THE ROANOKE VA CLIMATE SUMMARY FOR AUGUST 30 2014...
VALID TODAY AS OF 0500 PM LOCAL TIME.

CLIMATE NORMAL PERIOD 1981 TO 2010
CLIMATE RECORD PERIOD 1912 TO 2014


WEATHER ITEM   OBSERVED TIME   RECORD YEAR NORMAL DEPARTURE LAST
                VALUE   (LST)  VALUE       VALUE  FROM      YEAR
                                                  NORMAL
..................................................................
TEMPERATURE (F)
 TODAY
  MAXIMUM         87    352 PM 102    1932  84      3       85
  MINIMUM         69    554 AM  42    1986  63      6       68
  AVERAGE         78                        73      5       77

PRECIPITATION (IN)
  TODAY            0.00          2.56 1940   0.12  -0.12      T
  MONTH TO DATE    6.53                      3.44   3.09     2.24
  SINCE JUN 1     12.98                     11.31   1.67    21.46
  SINCE JAN 1     28.58                     28.01   0.57    42.00

SNOWFALL (IN)
  TODAY            0.0
  MONTH TO DATE    0.0
  SINCE JUN 1      0.0
  SINCE JUL 1      0.0
  SNOW DEPTH       0

DEGREE DAYS
 HEATING
  TODAY            0                         0      0        0
  MONTH TO DATE    0                         0      0        1
  SINCE JUN 1      0                        11    -11        2
  SINCE JUL 1      0                         0      0        1

 COOLING
  TODAY           13                         9      4       12
  MONTH TO DATE  205                       314   -109      249
  SINCE JUN 1    806                       921   -115      897
  SINCE JAN 1    955                      1037    -82     1047
..................................................................


WIND (MPH)
  HIGHEST WIND SPEED    18   HIGHEST WIND DIRECTION    SE (150)
  HIGHEST GUST SPEED    21   HIGHEST GUST DIRECTION    SE (150)
  AVERAGE WIND SPEED     6.0


SKY COVER
  POSSIBLE SUNSHINE  MM
  AVERAGE SKY COVER 0.8


WEATHER CONDITIONS
 THE FOLLOWING WEATHER WAS RECORDED TODAY.
  FOG
  HAZE


RELATIVE HUMIDITY (PERCENT)
 HIGHEST    97           400 AM
 LOWEST     55           300 PM
 AVERAGE    76

..........................................................


THE ROANOKE VA CLIMATE NORMALS FOR TOMORROW
                         NORMAL    RECORD    YEAR
 MAXIMUM TEMPERATURE (F)   84       104      1932
 MINIMUM TEMPERATURE (F)   63        45      1976


SUNRISE AND SUNSET
AUGUST 30 2014........SUNRISE   649 AM EDT   SUNSET   752 PM EDT
AUGUST 31 2014........SUNRISE   650 AM EDT   SUNSET   750 PM EDT


-  INDICATES NEGATIVE NUMBERS.
R  INDICATES RECORD WAS SET OR TIED.
MM INDICATES DATA IS MISSING.
T  INDICATES TRACE AMOUNT.




$$
