475
CDUS41 KBUF 201012
CLIROC


CLIMATE REPORT
NATIONAL WEATHER SERVICE BUFFALO NY
512 AM EST TUE FEB 20 2018


...................................

...THE ROCHESTER NY CLIMATE SUMMARY FOR FEBRUARY 19 2018...

CLIMATE NORMAL PERIOD 1981 TO 2010
CLIMATE RECORD PERIOD 1871 TO 2018


WEATHER ITEM   OBSERVED TIME   RECORD YEAR NORMAL DEPARTURE LAST
                VALUE   (LST)  VALUE       VALUE  FROM      YEAR
                                                  NORMAL
..................................................................
TEMPERATURE (F)
 YESTERDAY
  MAXIMUM         55   1159 PM  61    1994  35     20       58
  MINIMUM         29    214 AM  -7    1944  19     10       37
  AVERAGE         42                        27     15       48

PRECIPITATION (IN)
  YESTERDAY        0.39          1.50 1960   0.07   0.32     0.00
  MONTH TO DATE    1.50                      1.27   0.23     1.60
  SINCE DEC 1      6.85                      6.31   0.54     7.26
  SINCE JAN 1      4.61                      3.68   0.93     4.35

SNOWFALL (IN)
  YESTERDAY        0.0          14.7  1960   0.7   -0.7      0.0
  MONTH TO DATE   15.5                      14.6    0.9     14.4
  SINCE DEC 1     83.1                      64.6   18.5     55.5
  SINCE JUL 1     85.7                      72.0   13.7     71.4
  SNOW DEPTH       0

DEGREE DAYS
 HEATING
  YESTERDAY       23                        38    -15       17
  MONTH TO DATE  697                       749    -52      641
  SINCE DEC 1   3132                      3085     47     2712
  SINCE JUL 1   4223                      4453   -230     3690

 COOLING
  YESTERDAY        0                         0      0        0
  MONTH TO DATE    0                         0      0        0
  SINCE DEC 1      0                         0      0        0
  SINCE JAN 1      0                         0      0        0
..................................................................


WIND (MPH)
  HIGHEST WIND SPEED    18   HIGHEST WIND DIRECTION    SW (220)
  HIGHEST GUST SPEED    25   HIGHEST GUST DIRECTION    SW (220)
  AVERAGE WIND SPEED    11.2


SKY COVER
  AVERAGE SKY COVER 0.9


WEATHER CONDITIONS
 THE FOLLOWING WEATHER WAS RECORDED YESTERDAY.
  RAIN
  LIGHT RAIN
  FOG


RELATIVE HUMIDITY (PERCENT)
 HIGHEST    93           500 PM
 LOWEST     59           400 AM
 AVERAGE    76

..........................................................


THE ROCHESTER NY CLIMATE NORMALS FOR TODAY
                         NORMAL    RECORD    YEAR
 MAXIMUM TEMPERATURE (F)   35        62      1994
                                             1913
 MINIMUM TEMPERATURE (F)   19       -11      2015


SUNRISE AND SUNSET
FEBRUARY 20 2018......SUNRISE   701 AM EST   SUNSET   548 PM EST
FEBRUARY 21 2018......SUNRISE   659 AM EST   SUNSET   550 PM EST


-  INDICATES NEGATIVE NUMBERS.
R  INDICATES RECORD WAS SET OR TIED.
MM INDICATES DATA IS MISSING.
T  INDICATES TRACE AMOUNT.




$$
