000
CDUS45 KABQ 120919
CLIROW


CLIMATE REPORT
NATIONAL WEATHER SERVICE ALBUQUERQUE NM
319 AM MDT SAT JUL 12 2014


...................................

...THE ROSWELL NM CLIMATE SUMMARY FOR JULY 11 2014...

CLIMATE NORMAL PERIOD 1981 TO 2010
CLIMATE RECORD PERIOD 1893 TO 2014


WEATHER ITEM   OBSERVED TIME   RECORD YEAR NORMAL DEPARTURE
                VALUE   (LST)  VALUE       VALUE  FROM
                                                  NORMAL
...............................................................
TEMPERATURE (F)
 YESTERDAY
  MAXIMUM         93    358 PM 105    1970  94     -1
                                      1909
  MINIMUM         65    528 AM  54    1894  67     -2
  AVERAGE         79                        81     -2

PRECIPITATION (IN)
  YESTERDAY        0.00          1.72 2007   0.07  -0.07
  MONTH TO DATE    0.13                      0.82  -0.69
  SINCE JUN 1      1.56                      2.55  -0.99
  SINCE JAN 1      6.42                      5.72   0.70

SNOWFALL (IN)
  YESTERDAY        0.0
  MONTH TO DATE    0.0
  SINCE JUN 1      0.0
  SINCE JUL 1      0.0

DEGREE DAYS
 HEATING
  YESTERDAY        0                         0      0
  MONTH TO DATE    0                         0      0
  SINCE JUN 1      0                         1     -1
  SINCE JUL 1      0                         0      0

 COOLING
  YESTERDAY       14                        16     -2
  MONTH TO DATE  163                       174    -11
  SINCE JUN 1    643                       571     72
  SINCE JAN 1    897                       796    101
...............................................................


WIND (MPH)
  HIGHEST WIND SPEED    21   HIGHEST WIND DIRECTION    SE (150)
  HIGHEST GUST SPEED    27   HIGHEST GUST DIRECTION    SE (150)
  AVERAGE WIND SPEED    12.3


SKY COVER
  AVERAGE SKY COVER 0.0


WEATHER CONDITIONS
 THE FOLLOWING WEATHER WAS RECORDED YESTERDAY.
  NO SIGNIFICANT WEATHER WAS OBSERVED.


RELATIVE HUMIDITY (PERCENT)
 HIGHEST    67           500 AM
 LOWEST     24           300 PM
 AVERAGE    46

..........................................................


THE ROSWELL NM CLIMATE NORMALS FOR TODAY
                         NORMAL    RECORD    YEAR
 MAXIMUM TEMPERATURE (F)   94       107      1998
 MINIMUM TEMPERATURE (F)   67        54      1897


SUNRISE AND SUNSET
JULY 12 2014..........SUNRISE   558 AM MDT   SUNSET   809 PM MDT
JULY 13 2014..........SUNRISE   559 AM MDT   SUNSET   809 PM MDT


-  INDICATES NEGATIVE NUMBERS.
R  INDICATES RECORD WAS SET OR TIED.
MM INDICATES DATA IS MISSING.
T  INDICATES TRACE AMOUNT.




$$
