558
CDUS45 KABQ 200832
CLIROW


CLIMATE REPORT
NATIONAL WEATHER SERVICE ALBUQUERQUE NM
131 AM MST MON NOV 20 2017


...................................

...THE ROSWELL NM CLIMATE SUMMARY FOR NOVEMBER 19 2017...

CLIMATE NORMAL PERIOD 1981 TO 2010
CLIMATE RECORD PERIOD 1893 TO 2017


WEATHER ITEM   OBSERVED TIME   RECORD YEAR NORMAL DEPARTURE
                VALUE   (LST)  VALUE       VALUE  FROM
                                                  NORMAL
...............................................................
TEMPERATURE (F)
 YESTERDAY
  MAXIMUM         59    119 PM  88    1996  63     -4
  MINIMUM         24    609 AM  13    1921  33     -9
  AVERAGE         42                        48     -6

PRECIPITATION (IN)
  YESTERDAY        0.00          2.54 1899   0.01  -0.01
  MONTH TO DATE    0.00                      0.40  -0.40
  SINCE SEP 1      3.82                      3.16   0.66
  SINCE JAN 1     11.16                     12.09  -0.93

SNOWFALL (IN)
  YESTERDAY        0.0
  MONTH TO DATE    0.0
  SINCE SEP 1      0.0
  SINCE JUL 1      0.0

DEGREE DAYS
 HEATING
  YESTERDAY       23                        17      6
  MONTH TO DATE  161                       258    -97
  SINCE SEP 1    325                       432   -107
  SINCE JUL 1    325                       432   -107

 COOLING
  YESTERDAY        0                         0      0
  MONTH TO DATE    6                         0      6
  SINCE SEP 1    381                       264    117
  SINCE JAN 1   2172                      1788    384
...............................................................


WIND (MPH)
  HIGHEST WIND SPEED    22   HIGHEST WIND DIRECTION     S (170)
  HIGHEST GUST SPEED    28   HIGHEST GUST DIRECTION    SE (150)
  AVERAGE WIND SPEED     9.3


SKY COVER
  AVERAGE SKY COVER 0.0


WEATHER CONDITIONS
 THE FOLLOWING WEATHER WAS RECORDED YESTERDAY.
  NO SIGNIFICANT WEATHER WAS OBSERVED.


RELATIVE HUMIDITY (PERCENT)
 HIGHEST    68           600 AM
 LOWEST     17           100 PM
 AVERAGE    43

..........................................................


THE ROSWELL NM CLIMATE NORMALS FOR TODAY
                         NORMAL    RECORD    YEAR
 MAXIMUM TEMPERATURE (F)   62        88      1996
 MINIMUM TEMPERATURE (F)   32        -2      1906


SUNRISE AND SUNSET
NOVEMBER 20 2017......SUNRISE   634 AM MST   SUNSET   453 PM MST
NOVEMBER 21 2017......SUNRISE   635 AM MST   SUNSET   453 PM MST


-  INDICATES NEGATIVE NUMBERS.
R  INDICATES RECORD WAS SET OR TIED.
MM INDICATES DATA IS MISSING.
T  INDICATES TRACE AMOUNT.




$$
