000
CDUS45 KABQ 280836
CLIROW


CLIMATE REPORT
NATIONAL WEATHER SERVICE ALBUQUERQUE NM
236 AM MDT SAT MAY 28 2016


...................................

...THE ROSWELL NM CLIMATE SUMMARY FOR MAY 27 2016...

CLIMATE NORMAL PERIOD 1981 TO 2010
CLIMATE RECORD PERIOD 1893 TO 2016


WEATHER ITEM   OBSERVED TIME   RECORD YEAR NORMAL DEPARTURE
                VALUE   (LST)  VALUE       VALUE  FROM
                                                  NORMAL
...............................................................
TEMPERATURE (F)
 YESTERDAY
  MAXIMUM         87    421 PM 106    1896  89     -2
  MINIMUM         48    525 AM  41    1959  58    -10
                                      1903
  AVERAGE         68                        74     -6

PRECIPITATION (IN)
  YESTERDAY        0.00          0.39 2004   0.04  -0.04
  MONTH TO DATE    0.60                      1.07  -0.47
  SINCE MAR 1      1.37                      2.19  -0.82
  SINCE JAN 1      1.93                      2.99  -1.06

SNOWFALL (IN)
  YESTERDAY        0.0
  MONTH TO DATE    0.0
  SINCE MAR 1      T
  SINCE JUL 1     17.8

DEGREE DAYS
 HEATING
  YESTERDAY        0                         0      0
  MONTH TO DATE   62                        27     35
  SINCE MAR 1    477                       578   -101
  SINCE JUL 1   3037                      3285   -248

 COOLING
  YESTERDAY        3                         9     -6
  MONTH TO DATE  124                       148    -24
  SINCE MAR 1    144                       188    -44
  SINCE JAN 1    144                       188    -44
...............................................................


WIND (MPH)
  HIGHEST WIND SPEED    18   HIGHEST WIND DIRECTION     N (340)
  HIGHEST GUST SPEED    27   HIGHEST GUST DIRECTION    SW (220)
  AVERAGE WIND SPEED     7.8


SKY COVER
  AVERAGE SKY COVER 0.0


WEATHER CONDITIONS
 THE FOLLOWING WEATHER WAS RECORDED YESTERDAY.
  NO SIGNIFICANT WEATHER WAS OBSERVED.


RELATIVE HUMIDITY (PERCENT)
 HIGHEST    29           600 AM
 LOWEST      9           400 PM
 AVERAGE    19

..........................................................


THE ROSWELL NM CLIMATE NORMALS FOR TODAY
                         NORMAL    RECORD    YEAR
 MAXIMUM TEMPERATURE (F)   89       105      2011
 MINIMUM TEMPERATURE (F)   58        39      1913


SUNRISE AND SUNSET
MAY 28 2016...........SUNRISE   551 AM MDT   SUNSET   800 PM MDT
MAY 29 2016...........SUNRISE   550 AM MDT   SUNSET   801 PM MDT


-  INDICATES NEGATIVE NUMBERS.
R  INDICATES RECORD WAS SET OR TIED.
MM INDICATES DATA IS MISSING.
T  INDICATES TRACE AMOUNT.




$$
