000
CDUS45 KABQ 140827
CLIROW


CLIMATE REPORT
NATIONAL WEATHER SERVICE ALBUQUERQUE NM
126 AM MST SUN FEB 14 2016


...................................

...THE ROSWELL NM CLIMATE SUMMARY FOR FEBRUARY 13 2016...

CLIMATE NORMAL PERIOD 1981 TO 2010
CLIMATE RECORD PERIOD 1893 TO 2016


WEATHER ITEM   OBSERVED TIME   RECORD YEAR NORMAL DEPARTURE
                VALUE   (LST)  VALUE       VALUE  FROM
                                                  NORMAL
...............................................................
TEMPERATURE (F)
 YESTERDAY
  MAXIMUM         76    428 PM  83    1979  60     16
                                      1904
  MINIMUM         29    707 AM  -1    1963  30     -1
  AVERAGE         53                        45      8

PRECIPITATION (IN)
  YESTERDAY        0.00          0.38 1895   0.01  -0.01
  MONTH TO DATE    0.00                      0.19  -0.19
  SINCE DEC 1      0.78                      1.21  -0.43
  SINCE JAN 1      0.16                      0.57  -0.41

SNOWFALL (IN)
  YESTERDAY        0.0
  MONTH TO DATE    0.0
  SINCE DEC 1     17.8
  SINCE JUL 1     17.8

DEGREE DAYS
 HEATING
  YESTERDAY       12                        20     -8
  MONTH TO DATE  283                       273     10
  SINCE DEC 1   1797                      1793      4
  SINCE JUL 1   2365                      2439    -74

 COOLING
  YESTERDAY        0                         0      0
  MONTH TO DATE    0                         0      0
  SINCE DEC 1      0                         0      0
  SINCE JAN 1      0                         0      0
...............................................................


WIND (MPH)
  HIGHEST WIND SPEED    20   HIGHEST WIND DIRECTION     S (170)
  HIGHEST GUST SPEED    24   HIGHEST GUST DIRECTION     S (170)
  AVERAGE WIND SPEED     6.8


SKY COVER
  AVERAGE SKY COVER 0.0


WEATHER CONDITIONS
 THE FOLLOWING WEATHER WAS RECORDED YESTERDAY.
  NO SIGNIFICANT WEATHER WAS OBSERVED.


RELATIVE HUMIDITY (PERCENT)
 HIGHEST    69           600 AM
 LOWEST     13           500 PM
 AVERAGE    41

..........................................................


THE ROSWELL NM CLIMATE NORMALS FOR TODAY
                         NORMAL    RECORD    YEAR
 MAXIMUM TEMPERATURE (F)   61        84      1979
                                             1967
 MINIMUM TEMPERATURE (F)   31        -4      1905


SUNRISE AND SUNSET
FEBRUARY 14 2016......SUNRISE   643 AM MST   SUNSET   542 PM MST
FEBRUARY 15 2016......SUNRISE   642 AM MST   SUNSET   543 PM MST


-  INDICATES NEGATIVE NUMBERS.
R  INDICATES RECORD WAS SET OR TIED.
MM INDICATES DATA IS MISSING.
T  INDICATES TRACE AMOUNT.

$$
