000
CDUS45 KABQ 060834
CLIROW


CLIMATE REPORT
NATIONAL WEATHER SERVICE ALBUQUERQUE NM
234 AM MDT MON JUL 6 2015


...................................

...THE ROSWELL NM CLIMATE SUMMARY FOR JULY 5 2015...

CLIMATE NORMAL PERIOD 1981 TO 2010
CLIMATE RECORD PERIOD 1893 TO 2015


WEATHER ITEM   OBSERVED TIME   RECORD YEAR NORMAL DEPARTURE
                VALUE   (LST)  VALUE       VALUE  FROM
                                                  NORMAL
...............................................................
TEMPERATURE (F)
 YESTERDAY
  MAXIMUM         97    151 PM 106    1971  94      3
  MINIMUM         66    521 AM  53    1905  67     -1
  AVERAGE         82                        81      1

PRECIPITATION (IN)
  YESTERDAY        0.03          2.69 1968   0.07  -0.04
  MONTH TO DATE    0.03                      0.38  -0.35
  SINCE JUN 1      2.93                      2.11   0.82
  SINCE JAN 1     10.62                      5.28   5.34

SNOWFALL (IN)
  YESTERDAY        0.0
  MONTH TO DATE    0.0
  SINCE JUN 1      0.0
  SINCE JUL 1      0.0

DEGREE DAYS
 HEATING
  YESTERDAY        0                         0      0
  MONTH TO DATE    0                         0      0
  SINCE JUN 1      0                         1     -1
  SINCE JUL 1      0                         0      0

 COOLING
  YESTERDAY       17                        16      1
  MONTH TO DATE   76                        78     -2
  SINCE JUN 1    484                       475      9
  SINCE JAN 1    591                       700   -109
...............................................................


WIND (MPH)
  HIGHEST WIND SPEED    23   HIGHEST WIND DIRECTION    SW (240)
  HIGHEST GUST SPEED    31   HIGHEST GUST DIRECTION     W (260)
  AVERAGE WIND SPEED     8.2


SKY COVER
  AVERAGE SKY COVER 0.1


WEATHER CONDITIONS
 THE FOLLOWING WEATHER WAS RECORDED YESTERDAY.
  LIGHT RAIN


RELATIVE HUMIDITY (PERCENT)
 HIGHEST    78           400 AM
 LOWEST     27           200 PM
 AVERAGE    53

..........................................................


THE ROSWELL NM CLIMATE NORMALS FOR TODAY
                         NORMAL    RECORD    YEAR
 MAXIMUM TEMPERATURE (F)   94       107      1993
                                             1992
 MINIMUM TEMPERATURE (F)   67        56      1912
                                             1906


SUNRISE AND SUNSET
JULY  6 2015..........SUNRISE   555 AM MDT   SUNSET   811 PM MDT
JULY  7 2015..........SUNRISE   555 AM MDT   SUNSET   811 PM MDT


-  INDICATES NEGATIVE NUMBERS.
R  INDICATES RECORD WAS SET OR TIED.
MM INDICATES DATA IS MISSING.
T  INDICATES TRACE AMOUNT.




$$
