000
CDUS45 KABQ 270828
CLIROW


CLIMATE REPORT
NATIONAL WEATHER SERVICE ALBUQUERQUE NM
127 AM MST FRI FEB 27 2015


...................................

...THE ROSWELL NM CLIMATE SUMMARY FOR FEBRUARY 26 2015...

CLIMATE NORMAL PERIOD 1981 TO 2010
CLIMATE RECORD PERIOD 1893 TO 2015


WEATHER ITEM   OBSERVED TIME   RECORD YEAR NORMAL DEPARTURE
                VALUE   (LST)  VALUE       VALUE  FROM
                                                  NORMAL
...............................................................
TEMPERATURE (F)
 YESTERDAY
  MAXIMUM         45   1220 AM  85    2009  63    -18
                                      1986
  MINIMUM         24   1159 PM  13    1952  33     -9
  AVERAGE         35                        48    -13

PRECIPITATION (IN)
  YESTERDAY        0.08          0.18 1987   0.02   0.06
  MONTH TO DATE    0.59                      0.39   0.20
  SINCE DEC 1      1.68                      1.41   0.27
  SINCE JAN 1      1.57                      0.77   0.80

SNOWFALL (IN)
  YESTERDAY        T
  MONTH TO DATE    0.5
  SINCE DEC 1     10.6
  SINCE JUL 1     12.4

DEGREE DAYS
 HEATING
  YESTERDAY       30                        17     13
  MONTH TO DATE  449                       508    -59
  SINCE DEC 1   1977                      2028    -51
  SINCE JUL 1   2634                      2674    -40

 COOLING
  YESTERDAY        0                         0      0
  MONTH TO DATE    0                         0      0
  SINCE DEC 1      0                         0      0
  SINCE JAN 1      0                         0      0
...............................................................


WIND (MPH)
  HIGHEST WIND SPEED    21   HIGHEST WIND DIRECTION     N (10)
  HIGHEST GUST SPEED    26   HIGHEST GUST DIRECTION     N (10)
  AVERAGE WIND SPEED    13.2


SKY COVER
  AVERAGE SKY COVER 1.0


WEATHER CONDITIONS
 THE FOLLOWING WEATHER WAS RECORDED YESTERDAY.
  LIGHT RAIN
  SNOW
  LIGHT SNOW
  FOG


RELATIVE HUMIDITY (PERCENT)
 HIGHEST    89           800 AM
 LOWEST     53          1200 AM
 AVERAGE    71

..........................................................


THE ROSWELL NM CLIMATE NORMALS FOR TODAY
                         NORMAL    RECORD    YEAR
 MAXIMUM TEMPERATURE (F)   64        85      1904
 MINIMUM TEMPERATURE (F)   34        11      1922


SUNRISE AND SUNSET
FEBRUARY 27 2015......SUNRISE   629 AM MST   SUNSET   553 PM MST
FEBRUARY 28 2015......SUNRISE   628 AM MST   SUNSET   554 PM MST


-  INDICATES NEGATIVE NUMBERS.
R  INDICATES RECORD WAS SET OR TIED.
MM INDICATES DATA IS MISSING.
T  INDICATES TRACE AMOUNT.




$$
