690
CDUS45 KABQ 290839
CLIROW


CLIMATE REPORT
NATIONAL WEATHER SERVICE ALBUQUERQUE NM
238 AM MDT MON AUG 29 2016


...................................

...THE ROSWELL NM CLIMATE SUMMARY FOR AUGUST 28 2016...

CLIMATE NORMAL PERIOD 1981 TO 2010
CLIMATE RECORD PERIOD 1893 TO 2016


WEATHER ITEM   OBSERVED TIME   RECORD YEAR NORMAL DEPARTURE
                VALUE   (LST)  VALUE       VALUE  FROM
                                                  NORMAL
...............................................................
TEMPERATURE (F)
 YESTERDAY
  MAXIMUM         86    302 PM 102    2011  91     -5
  MINIMUM         64    516 AM  55    1970  64      0
                                      1897
  AVERAGE         75                        77     -2

PRECIPITATION (IN)
  YESTERDAY        0.05          0.91 1996   0.07  -0.02
  MONTH TO DATE    4.33                      1.81   2.52
  SINCE JUN 1      5.31                      5.60  -0.29
  SINCE JAN 1      7.24                      8.77  -1.53

SNOWFALL (IN)
  YESTERDAY        0.0
  MONTH TO DATE    0.0
  SINCE JUN 1      0.0
  SINCE JUL 1      0.0

DEGREE DAYS
 HEATING
  YESTERDAY        0                         0      0
  MONTH TO DATE    0                         0      0
  SINCE JUN 1      0                         1     -1
  SINCE JUL 1      0                         0      0

 COOLING
  YESTERDAY       10                        12     -2
  MONTH TO DATE  406                       391     15
  SINCE JUN 1   1556                      1264    292
  SINCE JAN 1   1734                      1489    245
...............................................................


WIND (MPH)
  HIGHEST WIND SPEED    16   HIGHEST WIND DIRECTION     S (190)
  HIGHEST GUST SPEED    20   HIGHEST GUST DIRECTION     S (200)
  AVERAGE WIND SPEED     6.9


SKY COVER
  AVERAGE SKY COVER 0.1


WEATHER CONDITIONS
 THE FOLLOWING WEATHER WAS RECORDED YESTERDAY.
  THUNDERSTORM
  LIGHT RAIN


RELATIVE HUMIDITY (PERCENT)
 HIGHEST    87           200 AM
 LOWEST     40           300 PM
 AVERAGE    64

..........................................................


THE ROSWELL NM CLIMATE NORMALS FOR TODAY
                         NORMAL    RECORD    YEAR
 MAXIMUM TEMPERATURE (F)   90       103      2011
 MINIMUM TEMPERATURE (F)   64        52      1961


SUNRISE AND SUNSET
AUGUST 29 2016........SUNRISE   631 AM MDT   SUNSET   726 PM MDT
AUGUST 30 2016........SUNRISE   631 AM MDT   SUNSET   725 PM MDT


-  INDICATES NEGATIVE NUMBERS.
R  INDICATES RECORD WAS SET OR TIED.
MM INDICATES DATA IS MISSING.
T  INDICATES TRACE AMOUNT.




$$
