000
CDUS45 KABQ 230827
CLIROW


CLIMATE REPORT
NATIONAL WEATHER SERVICE ALBUQUERQUE NM
226 AM MDT SUN JUL 23 2017


...................................

...THE ROSWELL NM CLIMATE SUMMARY FOR JULY 22 2017...

CLIMATE NORMAL PERIOD 1981 TO 2010
CLIMATE RECORD PERIOD 1893 TO 2017


WEATHER ITEM   OBSERVED TIME   RECORD YEAR NORMAL DEPARTURE
                VALUE   (LST)  VALUE       VALUE  FROM
                                                  NORMAL
...............................................................
TEMPERATURE (F)
 YESTERDAY
  MAXIMUM         98    244 PM 104    2016  93      5
  MINIMUM         68    458 AM  54    1947  67      1
                                      1894
  AVERAGE         83                        80      3

PRECIPITATION (IN)
  YESTERDAY        T             0.95 1975   0.06  -0.06
  MONTH TO DATE    0.65                      1.52  -0.87
  SINCE JUN 1      1.21                      3.25  -2.04
  SINCE JAN 1      4.77                      6.42  -1.65

SNOWFALL (IN)
  YESTERDAY        0.0
  MONTH TO DATE    0.0
  SINCE JUN 1      0.0
  SINCE JUL 1      0.0

DEGREE DAYS
 HEATING
  YESTERDAY        0                         0      0
  MONTH TO DATE    0                         0      0
  SINCE JUN 1      0                         1     -1
  SINCE JUL 1      0                         0      0

 COOLING
  YESTERDAY       18                        15      3
  MONTH TO DATE  381                       342     39
  SINCE JUN 1    886                       739    147
  SINCE JAN 1   1167                       964    203
...............................................................


WIND (MPH)
  HIGHEST WIND SPEED    31   HIGHEST WIND DIRECTION     S (170)
  HIGHEST GUST SPEED    40   HIGHEST GUST DIRECTION    SE (150)
  AVERAGE WIND SPEED    10.0


SKY COVER
  AVERAGE SKY COVER 0.1


WEATHER CONDITIONS
 THE FOLLOWING WEATHER WAS RECORDED YESTERDAY.
  LIGHT RAIN


RELATIVE HUMIDITY (PERCENT)
 HIGHEST    61           600 AM
 LOWEST     24           100 PM
 AVERAGE    43

..........................................................


THE ROSWELL NM CLIMATE NORMALS FOR TODAY
                         NORMAL    RECORD    YEAR
 MAXIMUM TEMPERATURE (F)   93       106      1963
 MINIMUM TEMPERATURE (F)   67        58      1894


SUNRISE AND SUNSET
JULY 23 2017..........SUNRISE   605 AM MDT   SUNSET   804 PM MDT
JULY 24 2017..........SUNRISE   606 AM MDT   SUNSET   803 PM MDT


-  INDICATES NEGATIVE NUMBERS.
R  INDICATES RECORD WAS SET OR TIED.
MM INDICATES DATA IS MISSING.
T  INDICATES TRACE AMOUNT.




$$
