000
CDUS43 KARX 030643
CLIRST


CLIMATE REPORT
NATIONAL WEATHER SERVICE LA CROSSE WI
143 AM CDT WED JUN 3 2015


...................................

...THE ROCHESTER MN CLIMATE SUMMARY FOR JUNE 2 2015...

CLIMATE NORMAL PERIOD 1981 TO 2010
CLIMATE RECORD PERIOD 1886 TO 2015


WEATHER ITEM   OBSERVED TIME   RECORD YEAR NORMAL DEPARTURE LAST
                VALUE   (LST)  VALUE       VALUE  FROM      YEAR
                                                  NORMAL
..................................................................
TEMPERATURE (F)
 YESTERDAY
  MAXIMUM         74    503 PM  94    1934  74      0       78
  MINIMUM         48    425 AM  35    1888  53     -5       60
  AVERAGE         61                        64     -3       69

PRECIPITATION (IN)
  YESTERDAY        0.00          0.72 1916   0.15  -0.15      T
  MONTH TO DATE    0.00                      0.29  -0.29     0.87
  SINCE JUN 1      0.00                      0.29  -0.29     0.87
  SINCE JAN 1     12.61                     10.73   1.88    12.20

SNOWFALL (IN)
  YESTERDAY        0.0           0.0  2012   0.0    0.0      0.0
  MONTH TO DATE    0.0                       0.0    0.0      0.0
  SINCE JUL 1     50.4                      51.9   -1.5     60.5
  SNOW DEPTH       0

DEGREE DAYS
 HEATING
  YESTERDAY        4                         4      0        0
  MONTH TO DATE   14                         8      6        0
  SINCE JUL 1   8062                      7678    384     8906

 COOLING
  YESTERDAY        0                         2     -2        4
  MONTH TO DATE    0                         4     -4       12
  SINCE JAN 1     16                        38    -22       51
..................................................................


WIND (MPH)
  HIGHEST WIND SPEED    22   HIGHEST WIND DIRECTION     S (170)
  HIGHEST GUST SPEED    28   HIGHEST GUST DIRECTION    SE (150)
  AVERAGE WIND SPEED    12.4


SKY COVER
  POSSIBLE SUNSHINE  MM
  AVERAGE SKY COVER 0.1


WEATHER CONDITIONS
 THE FOLLOWING WEATHER WAS RECORDED YESTERDAY.
  NO SIGNIFICANT WEATHER WAS OBSERVED.


RELATIVE HUMIDITY (PERCENT)
 HIGHEST    80           200 AM
 LOWEST     44           600 PM
 AVERAGE    62

..........................................................


THE ROCHESTER MN CLIMATE NORMALS FOR TODAY
                         NORMAL    RECORD    YEAR
 MAXIMUM TEMPERATURE (F)   74        96      2011
 MINIMUM TEMPERATURE (F)   53        35      1946
                                             1945


SUNRISE AND SUNSET
JUNE  3 2015..........SUNRISE   530 AM CDT   SUNSET   847 PM CDT
JUNE  4 2015..........SUNRISE   529 AM CDT   SUNSET   848 PM CDT


-  INDICATES NEGATIVE NUMBERS.
R  INDICATES RECORD WAS SET OR TIED.
MM INDICATES DATA IS MISSING.
T  INDICATES TRACE AMOUNT.




$$
