000
CDUS43 KARX 200642
CLIRST


CLIMATE REPORT
NATIONAL WEATHER SERVICE LA CROSSE WI
141 AM CDT WED AUG 20 2014


...................................

...THE ROCHESTER MN CLIMATE SUMMARY FOR AUGUST 19 2014...

CLIMATE NORMAL PERIOD 1981 TO 2010
CLIMATE RECORD PERIOD 1886 TO 2014


WEATHER ITEM   OBSERVED TIME   RECORD YEAR NORMAL DEPARTURE LAST
                VALUE   (LST)  VALUE       VALUE  FROM      YEAR
                                                  NORMAL
..................................................................
TEMPERATURE (F)
 YESTERDAY
  MAXIMUM         79    358 PM  98    1916  79      0       81
  MINIMUM         64   1157 PM  40    1967  59      5       58
                                      1929
  AVERAGE         72                        69      3       70

PRECIPITATION (IN)
  YESTERDAY        T             2.16 1990   0.15  -0.15     0.00
  MONTH TO DATE    1.36                      2.80  -1.44     1.29
  SINCE JUN 1     10.09                     12.03  -1.94    10.29
  SINCE JAN 1     21.42                     22.47  -1.05    34.19

SNOWFALL (IN)
  YESTERDAY        0.0           0.0  2012   0.0    0.0      0.0
  MONTH TO DATE    0.0                       0.0    0.0      0.0
  SINCE JUL 1      0.0                       0.0    0.0      0.0
  SNOW DEPTH       0

DEGREE DAYS
 HEATING
  YESTERDAY        0                         1     -1        0
  MONTH TO DATE    0                        16    -16       11
  SINCE JUL 1     22                        27     -5       34

 COOLING
  YESTERDAY        7                         5      2        5
  MONTH TO DATE   94                       105    -11       26
  SINCE JAN 1    374                       476   -102      411
..................................................................


WIND (MPH)
  HIGHEST WIND SPEED    15   HIGHEST WIND DIRECTION     W (290)
  HIGHEST GUST SPEED    20   HIGHEST GUST DIRECTION    NW (320)
  AVERAGE WIND SPEED     6.8


SKY COVER
  POSSIBLE SUNSHINE  MM
  AVERAGE SKY COVER 0.5


WEATHER CONDITIONS
 THE FOLLOWING WEATHER WAS RECORDED YESTERDAY.
  LIGHT RAIN
  FOG


RELATIVE HUMIDITY (PERCENT)
 HIGHEST    93          1200 AM
 LOWEST     58           300 PM
 AVERAGE    76

..........................................................


THE ROCHESTER MN CLIMATE NORMALS FOR TODAY
                         NORMAL    RECORD    YEAR
 MAXIMUM TEMPERATURE (F)   79        96      1955
                                             1916
 MINIMUM TEMPERATURE (F)   59        35      1950


SUNRISE AND SUNSET
AUGUST 20 2014........SUNRISE   620 AM CDT   SUNSET   806 PM CDT
AUGUST 21 2014........SUNRISE   621 AM CDT   SUNSET   805 PM CDT


-  INDICATES NEGATIVE NUMBERS.
R  INDICATES RECORD WAS SET OR TIED.
MM INDICATES DATA IS MISSING.
T  INDICATES TRACE AMOUNT.




$$
