000
CDUS43 KARX 160651
CLIRST


CLIMATE REPORT
NATIONAL WEATHER SERVICE LA CROSSE WI
1250 AM CST TUE JAN 16 2018


...................................

...THE ROCHESTER MN CLIMATE SUMMARY FOR JANUARY 15 2018...

CLIMATE NORMAL PERIOD 1981 TO 2010
CLIMATE RECORD PERIOD 1886 TO 2018


WEATHER ITEM   OBSERVED TIME   RECORD YEAR NORMAL DEPARTURE LAST
                VALUE   (LST)  VALUE       VALUE  FROM      YEAR
                                                  NORMAL
..................................................................
TEMPERATURE (F)
 YESTERDAY
  MAXIMUM         10   1230 AM  50    1914  23    -13       24
  MINIMUM         -1    947 PM -36    1888   7     -8        0
  AVERAGE          5                        15    -10       12

PRECIPITATION (IN)
  YESTERDAY        0.02          0.77 1953   0.02   0.00     0.00
  MONTH TO DATE    0.48                      0.41   0.07     0.53
  SINCE DEC 1      0.99                      1.64  -0.65     2.60
  SINCE JAN 1      0.48                      0.41   0.07     0.53

SNOWFALL (IN)
  YESTERDAY        0.7           2.6  1976   0.4    0.3      0.0
  MONTH TO DATE    7.5                       5.4    2.1      3.7
  SINCE JUL 1     18.0                      24.8   -6.8     24.4
  SNOW DEPTH       5

DEGREE DAYS
 HEATING
  YESTERDAY       60                        50     10       53
  MONTH TO DATE  864                       741    123      832
  SINCE JUL 1   3894                      3819     75     3403

 COOLING
  YESTERDAY        0                         0      0        0
  MONTH TO DATE    0                         0      0        0
  SINCE JAN 1      0                         0      0        0
..................................................................


WIND (MPH)
  HIGHEST WIND SPEED    28   HIGHEST WIND DIRECTION    NW (320)
  HIGHEST GUST SPEED    36   HIGHEST GUST DIRECTION    NW (310)
  AVERAGE WIND SPEED    20.9


SKY COVER
  POSSIBLE SUNSHINE  MM
  AVERAGE SKY COVER 1.0


WEATHER CONDITIONS
 THE FOLLOWING WEATHER WAS RECORDED YESTERDAY.
  LIGHT SNOW
  FOG
  HAZE
  BLOWING SNOW


RELATIVE HUMIDITY (PERCENT)
 HIGHEST    92          1200 AM
 LOWEST     79           100 PM
 AVERAGE    86

..........................................................


THE ROCHESTER MN CLIMATE NORMALS FOR TODAY
                         NORMAL    RECORD    YEAR
 MAXIMUM TEMPERATURE (F)   23        48      1914
 MINIMUM TEMPERATURE (F)    7       -29      1977


SUNRISE AND SUNSET
JANUARY 16 2018.......SUNRISE   741 AM CST   SUNSET   459 PM CST
JANUARY 17 2018.......SUNRISE   740 AM CST   SUNSET   501 PM CST


-  INDICATES NEGATIVE NUMBERS.
R  INDICATES RECORD WAS SET OR TIED.
MM INDICATES DATA IS MISSING.
T  INDICATES TRACE AMOUNT.




$$
