000
CDUS43 KARX 230638
CLIRST


CLIMATE REPORT
NATIONAL WEATHER SERVICE LA CROSSE WI
137 AM CDT MON OCT 23 2017


...................................

...THE ROCHESTER MN CLIMATE SUMMARY FOR OCTOBER 22 2017...

CLIMATE NORMAL PERIOD 1981 TO 2010
CLIMATE RECORD PERIOD 1886 TO 2017


WEATHER ITEM   OBSERVED TIME   RECORD YEAR NORMAL DEPARTURE LAST
                VALUE   (LST)  VALUE       VALUE  FROM      YEAR
                                                  NORMAL
..................................................................
TEMPERATURE (F)
 YESTERDAY
  MAXIMUM         61    335 PM  80    1992  56      5       66
  MINIMUM         44    758 PM  16    1930  37      7       37
  AVERAGE         53                        46      7       52

PRECIPITATION (IN)
  YESTERDAY        0.00          1.94 1979   0.06  -0.06     0.00
  MONTH TO DATE    4.81                      1.68   3.13     0.72
  SINCE SEP 1      6.98                      5.13   1.85     9.82
  SINCE JAN 1     31.48                     29.32   2.16    38.09

SNOWFALL (IN)
  YESTERDAY        0.0           5.0  1979   0.0    0.0      0.0
  MONTH TO DATE    0.0                       0.3   -0.3      0.0
  SINCE JUL 1      0.0                       0.3   -0.3      0.0
  SNOW DEPTH       0

DEGREE DAYS
 HEATING
  YESTERDAY       12                        19     -7       13
  MONTH TO DATE  222                       332   -110      240
  SINCE JUL 1    374                       547   -173      317

 COOLING
  YESTERDAY        0                         0      0        0
  MONTH TO DATE    1                         4     -3        1
  SINCE JAN 1    494                       583    -89      629
..................................................................


WIND (MPH)
  HIGHEST WIND SPEED    17   HIGHEST WIND DIRECTION     W (270)
  HIGHEST GUST SPEED    20   HIGHEST GUST DIRECTION     W (290)
  AVERAGE WIND SPEED     9.1


SKY COVER
  POSSIBLE SUNSHINE  MM
  AVERAGE SKY COVER 0.2


WEATHER CONDITIONS
 THE FOLLOWING WEATHER WAS RECORDED YESTERDAY.
  NO SIGNIFICANT WEATHER WAS OBSERVED.


RELATIVE HUMIDITY (PERCENT)
 HIGHEST    86           100 AM
 LOWEST     39           300 PM
 AVERAGE    63

..........................................................


THE ROCHESTER MN CLIMATE NORMALS FOR TODAY
                         NORMAL    RECORD    YEAR
 MAXIMUM TEMPERATURE (F)   55        77      1963
 MINIMUM TEMPERATURE (F)   36        10      1936


SUNRISE AND SUNSET
OCTOBER 23 2017.......SUNRISE   735 AM CDT   SUNSET   613 PM CDT
OCTOBER 24 2017.......SUNRISE   736 AM CDT   SUNSET   611 PM CDT


-  INDICATES NEGATIVE NUMBERS.
R  INDICATES RECORD WAS SET OR TIED.
MM INDICATES DATA IS MISSING.
T  INDICATES TRACE AMOUNT.




$$
