000
CDUS45 KCYS 260728
CLIRWL


CLIMATE REPORT
NATIONAL WEATHER SERVICE CHEYENNE WY
127 AM MDT TUE JUL 26 2016


...................................

...THE RAWLINS WY AIRPORT CLIMATE SUMMARY FOR JULY 25 2016...

CLIMATE NORMAL PERIOD 1981 TO 2010
CLIMATE RECORD PERIOD 1951 TO 2016


WEATHER ITEM   OBSERVED TIME   RECORD YEAR NORMAL DEPARTURE LAST
                VALUE   (LST)  VALUE       VALUE  FROM      YEAR
                                                  NORMAL
..................................................................
TEMPERATURE (F)
 YESTERDAY
  MAXIMUM         92    255 PM  93    2011  85      7       86
  MINIMUM         42R   448 AM  42    1975  52    -10       50
  AVERAGE         67                        68     -1       68

PRECIPITATION (IN)
  YESTERDAY        0.00          1.08 2007   0.03  -0.03     0.00
  MONTH TO DATE    0.06                      0.66  -0.60     0.95
  SINCE JAN 1      6.06                      5.61   0.45     7.82

DEGREE DAYS
 HEATING
  YESTERDAY        0                         1     -1        0
  MONTH TO DATE   16                        32    -16       22
  SINCE JUN 1     70                       222   -152       88
  SINCE JUL 1     16                        32    -16       22

 COOLING
  YESTERDAY        2                         4     -2        3
  MONTH TO DATE   89                        78     11       51
  SINCE JUN 1    130                        97     33      112
  SINCE JAN 1    130                        97     33      112
..................................................................


WIND (MPH)
  HIGHEST WIND SPEED    28   HIGHEST WIND DIRECTION    NW (320)
  HIGHEST GUST SPEED    35   HIGHEST GUST DIRECTION    NW (320)
  AVERAGE WIND SPEED     7.0


SKY COVER
  AVERAGE SKY COVER 0.0


WEATHER CONDITIONS
 THE FOLLOWING WEATHER WAS RECORDED YESTERDAY.
  NO SIGNIFICANT WEATHER WAS OBSERVED.


RELATIVE HUMIDITY (PERCENT)
 HIGHEST    70           400 AM
 LOWEST      5           100 PM
 AVERAGE    38

..........................................................


THE RAWLINS WY AIRPORT CLIMATE NORMALS FOR TODAY
                         NORMAL    RECORD    YEAR
 MAXIMUM TEMPERATURE (F)   85        97      2000
 MINIMUM TEMPERATURE (F)   52        43      1995
                                             1973


SUNRISE AND SUNSET
JULY 26 2016..........SUNRISE   557 AM MDT   SUNSET   833 PM MDT
JULY 27 2016..........SUNRISE   558 AM MDT   SUNSET   832 PM MDT


-  INDICATES NEGATIVE NUMBERS.
R  INDICATES RECORD WAS SET OR TIED.
MM INDICATES DATA IS MISSING.
T  INDICATES TRACE AMOUNT.




$$
