000
CDUS45 KCYS 290745
CLIRWL


CLIMATE REPORT
NATIONAL WEATHER SERVICE CHEYENNE WY
145 AM MDT THU SEP 29 2016


...................................

...THE RAWLINS WY AIRPORT CLIMATE SUMMARY FOR SEPTEMBER 28 2016...

CLIMATE NORMAL PERIOD 1981 TO 2010
CLIMATE RECORD PERIOD 1951 TO 2016


WEATHER ITEM   OBSERVED TIME   RECORD YEAR NORMAL DEPARTURE LAST
                VALUE   (LST)  VALUE       VALUE  FROM      YEAR
                                                  NORMAL
..................................................................
TEMPERATURE (F)
 YESTERDAY
  MAXIMUM         79    258 PM  85    2010  65     14       72
  MINIMUM         32    600 AM  19    1985  36     -4       47
  AVERAGE         56                        50      6       60

PRECIPITATION (IN)
  YESTERDAY        0.00          0.51 2014   0.04  -0.04     0.22
  MONTH TO DATE    0.63                      0.91  -0.28     0.86
  SINCE JAN 1      6.77                      7.46  -0.69     9.16

DEGREE DAYS
 HEATING
  YESTERDAY        9                        15     -6        5
  MONTH TO DATE  259                       261     -2      130
  SINCE SEP 1    259                       261     -2      130
  SINCE JUL 1    350                       354     -4      213

 COOLING
  YESTERDAY        0                         0      0        0
  MONTH TO DATE   15                         2     13       10
  SINCE SEP 1     15                         2     13       10
  SINCE JAN 1    235                       183     52      213
..................................................................


WIND (MPH)
  HIGHEST WIND SPEED    20   HIGHEST WIND DIRECTION    NE (60)
  HIGHEST GUST SPEED    25   HIGHEST GUST DIRECTION    NE (60)
  AVERAGE WIND SPEED     6.8


SKY COVER
  AVERAGE SKY COVER 0.0


WEATHER CONDITIONS
 THE FOLLOWING WEATHER WAS RECORDED YESTERDAY.
  NO SIGNIFICANT WEATHER WAS OBSERVED.


RELATIVE HUMIDITY (PERCENT)
 HIGHEST    78           600 AM
 LOWEST     15           300 PM
 AVERAGE    47

..........................................................


THE RAWLINS WY AIRPORT CLIMATE NORMALS FOR TODAY
                         NORMAL    RECORD    YEAR
 MAXIMUM TEMPERATURE (F)   64        81      1998
 MINIMUM TEMPERATURE (F)   35        16      1985
                                             1984


SUNRISE AND SUNSET
SEPTEMBER 29 2016.....SUNRISE   704 AM MDT   SUNSET   653 PM MDT
SEPTEMBER 30 2016.....SUNRISE   705 AM MDT   SUNSET   651 PM MDT


-  INDICATES NEGATIVE NUMBERS.
R  INDICATES RECORD WAS SET OR TIED.
MM INDICATES DATA IS MISSING.
T  INDICATES TRACE AMOUNT.




$$
