000
CDUS45 KCYS 270730
CLIRWL


CLIMATE REPORT
NATIONAL WEATHER SERVICE CHEYENNE WY
129 AM MDT WED MAY 27 2015


...................................

...THE RAWLINS WY AIRPORT CLIMATE SUMMARY FOR MAY 26 2015...

CLIMATE NORMAL PERIOD 1981 TO 2010
CLIMATE RECORD PERIOD 1951 TO 2015


WEATHER ITEM   OBSERVED TIME   RECORD YEAR NORMAL DEPARTURE LAST
                VALUE   (LST)  VALUE       VALUE  FROM      YEAR
                                                  NORMAL
..................................................................
TEMPERATURE (F)
 YESTERDAY
  MAXIMUM         64    204 PM  84    2006  67     -3       75
  MINIMUM         38    121 AM  26    1975  38      0       37
  AVERAGE         51                        52     -1       56

PRECIPITATION (IN)
  YESTERDAY        0.10          0.47 1967   0.05   0.05     0.00
  MONTH TO DATE    4.20                      1.17   3.03     0.84
  SINCE JAN 1      6.10                      3.68   2.42     2.48

DEGREE DAYS
 HEATING
  YESTERDAY       14                        13      1        9
  MONTH TO DATE  467                       425     42      402
  SINCE MAR 1   1984                      2187   -203     2053
  SINCE JUL 1   7215                      8144   -929     7817

 COOLING
  YESTERDAY        0                         0      0        0
  MONTH TO DATE    0                         0      0        0
  SINCE MAR 1      0                         0      0        0
  SINCE JAN 1      0                         0      0        0
..................................................................


WIND (MPH)
  HIGHEST WIND SPEED    28   HIGHEST WIND DIRECTION    SW (210)
  HIGHEST GUST SPEED    35   HIGHEST GUST DIRECTION    SW (220)
  AVERAGE WIND SPEED    10.1


SKY COVER
  AVERAGE SKY COVER 0.3


WEATHER CONDITIONS
 THE FOLLOWING WEATHER WAS RECORDED YESTERDAY.
  LIGHT RAIN
  FOG


RELATIVE HUMIDITY (PERCENT)
 HIGHEST    92          1200 AM
 LOWEST     39           200 PM
 AVERAGE    66

..........................................................


THE RAWLINS WY AIRPORT CLIMATE NORMALS FOR TODAY
                         NORMAL    RECORD    YEAR
 MAXIMUM TEMPERATURE (F)   68        83      1969
 MINIMUM TEMPERATURE (F)   38        28      1965
                                             1952


SUNRISE AND SUNSET
MAY 27 2015...........SUNRISE   539 AM MDT   SUNSET   833 PM MDT
MAY 28 2015...........SUNRISE   539 AM MDT   SUNSET   834 PM MDT


-  INDICATES NEGATIVE NUMBERS.
R  INDICATES RECORD WAS SET OR TIED.
MM INDICATES DATA IS MISSING.
T  INDICATES TRACE AMOUNT.




$$
