000
CDUS45 KCYS 270736
CLIRWL


CLIMATE REPORT
NATIONAL WEATHER SERVICE CHEYENNE WY
134 AM MDT THU AUG 27 2015


...................................

...THE RAWLINS WY AIRPORT CLIMATE SUMMARY FOR AUGUST 26 2015...

CLIMATE NORMAL PERIOD 1981 TO 2010
CLIMATE RECORD PERIOD 1951 TO 2015


WEATHER ITEM   OBSERVED TIME   RECORD YEAR NORMAL DEPARTURE LAST
                VALUE   (LST)  VALUE       VALUE  FROM      YEAR
                                                  NORMAL
..................................................................
TEMPERATURE (F)
 YESTERDAY
  MAXIMUM         84    243 PM  90    2011  79      5       72
                                      1994
                                      1985
  MINIMUM         55    128 AM  35    1992  47      8       48
  AVERAGE         70                        63      7       60

PRECIPITATION (IN)
  YESTERDAY        0.04          0.47 2004   0.03   0.01     0.02
  MONTH TO DATE    0.34                      0.64  -0.30     0.75
  SINCE JAN 1      8.16                      6.43   1.73     4.06

DEGREE DAYS
 HEATING
  YESTERDAY        0                         3     -3        5
  MONTH TO DATE   42                        41      1       54
  SINCE JUN 1    145                       266   -121      252
  SINCE JUL 1     79                        76      3       80

 COOLING
  YESTERDAY        5                         1      4        0
  MONTH TO DATE   70                        59     11       32
  SINCE JUN 1    192                       176     16      207
  SINCE JAN 1    192                       176     16      209
..................................................................


WIND (MPH)
  HIGHEST WIND SPEED    25   HIGHEST WIND DIRECTION     E (110)
  HIGHEST GUST SPEED    34   HIGHEST GUST DIRECTION     E (110)
  AVERAGE WIND SPEED     8.6


SKY COVER
  AVERAGE SKY COVER 0.3


WEATHER CONDITIONS
 THE FOLLOWING WEATHER WAS RECORDED YESTERDAY.
  LIGHT RAIN


RELATIVE HUMIDITY (PERCENT)
 HIGHEST    80          1000 PM
 LOWEST     20          1100 AM
 AVERAGE    50

..........................................................


THE RAWLINS WY AIRPORT CLIMATE NORMALS FOR TODAY
                         NORMAL    RECORD    YEAR
 MAXIMUM TEMPERATURE (F)   79        90      2011
                                             2001
 MINIMUM TEMPERATURE (F)   47        34      1976


SUNRISE AND SUNSET
AUGUST 27 2015........SUNRISE   629 AM MDT   SUNSET   751 PM MDT
AUGUST 28 2015........SUNRISE   630 AM MDT   SUNSET   749 PM MDT


-  INDICATES NEGATIVE NUMBERS.
R  INDICATES RECORD WAS SET OR TIED.
MM INDICATES DATA IS MISSING.
T  INDICATES TRACE AMOUNT.




$$
