000
CDUS45 KPIH 012338 RRA
CLIRXE

CLIMATE REPORT
NATIONAL WEATHER SERVICE POCATELLO ID
521 PM MDT TUE SEP 1 2015


...................................

...THE REXBURG ID CLIMATE SUMMARY FOR SEPTEMBER 1 2015...
VALID TODAY AS OF 0500 PM LOCAL TIME.

CLIMATE NORMAL PERIOD 1981 TO 2010
CLIMATE RECORD PERIOD 1998 TO 2015


WEATHER ITEM   OBSERVED TIME   RECORD YEAR NORMAL DEPARTURE LAST
                VALUE   (LST)  VALUE       VALUE  FROM      YEAR
                                                  NORMAL
..................................................................
TEMPERATURE (F)
 TODAY
  MAXIMUM         85    332 PM  90    2013  78      7       70
  MINIMUM         41    533 AM  33    2006  45     -4       44
  AVERAGE         63                        62      1       57

PRECIPITATION (IN)
  TODAY            0.00         MM      MM   0.03  -0.03     0.00
  MONTH TO DATE    0.00                      0.03  -0.03     0.00
  SINCE OCT 1      9.91                     12.16  -2.25    13.13
  SINCE JAN 1      7.14                      8.95  -1.81    11.27

SNOWFALL (IN)
  TODAY           MM
  MONTH TO DATE   MM
  SINCE SEP 1     MM
  SINCE JUL 1     MM
  SNOW DEPTH      MM

DEGREE DAYS
 HEATING
  TODAY            2                         4     -2        8
  MONTH TO DATE    2                         4     -2        8
  SINCE SEP 1      2                         4     -2        8
  SINCE JUL 1     77                        77      0       82

 COOLING
  TODAY            0                         1     -1        0
  MONTH TO DATE    0                         1     -1        0
  SINCE SEP 1      0                         1     -1        0
  SINCE JAN 1    289                       203     86      222
..................................................................


WIND (MPH)
  HIGHEST WIND SPEED    20   HIGHEST WIND DIRECTION    SW (210)
  HIGHEST GUST SPEED    24   HIGHEST GUST DIRECTION    SW (220)
  AVERAGE WIND SPEED     7.4


SKY COVER
  POSSIBLE SUNSHINE  MM
  AVERAGE SKY COVER 0.0


WEATHER CONDITIONS
 THE FOLLOWING WEATHER WAS RECORDED TODAY.
  NO SIGNIFICANT WEATHER WAS OBSERVED.


RELATIVE HUMIDITY (PERCENT)
 HIGHEST    70           400 AM
 LOWEST     14           300 PM
 AVERAGE    42

..........................................................


THE REXBURG ID CLIMATE NORMALS FOR TOMORROW
                         NORMAL    RECORD    YEAR
 MAXIMUM TEMPERATURE (F)   78        91      2007
 MINIMUM TEMPERATURE (F)   44        36      2006


SUNRISE AND SUNSET
SEPTEMBER  1 2015.....SUNRISE   650 AM MDT   SUNSET   803 PM MDT
SEPTEMBER  2 2015.....SUNRISE   652 AM MDT   SUNSET   801 PM MDT


-  INDICATES NEGATIVE NUMBERS.
R  INDICATES RECORD WAS SET OR TIED.
MM INDICATES DATA IS MISSING.
T  INDICATES TRACE AMOUNT.




$$
