000
CDUS45 KPIH 250731
CLIRXE


CLIMATE REPORT
NATIONAL WEATHER SERVICE POCATELLO ID
129 AM MDT MON MAY 25 2015


...................................

...THE REXBURG ID CLIMATE SUMMARY FOR MAY 24 2015...

CLIMATE NORMAL PERIOD 1981 TO 2010
CLIMATE RECORD PERIOD 1998 TO 2015


WEATHER ITEM   OBSERVED TIME   RECORD YEAR NORMAL DEPARTURE LAST
                VALUE   (LST)  VALUE       VALUE  FROM      YEAR
                                                  NORMAL
..................................................................
TEMPERATURE (F)
 YESTERDAY
  MAXIMUM         68    425 PM  87    2003  68      0       75
  MINIMUM         38    534 AM  31    2012  41     -3       45
  AVERAGE         53                        55     -2       60

PRECIPITATION (IN)
  YESTERDAY        T            MM      MM   0.06  -0.06     0.00
  MONTH TO DATE    2.40                      1.31   1.09     0.56
  SINCE OCT 1      6.98                      8.63  -1.65     6.89
  SINCE JAN 1      4.21                      5.42  -1.21     5.03

SNOWFALL (IN)
  YESTERDAY       MM
  MONTH TO DATE   MM
  SINCE MAR 1     MM
  SINCE JUL 1     MM
  SNOW DEPTH      MM

DEGREE DAYS
 HEATING
  YESTERDAY       12                        10      2        5
  MONTH TO DATE  283                       326    -43      303
  SINCE MAR 1   1619                      1918   -299     1792
  SINCE JUL 1   6703                      7891  -1188     7607

 COOLING
  YESTERDAY        0                         0      0        0
  MONTH TO DATE    0                         0      0        0
  SINCE MAR 1      0                         0      0        0
  SINCE JAN 1      0                         0      0        0
..................................................................


WIND (MPH)
  HIGHEST WIND SPEED    18   HIGHEST WIND DIRECTION     N (20)
  HIGHEST GUST SPEED    24   HIGHEST GUST DIRECTION    NE (30)
  AVERAGE WIND SPEED     5.5


SKY COVER
  POSSIBLE SUNSHINE  MM
  AVERAGE SKY COVER 0.6


WEATHER CONDITIONS
 THE FOLLOWING WEATHER WAS RECORDED YESTERDAY.
  FOG
  FOG W/VISIBILITY <= 1/4 MILE


RELATIVE HUMIDITY (PERCENT)
 HIGHEST   100           400 AM
 LOWEST     34           200 PM
 AVERAGE    67

..........................................................


THE REXBURG ID CLIMATE NORMALS FOR TODAY
                         NORMAL    RECORD    YEAR
 MAXIMUM TEMPERATURE (F)   69        87      2003
 MINIMUM TEMPERATURE (F)   42        34      2005
                                             2004


SUNRISE AND SUNSET
MAY 25 2015...........SUNRISE   553 AM MDT   SUNSET   856 PM MDT
MAY 26 2015...........SUNRISE   552 AM MDT   SUNSET   857 PM MDT


-  INDICATES NEGATIVE NUMBERS.
R  INDICATES RECORD WAS SET OR TIED.
MM INDICATES DATA IS MISSING.
T  INDICATES TRACE AMOUNT.




$$
