000
CDUS45 KPIH 262335
CLIRXE


CLIMATE REPORT
NATIONAL WEATHER SERVICE POCATELLO ID
433 PM MST THU FEB 26 2015


...................................

...THE REXBURG ID CLIMATE SUMMARY FOR FEBRUARY 26 2015...
VALID TODAY AS OF 0400 PM LOCAL TIME.

CLIMATE NORMAL PERIOD 1981 TO 2010
CLIMATE RECORD PERIOD 1998 TO 2015


WEATHER ITEM   OBSERVED TIME   RECORD YEAR NORMAL DEPARTURE LAST
                VALUE   (LST)  VALUE       VALUE  FROM      YEAR
                                                  NORMAL
..................................................................
TEMPERATURE (F)
 TODAY
  MAXIMUM         40    312 PM  43    2014  36      4       43
  MINIMUM         20    223 AM -15    2002  16      4       14
  AVERAGE         30                        26      4       29

PRECIPITATION (IN)
  TODAY            0.00         MM      MM   0.03  -0.03     0.00
  MONTH TO DATE    0.29                      0.77  -0.48     0.50
  SINCE OCT 1      3.78                      4.72  -0.94     3.22
  SINCE JAN 1      1.01                      1.51  -0.50     1.36

SNOWFALL (IN)
  TODAY           MM
  MONTH TO DATE   MM
  SINCE DEC 1     MM
  SINCE JUL 1     MM
  SNOW DEPTH      MM

DEGREE DAYS
 HEATING
  TODAY           35                        39     -4       36
  MONTH TO DATE  788                      1119   -331     1032
  SINCE DEC 1   3199                      3884   -685     3999
  SINCE JUL 1   5009                      5896   -887     5762

 COOLING
  TODAY            0                         0      0        0
  MONTH TO DATE    0                         0      0        0
  SINCE DEC 1      0                         0      0        0
  SINCE JAN 1      0                         0      0        0
..................................................................


WIND (MPH)
  HIGHEST WIND SPEED    16   HIGHEST WIND DIRECTION    NE (30)
  HIGHEST GUST SPEED    22   HIGHEST GUST DIRECTION     N (20)
  AVERAGE WIND SPEED     7.5


SKY COVER
  POSSIBLE SUNSHINE  MM
  AVERAGE SKY COVER 0.5


WEATHER CONDITIONS
 THE FOLLOWING WEATHER WAS RECORDED TODAY.
  NO SIGNIFICANT WEATHER WAS OBSERVED.


RELATIVE HUMIDITY (PERCENT)
 HIGHEST    74          1200 AM
 LOWEST     23           300 PM
 AVERAGE    49

..........................................................


THE REXBURG ID CLIMATE NORMALS FOR TOMORROW
                         NORMAL    RECORD    YEAR
 MAXIMUM TEMPERATURE (F)   37        47      2014
 MINIMUM TEMPERATURE (F)   16        -2      2002


SUNRISE AND SUNSET
FEBRUARY 26 2015......SUNRISE   709 AM MST   SUNSET   612 PM MST
FEBRUARY 27 2015......SUNRISE   708 AM MST   SUNSET   613 PM MST


-  INDICATES NEGATIVE NUMBERS.
R  INDICATES RECORD WAS SET OR TIED.
MM INDICATES DATA IS MISSING.
T  INDICATES TRACE AMOUNT.




$$
