000
CDUS45 KPIH 170730
CLIRXE


CLIMATE REPORT
NATIONAL WEATHER SERVICE POCATELLO ID
128 AM MDT WED SEP 17 2014


...................................

...THE REXBURG ID CLIMATE SUMMARY FOR SEPTEMBER 16 2014...

CLIMATE NORMAL PERIOD 1981 TO 2010
CLIMATE RECORD PERIOD 1998 TO 2014


WEATHER ITEM   OBSERVED TIME   RECORD YEAR NORMAL DEPARTURE LAST
                VALUE   (LST)  VALUE       VALUE  FROM      YEAR
                                                  NORMAL
..................................................................
TEMPERATURE (F)
 YESTERDAY
  MAXIMUM         84    401 PM  89    2000  71     13       82
  MINIMUM         47    502 AM  36    2007  40      7       49
                                      2006
  AVERAGE         66                        55     11       66

PRECIPITATION (IN)
  YESTERDAY        0.00         MM      MM   0.03  -0.03     0.00
  MONTH TO DATE    0.17                      0.46  -0.29     0.38
  SINCE OCT 1     13.30                     12.59   0.71     9.05
  SINCE JAN 1     11.44                      9.38   2.06     5.66

SNOWFALL (IN)
  YESTERDAY       MM
  MONTH TO DATE   MM
  SINCE SEP 1     MM
  SINCE JUL 1     MM
  SNOW DEPTH      MM

DEGREE DAYS
 HEATING
  YESTERDAY        0                        10    -10        0
  MONTH TO DATE  131                       111     20        6
  SINCE SEP 1    131                       111     20        6
  SINCE JUL 1    205                       184     21        6

 COOLING
  YESTERDAY        1                         0      1        1
  MONTH TO DATE    1                         5     -4       34
  SINCE SEP 1      1                         5     -4       34
  SINCE JAN 1    223                       207     16      447
..................................................................


WIND (MPH)
  HIGHEST WIND SPEED     8   HIGHEST WIND DIRECTION    NE (50)
  HIGHEST GUST SPEED    11   HIGHEST GUST DIRECTION    SW (230)
  AVERAGE WIND SPEED     3.0


SKY COVER
  POSSIBLE SUNSHINE  MM
  AVERAGE SKY COVER 0.1


WEATHER CONDITIONS
 THE FOLLOWING WEATHER WAS RECORDED YESTERDAY.
  NO SIGNIFICANT WEATHER WAS OBSERVED.


RELATIVE HUMIDITY (PERCENT)
 HIGHEST    71           200 AM
 LOWEST     17           200 PM
 AVERAGE    44

..........................................................


THE REXBURG ID CLIMATE NORMALS FOR TODAY
                         NORMAL    RECORD    YEAR
 MAXIMUM TEMPERATURE (F)   71        86      1998
 MINIMUM TEMPERATURE (F)   39        30      2006


SUNRISE AND SUNSET
SEPTEMBER 17 2014.....SUNRISE   709 AM MDT   SUNSET   734 PM MDT
SEPTEMBER 18 2014.....SUNRISE   710 AM MDT   SUNSET   732 PM MDT


-  INDICATES NEGATIVE NUMBERS.
R  INDICATES RECORD WAS SET OR TIED.
MM INDICATES DATA IS MISSING.
T  INDICATES TRACE AMOUNT.




$$
