000
CDUS45 KPIH 281020 CCA
CLIRXE

CLIMATE REPORT
NATIONAL WEATHER SERVICE POCATELLO ID
1235 AM MST WED JAN 28 2015


...................................

...THE REXBURG ID CLIMATE SUMMARY FOR JANUARY 27 2015...

CLIMATE NORMAL PERIOD 1981 TO 2010
CLIMATE RECORD PERIOD 1998 TO 2015


WEATHER ITEM   OBSERVED TIME   RECORD YEAR NORMAL DEPARTURE LAST
                VALUE   (LST)  VALUE       VALUE  FROM      YEAR
                                                  NORMAL
..................................................................
TEMPERATURE (F)
 YESTERDAY
  MAXIMUM         MM   1258 PM  42    2003  29     29       31
  MINIMUM         19    751 AM -22    2009  11      8        6
  AVERAGE         39                        20     19       19

PRECIPITATION (IN)
  YESTERDAY        0.05         MM      MM   0.02   0.03     0.00
  MONTH TO DATE    0.51                      0.67  -0.16     0.46
  SINCE OCT 1      3.28                      3.88  -0.60     2.32
  SINCE JAN 1      0.51                      0.67  -0.16     0.46

SNOWFALL (IN)
  YESTERDAY       MM
  MONTH TO DATE   MM
  SINCE DEC 1     MM
  SINCE JUL 1     MM
  SNOW DEPTH      MM

DEGREE DAYS
 HEATING
  YESTERDAY       26                        45    -19       46
  MONTH TO DATE 1167                      1215    -48     1209
  SINCE DEC 1   2326                      2585   -259     2785
  SINCE JUL 1   4136                      4597   -461     4548

 COOLING
  YESTERDAY        0                         0      0        0
  MONTH TO DATE    0                         0      0        0
  SINCE DEC 1      0                         0      0        0
  SINCE JAN 1      0                         0      0        0
..................................................................


WIND (MPH)
  HIGHEST WIND SPEED     8   HIGHEST WIND DIRECTION     W (290)
  HIGHEST GUST SPEED    10   HIGHEST GUST DIRECTION     W (280)
  AVERAGE WIND SPEED     3.1


SKY COVER
  POSSIBLE SUNSHINE  MM
  AVERAGE SKY COVER 0.3


WEATHER CONDITIONS
 THE FOLLOWING WEATHER WAS RECORDED YESTERDAY.
  LIGHT RAIN
  HAZE


RELATIVE HUMIDITY (PERCENT)
 HIGHEST    85           900 PM
 LOWEST     41           100 PM
 AVERAGE    63

..........................................................


THE REXBURG ID CLIMATE NORMALS FOR TODAY
                         NORMAL    RECORD    YEAR
 MAXIMUM TEMPERATURE (F)   29        37      2008
 MINIMUM TEMPERATURE (F)   11        -7      2014


SUNRISE AND SUNSET
JANUARY 28 2015.......SUNRISE   748 AM MST   SUNSET   532 PM MST
JANUARY 29 2015.......SUNRISE   747 AM MST   SUNSET   534 PM MST


-  INDICATES NEGATIVE NUMBERS.
R  INDICATES RECORD WAS SET OR TIED.
MM INDICATES DATA IS MISSING.
T  INDICATES TRACE AMOUNT.




$$
