000
CDUS45 KPIH 260730
CLIRXE


CLIMATE REPORT
NATIONAL WEATHER SERVICE POCATELLO ID
130 AM MDT SAT JUL 26 2014


...................................

...THE REXBURG ID CLIMATE SUMMARY FOR JULY 25 2014...

CLIMATE NORMAL PERIOD 1981 TO 2010
CLIMATE RECORD PERIOD 1998 TO 2014


WEATHER ITEM   OBSERVED TIME   RECORD YEAR NORMAL DEPARTURE LAST
                VALUE   (LST)  VALUE       VALUE  FROM      YEAR
                                                  NORMAL
..................................................................
TEMPERATURE (F)
 YESTERDAY
  MAXIMUM         81    533 PM  93    2008  86     -5       90
  MINIMUM         41R   538 AM  46    2010  52    -11       49
                                      2000
  AVERAGE         61                        69     -8       70

PRECIPITATION (IN)
  YESTERDAY        0.00         MM      MM   0.02  -0.02     0.00
  MONTH TO DATE    1.30                      0.60   0.70     0.14
  SINCE OCT 1      8.95                     11.05  -2.10     8.01
  SINCE JAN 1      7.09                      7.84  -0.75     4.62

SNOWFALL (IN)
  YESTERDAY       MM
  MONTH TO DATE   MM
  SINCE JUN 1     MM
  SINCE JUL 1     MM
  SNOW DEPTH      MM

DEGREE DAYS
 HEATING
  YESTERDAY        4                         0      4        0
  MONTH TO DATE    7                        27    -20        0
  SINCE JUN 1    162                       199    -37      117
  SINCE JUL 1      7                        27    -20        0

 COOLING
  YESTERDAY        0                         4     -4        5
  MONTH TO DATE  142                        65     77      166
  SINCE JUN 1    145                        83     62      225
  SINCE JAN 1    145                        87     58      227
..................................................................


WIND (MPH)
  HIGHEST WIND SPEED    17   HIGHEST WIND DIRECTION     S (200)
  HIGHEST GUST SPEED    25   HIGHEST GUST DIRECTION    SW (230)
  AVERAGE WIND SPEED     9.5


SKY COVER
  POSSIBLE SUNSHINE  MM
  AVERAGE SKY COVER 0.0


WEATHER CONDITIONS
 THE FOLLOWING WEATHER WAS RECORDED YESTERDAY.
  NO SIGNIFICANT WEATHER WAS OBSERVED.


RELATIVE HUMIDITY (PERCENT)
 HIGHEST    76           600 AM
 LOWEST     15           300 PM
 AVERAGE    46

..........................................................


THE REXBURG ID CLIMATE NORMALS FOR TODAY
                         NORMAL    RECORD    YEAR
 MAXIMUM TEMPERATURE (F)   86        94      2012
 MINIMUM TEMPERATURE (F)   52        44      1999


SUNRISE AND SUNSET
JULY 26 2014..........SUNRISE   610 AM MDT   SUNSET   857 PM MDT
JULY 27 2014..........SUNRISE   611 AM MDT   SUNSET   856 PM MDT


-  INDICATES NEGATIVE NUMBERS.
R  INDICATES RECORD WAS SET OR TIED.
MM INDICATES DATA IS MISSING.
T  INDICATES TRACE AMOUNT.




$$
