000
CDUS45 KPIH 240736
CLIRXE


CLIMATE REPORT
NATIONAL WEATHER SERVICE POCATELLO ID
136 AM MDT SUN SEP 24 2017


...................................

...THE REXBURG ID CLIMATE SUMMARY FOR SEPTEMBER 23 2017...

CLIMATE NORMAL PERIOD 1981 TO 2010
CLIMATE RECORD PERIOD 1998 TO 2017


WEATHER ITEM   OBSERVED TIME   RECORD YEAR NORMAL DEPARTURE LAST
                VALUE   (LST)  VALUE       VALUE  FROM      YEAR
                                                  NORMAL
..................................................................
TEMPERATURE (F)
 YESTERDAY
  MAXIMUM         55    326 PM  84    2009  68    -13       50
                                      2001
  MINIMUM         30    640 AM  27    2000  37     -7       42
  AVERAGE         43                        53    -10       46

PRECIPITATION (IN)
  YESTERDAY        0.00         MM      MM   0.04  -0.04     0.87
  MONTH TO DATE    1.80                      0.71   1.09     1.78
  SINCE OCT 1     15.93                     12.84   3.09    10.89
  SINCE JAN 1     10.17                      9.63   0.54     7.73

SNOWFALL (IN)
  YESTERDAY       MM
  MONTH TO DATE   MM
  SINCE SEP 1     MM
  SINCE JUL 1     MM
  SNOW DEPTH      MM

DEGREE DAYS
 HEATING
  YESTERDAY       22                        12     10       19
  MONTH TO DATE  174                       189    -15      194
  SINCE SEP 1    174                       189    -15      194
  SINCE JUL 1    187                       262    -75      258

 COOLING
  YESTERDAY        0                         0      0        0
  MONTH TO DATE   38                         5     33       14
  SINCE SEP 1     38                         5     33       14
  SINCE JAN 1    347                       207    140      261
..................................................................


WIND (MPH)
  HIGHEST WIND SPEED    10   HIGHEST WIND DIRECTION    NW (310)
  HIGHEST GUST SPEED    18   HIGHEST GUST DIRECTION    NW (300)
  AVERAGE WIND SPEED     3.5


SKY COVER
  POSSIBLE SUNSHINE  MM
  AVERAGE SKY COVER 0.2


WEATHER CONDITIONS
 THE FOLLOWING WEATHER WAS RECORDED YESTERDAY.
  HAZE


RELATIVE HUMIDITY (PERCENT)
 HIGHEST   100           700 AM
 LOWEST     38           500 PM
 AVERAGE    69

..........................................................


THE REXBURG ID CLIMATE NORMALS FOR TODAY
                         NORMAL    RECORD    YEAR
 MAXIMUM TEMPERATURE (F)   68        87      2001
 MINIMUM TEMPERATURE (F)   37        22      2000


SUNRISE AND SUNSET
SEPTEMBER 24 2017.....SUNRISE   717 AM MDT   SUNSET   720 PM MDT
SEPTEMBER 25 2017.....SUNRISE   718 AM MDT   SUNSET   718 PM MDT


-  INDICATES NEGATIVE NUMBERS.
R  INDICATES RECORD WAS SET OR TIED.
MM INDICATES DATA IS MISSING.
T  INDICATES TRACE AMOUNT.




$$
