000
CDUS45 KPIH 230730
CLIRXE


CLIMATE REPORT
NATIONAL WEATHER SERVICE POCATELLO ID
1229 AM MST TUE JAN 23 2018


...................................

...THE REXBURG ID CLIMATE SUMMARY FOR JANUARY 22 2018...

CLIMATE NORMAL PERIOD 1981 TO 2010
CLIMATE RECORD PERIOD 1998 TO 2018


WEATHER ITEM   OBSERVED TIME   RECORD YEAR NORMAL DEPARTURE LAST
                VALUE   (LST)  VALUE       VALUE  FROM      YEAR
                                                  NORMAL
..................................................................
TEMPERATURE (F)
 YESTERDAY
  MAXIMUM         27    942 PM  36    2010  29     -2       35
  MINIMUM         20   1216 AM -22    2008  11      9       18
  AVERAGE         24                        20      4       27

PRECIPITATION (IN)
  YESTERDAY        0.12         MM      MM   0.02   0.10     0.11
  MONTH TO DATE    1.23                      0.58   0.65     0.95
  SINCE OCT 1      3.33                      3.79  -0.46     6.71
  SINCE JAN 1      1.23                      0.58   0.65     0.95

SNOWFALL (IN)
  YESTERDAY       MM
  MONTH TO DATE   MM
  SINCE DEC 1     MM
  SINCE JUL 1     MM
  SNOW DEPTH      MM

DEGREE DAYS
 HEATING
  YESTERDAY       41                        45     -4       38
  MONTH TO DATE  855                       990   -135     1149
  SINCE DEC 1   2205                      2360   -155     2699
  SINCE JUL 1   4084                      4372   -288     4346

 COOLING
  YESTERDAY        0                         0      0        0
  MONTH TO DATE    0                         0      0        0
  SINCE DEC 1      0                         0      0        0
  SINCE JAN 1      0                         0      0        0
..................................................................


WIND (MPH)
  HIGHEST WIND SPEED    14   HIGHEST WIND DIRECTION     S (180)
  HIGHEST GUST SPEED    20   HIGHEST GUST DIRECTION     S (180)
  AVERAGE WIND SPEED     6.8


SKY COVER
  POSSIBLE SUNSHINE  MM
  AVERAGE SKY COVER 1.0


WEATHER CONDITIONS
 THE FOLLOWING WEATHER WAS RECORDED YESTERDAY.
  LIGHT SNOW
  FOG


RELATIVE HUMIDITY (PERCENT)
 HIGHEST   100           700 PM
 LOWEST     68           200 AM
 AVERAGE    84

..........................................................


THE REXBURG ID CLIMATE NORMALS FOR TODAY
                         NORMAL    RECORD    YEAR
 MAXIMUM TEMPERATURE (F)   29        39      2003
 MINIMUM TEMPERATURE (F)   11       -15      2008


SUNRISE AND SUNSET
JANUARY 23 2018.......SUNRISE   753 AM MST   SUNSET   526 PM MST
JANUARY 24 2018.......SUNRISE   752 AM MST   SUNSET   527 PM MST


-  INDICATES NEGATIVE NUMBERS.
R  INDICATES RECORD WAS SET OR TIED.
MM INDICATES DATA IS MISSING.
T  INDICATES TRACE AMOUNT.




$$
