356
CDUS46 KSTO 180842
CLISAC

CLIMATE REPORT
NATIONAL WEATHER SERVICE SACRAMENTO, CA
141 AM PDT FRI AUG 18 2017


...................................

...THE SACRAMENTO EXEC. AIRPORT CA CLIMATE SUMMARY FOR AUGUST 17 2017...

CLIMATE NORMAL PERIOD 1981 TO 2010
CLIMATE RECORD PERIOD 1930 TO 2017


WEATHER ITEM   OBSERVED TIME   RECORD YEAR NORMAL DEPARTURE LAST
                VALUE   (LST)  VALUE       VALUE  FROM      YEAR
                                                  NORMAL
..................................................................
TEMPERATURE (F)
 YESTERDAY
  MAXIMUM         91    357 PM 106    1967  91      0       96
                                      1966
  MINIMUM         60    602 AM  51    2006  58      2       58
                                      1955
  AVERAGE         76

PRECIPITATION (IN)
  YESTERDAY        0.00          0.06 1985   0.00   0.00     0.00
  MONTH TO DATE    0.00                      0.02  -0.02     0.00
  SINCE OCT 1     33.08                     18.20  14.88    16.19
  SINCE JAN 1     23.63                     11.92  11.71    12.75

SNOWFALL (IN)
  YESTERDAY        0.0          MM      MM   0.0             0.0
  MONTH TO DATE    0.0                       0.0             0.0
  SINCE JUN 1      0.0                       0.0             0.0
  SINCE JUL 1      0.0                       0.0             0.0

DEGREE DAYS
 HEATING
  YESTERDAY        0

 COOLING
  YESTERDAY       11
..................................................................


WIND (MPH)
  RESULTANT WIND SPEED   5   RESULTANT WIND DIRECTION   S (190)
  HIGHEST WIND SPEED    13   HIGHEST WIND DIRECTION    SW (230)
  HIGHEST GUST SPEED    16   HIGHEST GUST DIRECTION     S (200)


SKY COVER
  POSSIBLE SUNSHINE  MM
  AVERAGE SKY COVER 0.0


WEATHER CONDITIONS
 THE FOLLOWING WEATHER WAS RECORDED YESTERDAY.
  NO SIGNIFICANT WEATHER WAS OBSERVED.


RELATIVE HUMIDITY (PERCENT)
 HIGHEST    90
 LOWEST     34
 AVERAGE    62

..........................................................


THE SACRAMENTO EXEC. AIRPORT CA CLIMATE NORMALS FOR TODAY
                         NORMAL    RECORD    YEAR
 MAXIMUM TEMPERATURE (F)   91       107      1967
                                             1950
 MINIMUM TEMPERATURE (F)   58        51      1985
                                             1955


SUNRISE AND SUNSET
AUGUST 18 2017........SUNRISE   623 AM PDT   SUNSET   756 PM PDT
AUGUST 19 2017........SUNRISE   624 AM PDT   SUNSET   754 PM PDT


-  INDICATES NEGATIVE NUMBERS.
R  INDICATES RECORD WAS SET OR TIED.
MM INDICATES DATA IS MISSING.
T  INDICATES TRACE AMOUNT.




&&
....................................................................

SACRAMENTO CITY CLIMATE DATA FOR THURSDAY AUGUST 17 2017

HIGH...   95  RECORD HIGH   106 IN 2015*   NORMAL    HIGH   92
LOW....   62  RECORD LOW     51 IN 1917    NORMAL    LOW    61

RAIN SINCE MIDNIGHT....  0.00   RECORD THIS DATE.......  0.1 IN 1976
TOTAL THIS MONTH.......  0.00   NORMAL SINCE OCT 1ST.........  19.9
TOTAL SINCE OCT 1ST... 33.94   PERCENT OF NORMAL.............  171%

*RECORD OF 106 ALSO OCCURRED IN 1967

$$
NNNN
