000
CDUS46 KSTO 220843
CLISAC

CLIMATE REPORT
NATIONAL WEATHER SERVICE SACRAMENTO, CA
1242 AM PST SAT NOV 22 2014


...................................

...THE SACRAMENTO EXEC. AIRPORT CA CLIMATE SUMMARY FOR NOVEMBER 21 2014...

CLIMATE NORMAL PERIOD 1981 TO 2010
CLIMATE RECORD PERIOD 1930 TO 2014


WEATHER ITEM   OBSERVED TIME   RECORD YEAR NORMAL DEPARTURE LAST
                VALUE   (LST)  VALUE       VALUE  FROM      YEAR
                                                  NORMAL
..................................................................
TEMPERATURE (F)
 YESTERDAY
  MAXIMUM         56   1159 PM  71    2005  61     -5       62
                                      2002
  MINIMUM         51    802 AM  26    1941  41     10       49
  AVERAGE         54

PRECIPITATION (IN)
  YESTERDAY        0.00          1.56 1977   0.08  -0.08     0.17
  MONTH TO DATE    0.60                      1.33  -0.73     0.88
  SINCE JUL 1      1.60                      2.62  -1.02     1.47
  SINCE JAN 1      9.49                     14.52  -5.03     5.38

SNOWFALL (IN)
  YESTERDAY        0.0           0.0  2002   0.0            MM
                                      2001
  MONTH TO DATE    0.0                       0.0             0.0
  SINCE SEP 1      0.0                       0.0             0.0
  SINCE JUL 1      0.0                       0.0             0.0

DEGREE DAYS
 HEATING
  YESTERDAY       11

 COOLING
  YESTERDAY        0
..................................................................


WIND (MPH)
  RESULTANT WIND SPEED   1   RESULTANT WIND DIRECTION   N (360)
  HIGHEST WIND SPEED    10   HIGHEST WIND DIRECTION    SE (130)
  HIGHEST GUST SPEED    14   HIGHEST GUST DIRECTION    SE (130)


SKY COVER
  POSSIBLE SUNSHINE  MM
  AVERAGE SKY COVER 0.9


WEATHER CONDITIONS
 THE FOLLOWING WEATHER WAS RECORDED YESTERDAY.
  FOG


RELATIVE HUMIDITY (PERCENT)
 HIGHEST   100
 LOWEST     83
 AVERAGE    92

..........................................................


THE SACRAMENTO EXEC. AIRPORT CA CLIMATE NORMALS FOR TODAY
                         NORMAL    RECORD    YEAR
 MAXIMUM TEMPERATURE (F)   61        75      1959
 MINIMUM TEMPERATURE (F)   41        29      1941


SUNRISE AND SUNSET
NOVEMBER 22 2014......SUNRISE   655 AM PST   SUNSET   449 PM PST
NOVEMBER 23 2014......SUNRISE   657 AM PST   SUNSET   448 PM PST


-  INDICATES NEGATIVE NUMBERS.
R  INDICATES RECORD WAS SET OR TIED.
MM INDICATES DATA IS MISSING.
T  INDICATES TRACE AMOUNT.






&&
....................................................................

SACRAMENTO CITY CLIMATE DATA FOR FRIDAY NOVEMBER 21 2014

HIGH...   58  RECORD HIGH    74 IN 1936    NORMAL    HIGH   61
LOW....   51  RECORD LOW     31 IN 1985    NORMAL    LOW    44

RAIN SINCE MIDNIGHT....  0.00   RECORD THIS DATE....... 2.32 IN 1900
TOTAL THIS MONTH.......  0.56   NORMAL SEASON TO DATE.........  3
TOTAL SINCE JULY 1ST...  1.49   PERCENT OF NORMAL.............   49%


$$
NNNN
