000
CDUS46 KSTO 260842
CLISAC

CLIMATE REPORT
NATIONAL WEATHER SERVICE SACRAMENTO, CA
142 AM PDT SUN MAR 26 2017


...................................

...THE SACRAMENTO EXEC. AIRPORT CA CLIMATE SUMMARY FOR MARCH 25 2017...

CLIMATE NORMAL PERIOD 1981 TO 2010
CLIMATE RECORD PERIOD 1930 TO 2017


WEATHER ITEM   OBSERVED TIME   RECORD YEAR NORMAL DEPARTURE LAST
                VALUE   (LST)  VALUE       VALUE  FROM      YEAR
                                                  NORMAL
..................................................................
TEMPERATURE (F)
 YESTERDAY
  MAXIMUM         64    448 PM  84    1988  66     -2       74
  MINIMUM         49   1159 PM  33    1950  45      4       47
  AVERAGE         57

PRECIPITATION (IN)
  YESTERDAY        0.00          0.86 2006   0.07  -0.07     0.00
  MONTH TO DATE    2.35                      2.36  -0.01     5.07
  SINCE OCT 1     29.97                     15.75  14.22    14.77
  SINCE JAN 1     20.52                      9.47  11.05    11.33

SNOWFALL (IN)
  YESTERDAY        0.0          MM      MM   0.0             0.0
  MONTH TO DATE    0.0                       0.0             0.0
  SINCE MAR 1      0.0                       0.0             0.0
  SINCE JUL 1      0.0                       0.0             0.0

DEGREE DAYS
 HEATING
  YESTERDAY        8

 COOLING
  YESTERDAY        0
..................................................................


WIND (MPH)
  RESULTANT WIND SPEED   4   RESULTANT WIND DIRECTION   W (270)
  HIGHEST WIND SPEED    12   HIGHEST WIND DIRECTION    NW (300)
  HIGHEST GUST SPEED    15   HIGHEST GUST DIRECTION     W (290)


SKY COVER
  POSSIBLE SUNSHINE  MM
  AVERAGE SKY COVER 0.5


WEATHER CONDITIONS
 THE FOLLOWING WEATHER WAS RECORDED YESTERDAY.
  FOG


RELATIVE HUMIDITY (PERCENT)
 HIGHEST   100
 LOWEST     60
 AVERAGE    80

..........................................................


THE SACRAMENTO EXEC. AIRPORT CA CLIMATE NORMALS FOR TODAY
                         NORMAL    RECORD    YEAR
 MAXIMUM TEMPERATURE (F)   66        88      1988
 MINIMUM TEMPERATURE (F)   45        35      1972
                                             1948
                                             1942


SUNRISE AND SUNSET
MARCH 26 2017.........SUNRISE   700 AM PDT   SUNSET   724 PM PDT
MARCH 27 2017.........SUNRISE   658 AM PDT   SUNSET   725 PM PDT


-  INDICATES NEGATIVE NUMBERS.
R  INDICATES RECORD WAS SET OR TIED.
MM INDICATES DATA IS MISSING.
T  INDICATES TRACE AMOUNT.

&&
....................................................................

SACRAMENTO CITY CLIMATE DATA FOR SATURDAY MARCH 25 2017

HIGH...   67  RECORD HIGH    86 IN 1997    NORMAL    HIGH   68
LOW....   51  RECORD LOW     34 IN 1936    NORMAL    LOW    47

RAIN SINCE MIDNIGHT....  0.00   RECORD THIS DATE....... 0.98 IN 2006
TOTAL THIS MONTH.......  2.66   NORMAL SINCE OCT 1ST.........  17.22
TOTAL SINCE OCT 1ST.... 30.20   PERCENT OF NORMAL.............  175%

$$
