000
CDUS46 KSTO 230042
CLISAC

CLIMATE REPORT
NATIONAL WEATHER SERVICE SACRAMENTO, CA
440 PM PST SUN JAN 22 2017


...................................

...THE SACRAMENTO EXEC. AIRPORT CA CLIMATE SUMMARY FOR JANUARY 22 2017...
VALID TODAY AS OF 0400 PM LOCAL TIME.

CLIMATE NORMAL PERIOD 1981 TO 2010
CLIMATE RECORD PERIOD 1930 TO 2017


WEATHER ITEM   OBSERVED TIME   RECORD YEAR NORMAL DEPARTURE LAST
                VALUE   (LST)  VALUE       VALUE  FROM      YEAR
                                                  NORMAL
..................................................................
TEMPERATURE (F)
 TODAY
  MAXIMUM         57    138 PM  71    2011  55      2       58
  MINIMUM         47    130 AM  25    1962  39      8       53
  AVERAGE         52

PRECIPITATION (IN)
  TODAY            0.37          2.47 1997   0.11   0.26     0.32
  MONTH TO DATE    9.79                      2.57   7.22     5.04
  SINCE OCT 1     19.24                      8.85  10.39     8.48
  SINCE JAN 1      9.79                      2.57   7.22     5.04

SNOWFALL (IN)
  TODAY           MM             0.0  2002   0.0             0.0
  MONTH TO DATE    0.0                       0.0             0.0
  SINCE DEC 1      0.0                       0.0             0.0
  SINCE JUL 1      0.0                       0.0             0.0

DEGREE DAYS
 HEATING
  TODAY           13

 COOLING
  TODAY            0
..................................................................


WIND (MPH)
  RESULTANT WIND SPEED  15   RESULTANT WIND DIRECTION  SE (150)
  HIGHEST WIND SPEED    29   HIGHEST WIND DIRECTION    SE (150)
  HIGHEST GUST SPEED    46   HIGHEST GUST DIRECTION    SE (150)


SKY COVER
  POSSIBLE SUNSHINE  MM
  AVERAGE SKY COVER 0.8


WEATHER CONDITIONS
 THE FOLLOWING WEATHER WAS RECORDED TODAY.
  THUNDERSTORM
  RAIN
  LIGHT RAIN
  FOG


RELATIVE HUMIDITY (PERCENT)
 HIGHEST    93
 LOWEST     72
 AVERAGE    83

..........................................................


THE SACRAMENTO EXEC. AIRPORT CA CLIMATE NORMALS FOR TOMORROW
                         NORMAL    RECORD    YEAR
 MAXIMUM TEMPERATURE (F)   55        69      2014
 MINIMUM TEMPERATURE (F)   39        29      2007
                                             1962
                                             1949


SUNRISE AND SUNSET
JANUARY 22 2017.......SUNRISE   719 AM PST   SUNSET   517 PM PST
JANUARY 23 2017.......SUNRISE   718 AM PST   SUNSET   518 PM PST


-  INDICATES NEGATIVE NUMBERS.
R  INDICATES RECORD WAS SET OR TIED.
MM INDICATES DATA IS MISSING.
T  INDICATES TRACE AMOUNT.

&&
....................................................................

SACRAMENTO CITY CLIMATE DATA FOR SUNDAY JANUARY 22 2017

HIGH...   58  RECORD HIGH    69 IN 2011    NORMAL    HIGH   55
LOW....   47  RECORD LOW     24 IN 1937    NORMAL    LOW    41

RAIN SINCE MIDNIGHT....  0.29   RECORD THIS DATE....... 2.13 IN 1997
TOTAL THIS MONTH.......  9.73   NORMAL SINCE OCT 1ST.........  9.81
TOTAL SINCE OCT 1ST...  19.24   PERCENT OF NORMAL.............  196%


$$
NNNN
