000
CDUS46 KSTO 310036
CLISAC

CLIMATE REPORT
NATIONAL WEATHER SERVICE SACRAMENTO, CA
536 PM PDT MON MAR 30 2015


...................................

...THE SACRAMENTO EXEC. AIRPORT CA CLIMATE SUMMARY FOR MARCH 30 2015...
VALID TODAY AS OF 0500 PM LOCAL TIME.

CLIMATE NORMAL PERIOD 1981 TO 2010
CLIMATE RECORD PERIOD 1930 TO 2015


WEATHER ITEM   OBSERVED TIME   RECORD YEAR NORMAL DEPARTURE LAST
                VALUE   (LST)  VALUE       VALUE  FROM      YEAR
                                                  NORMAL
..................................................................
TEMPERATURE (F)
 TODAY
  MAXIMUM         82    254 PM  83    2001  67     15       62
  MINIMUM         46    514 AM  33    1972  45      1       39
  AVERAGE         64

PRECIPITATION (IN)
  TODAY            0.00          0.78 1967   0.06  -0.06     0.00
  MONTH TO DATE    0.22                      2.69  -2.47     1.57
  SINCE OCT 1     13.42                     16.08  -2.66     7.17
  SINCE JAN 1      3.04                      9.80  -6.76     5.86

SNOWFALL (IN)
  TODAY            0.0          MM      MM   0.0             0.0
  MONTH TO DATE    0.0                       0.0             0.0
  SINCE MAR 1      0.0                       0.0             0.0
  SINCE JUL 1      0.0                       0.0             0.0

DEGREE DAYS
 HEATING
  TODAY            1

 COOLING
  TODAY            0
..................................................................


WIND (MPH)
  RESULTANT WIND SPEED   2   RESULTANT WIND DIRECTION   S (180)
  HIGHEST WIND SPEED    12   HIGHEST WIND DIRECTION    SW (230)
  HIGHEST GUST SPEED    15   HIGHEST GUST DIRECTION     S (180)


SKY COVER
  POSSIBLE SUNSHINE  MM
  AVERAGE SKY COVER 0.0


WEATHER CONDITIONS
 THE FOLLOWING WEATHER WAS RECORDED TODAY.
  NO SIGNIFICANT WEATHER WAS OBSERVED.


RELATIVE HUMIDITY (PERCENT)
 HIGHEST    83
 LOWEST     34
 AVERAGE    59

..........................................................


THE SACRAMENTO EXEC. AIRPORT CA CLIMATE NORMALS FOR TOMORROW
                         NORMAL    RECORD    YEAR
 MAXIMUM TEMPERATURE (F)   67        86      1966
 MINIMUM TEMPERATURE (F)   45        36      1999
                                             1977


SUNRISE AND SUNSET
MARCH 30 2015.........SUNRISE   654 AM PDT   SUNSET   727 PM PDT
MARCH 31 2015.........SUNRISE   653 AM PDT   SUNSET   728 PM PDT


-  INDICATES NEGATIVE NUMBERS.
R  INDICATES RECORD WAS SET OR TIED.
MM INDICATES DATA IS MISSING.
T  INDICATES TRACE AMOUNT.






&&
....................................................................

SACRAMENTO CITY CLIMATE DATA FOR MONDAY MARCH 30 2015

HIGH...   84  RECORD HIGH    86 IN 1966    NORMAL    HIGH   69
LOW....   53  RECORD LOW     34 IN 1938    NORMAL    LOW    47

RAIN SINCE MIDNIGHT....  0.00   RECORD THIS DATE....... 2.27 IN 1906
TOTAL THIS MONTH.......  0.16   NORMAL SINCE OCT 1ST.........  17.57
TOTAL SINCE OCT 1ST... 11.73   PERCENT OF NORMAL.............  67%


$$
