000
CDUS46 KSTO 310033
CLISAC

CLIMATE REPORT
NATIONAL WEATHER SERVICE SACRAMENTO, CA
532 PM PDT SUN AUG 30 2015


...................................

...THE SACRAMENTO EXEC. AIRPORT CA CLIMATE SUMMARY FOR AUGUST 30 2015...
VALID TODAY AS OF 0500 PM LOCAL TIME.

CLIMATE NORMAL PERIOD 1981 TO 2010
CLIMATE RECORD PERIOD 1930 TO 2015


WEATHER ITEM   OBSERVED TIME   RECORD YEAR NORMAL DEPARTURE LAST
                VALUE   (LST)  VALUE       VALUE  FROM      YEAR
                                                  NORMAL
..................................................................
TEMPERATURE (F)
 TODAY
  MAXIMUM         90    329 PM 107    1968  90      0       96
  MINIMUM         57    540 AM  51    1989  57      0       63
                                      1957
  AVERAGE         74

PRECIPITATION (IN)
  TODAY            0.00          0.01 1984   0.01  -0.01     0.00
  MONTH TO DATE    T                         0.05  -0.05      T
  SINCE OCT 1     15.41                     18.23  -2.82     9.21
  SINCE JAN 1      5.03                     11.95  -6.92     7.90

SNOWFALL (IN)
  TODAY            0.0          MM      MM   0.0             0.0
  MONTH TO DATE    0.0                       0.0             0.0
  SINCE JUN 1      0.0                       0.0             0.0
  SINCE JUL 1      0.0                       0.0             0.0

DEGREE DAYS
 HEATING
  TODAY            0

 COOLING
  TODAY            9
..................................................................


WIND (MPH)
  RESULTANT WIND SPEED   1   RESULTANT WIND DIRECTION   W (260)
  HIGHEST WIND SPEED    14   HIGHEST WIND DIRECTION    NW (320)
  HIGHEST GUST SPEED    21   HIGHEST GUST DIRECTION     W (290)


SKY COVER
  POSSIBLE SUNSHINE  MM
  AVERAGE SKY COVER 0.0


WEATHER CONDITIONS
 THE FOLLOWING WEATHER WAS RECORDED TODAY.
  NO SIGNIFICANT WEATHER WAS OBSERVED.


RELATIVE HUMIDITY (PERCENT)
 HIGHEST    93
 LOWEST     21
 AVERAGE    57

..........................................................


THE SACRAMENTO EXEC. AIRPORT CA CLIMATE NORMALS FOR TOMORROW
                         NORMAL    RECORD    YEAR
 MAXIMUM TEMPERATURE (F)   90       104      1998
                                             1976
 MINIMUM TEMPERATURE (F)   57        50      1957


SUNRISE AND SUNSET
AUGUST 30 2015........SUNRISE   633 AM PDT   SUNSET   739 PM PDT
AUGUST 31 2015........SUNRISE   634 AM PDT   SUNSET   738 PM PDT


-  INDICATES NEGATIVE NUMBERS.
R  INDICATES RECORD WAS SET OR TIED.
MM INDICATES DATA IS MISSING.
T  INDICATES TRACE AMOUNT.

&&
....................................................................

SACRAMENTO CITY CLIMATE DATA FOR SUNDAY AUGUST 30 2015

HIGH...   88  RECORD HIGH   110 IN 1987    NORMAL    HIGH   91
LOW....   58  RECORD LOW     48 IN 1887    NORMAL    LOW    60

RAIN SINCE MIDNIGHT....  0.00   RECORD THIS DATE.......  0.2 IN 1896
TOTAL THIS MONTH.......  0.00   NORMAL SINCE OCT 1ST.........  19.92
TOTAL SINCE OCT 1ST...  13.80   PERCENT OF NORMAL.............  69%


$$
NNNN
