000
CDUS46 KSTO 290836
CLISAC

CLIMATE REPORT
NATIONAL WEATHER SERVICE SACRAMENTO, CA
1236 AM PST MON DEC 29 2014


...................................

...THE SACRAMENTO EXEC. AIRPORT CA CLIMATE SUMMARY FOR DECEMBER 28 2014...

CLIMATE NORMAL PERIOD 1981 TO 2010
CLIMATE RECORD PERIOD 1930 TO 2014


WEATHER ITEM   OBSERVED TIME   RECORD YEAR NORMAL DEPARTURE LAST
                VALUE   (LST)  VALUE       VALUE  FROM      YEAR
                                                  NORMAL
..................................................................
TEMPERATURE (F)
 YESTERDAY
  MAXIMUM         57    315 PM  72    1967  52      5       70
  MINIMUM         35    747 AM  25    1990  38     -3       30
  AVERAGE         46

PRECIPITATION (IN)
  YESTERDAY        0.00          1.29 2001   0.11  -0.11     0.00
  MONTH TO DATE    8.60                      2.91   5.69     0.43
  SINCE JUL 1     10.85                      6.28   4.57     1.90
  SINCE JAN 1     18.74                     18.18   0.56     5.81

SNOWFALL (IN)
  YESTERDAY        0.0          MM      MM   0.0             0.0
  MONTH TO DATE    0.0                       0.0             0.0
  SINCE DEC 1      0.0                       0.0             0.0
  SINCE JUL 1      0.0                       0.0             0.0

DEGREE DAYS
 HEATING
  YESTERDAY       19

 COOLING
  YESTERDAY        0
..................................................................


WIND (MPH)
  RESULTANT WIND SPEED   0   RESULTANT WIND DIRECTION  NW (310)
  HIGHEST WIND SPEED     6   HIGHEST WIND DIRECTION     W (270)
  HIGHEST GUST SPEED    14   HIGHEST GUST DIRECTION     W (290)


SKY COVER
  POSSIBLE SUNSHINE  MM
  AVERAGE SKY COVER 0.0


WEATHER CONDITIONS
 THE FOLLOWING WEATHER WAS RECORDED YESTERDAY.
  FOG
  HAZE


RELATIVE HUMIDITY (PERCENT)
 HIGHEST    92
 LOWEST     47
 AVERAGE    70

..........................................................


THE SACRAMENTO EXEC. AIRPORT CA CLIMATE NORMALS FOR TODAY
                         NORMAL    RECORD    YEAR
 MAXIMUM TEMPERATURE (F)   52        72      1989
 MINIMUM TEMPERATURE (F)   38        24      1962


SUNRISE AND SUNSET
DECEMBER 29 2014......SUNRISE   723 AM PST   SUNSET   453 PM PST
DECEMBER 30 2014......SUNRISE   723 AM PST   SUNSET   454 PM PST


-  INDICATES NEGATIVE NUMBERS.
R  INDICATES RECORD WAS SET OR TIED.
MM INDICATES DATA IS MISSING.
T  INDICATES TRACE AMOUNT.

&&
....................................................................

SACRAMENTO CITY CLIMATE DATA FOR SUNDAY DECEMBER 28 2014

HIGH...   57  RECORD HIGH    72 IN 1967    NORMAL    HIGH   53
LOW....   37  RECORD LOW     26 IN 1930    NORMAL    LOW    40

RAIN SINCE MIDNIGHT....  0.00   RECORD THIS DATE....... 1.25 IN 1992
TOTAL THIS MONTH.......  7.63   NORMAL SEASON TO DATE.........  6.97
TOTAL SINCE JULY 1ST...  9.84   PERCENT OF NORMAL.............  141%

$$
