000
CDUS46 KSTO 140847
CLISAC

CLIMATE REPORT
NATIONAL WEATHER SERVICE SACRAMENTO, CA
1246 AM PST THU DEC 14 2017


...................................

...THE SACRAMENTO EXEC. AIRPORT CA CLIMATE SUMMARY FOR DECEMBER 13 2017...

CLIMATE NORMAL PERIOD 1981 TO 2010
CLIMATE RECORD PERIOD 1930 TO 2017


WEATHER ITEM   OBSERVED TIME   RECORD YEAR NORMAL DEPARTURE LAST
                VALUE   (LST)  VALUE       VALUE  FROM      YEAR
                                                  NORMAL
..................................................................
TEMPERATURE (F)
 YESTERDAY
  MAXIMUM         60    401 PM  67    1988  54      6       57
  MINIMUM         30    744 AM  20    1972  38     -8       45
  AVERAGE         45

PRECIPITATION (IN)
  YESTERDAY        0.00          1.19 2002   0.09  -0.09     0.01
  MONTH TO DATE    0.03                      1.24  -1.21     1.22
  SINCE OCT 1      2.31                      4.27  -1.96     7.06
  SINCE JAN 1     25.94                     16.51   9.43    19.81

SNOWFALL (IN)
  YESTERDAY        0.0           0.0  2001   0.0            MM
  MONTH TO DATE    0.0                       0.0             0.0
  SINCE DEC 1      0.0                       0.0             0.0
  SINCE JUL 1      0.0                       0.0             0.0

DEGREE DAYS
 HEATING
  YESTERDAY       20

 COOLING
  YESTERDAY        0
..................................................................


WIND (MPH)
  RESULTANT WIND SPEED   0   RESULTANT WIND DIRECTION   N (350)
  HIGHEST WIND SPEED     7   HIGHEST WIND DIRECTION     N (340)
  HIGHEST GUST SPEED     8   HIGHEST GUST DIRECTION    NW (320)


SKY COVER
  POSSIBLE SUNSHINE  MM
  AVERAGE SKY COVER 0.0


WEATHER CONDITIONS
 THE FOLLOWING WEATHER WAS RECORDED YESTERDAY.
  FOG
  HAZE


RELATIVE HUMIDITY (PERCENT)
 HIGHEST   100
 LOWEST     42
 AVERAGE    71

..........................................................


THE SACRAMENTO EXEC. AIRPORT CA CLIMATE NORMALS FOR TODAY
                         NORMAL    RECORD    YEAR
 MAXIMUM TEMPERATURE (F)   54        68      1958
 MINIMUM TEMPERATURE (F)   38        26      1972


SUNRISE AND SUNSET
DECEMBER 14 2017......SUNRISE   716 AM PST   SUNSET   446 PM PST
DECEMBER 15 2017......SUNRISE   716 AM PST   SUNSET   446 PM PST


-  INDICATES NEGATIVE NUMBERS.
R  INDICATES RECORD WAS SET OR TIED.
MM INDICATES DATA IS MISSING.
T  INDICATES TRACE AMOUNT.




&&
....................................................................

SACRAMENTO CITY CLIMATE DATA FOR WEDNESDAY DECEMBER 13 2017

HIGH...   61  RECORD HIGH    71 IN 1988    NORMAL    HIGH   54
LOW....   35  RECORD LOW     23 IN 1932    NORMAL    LOW    40

RAIN SINCE MIDNIGHT....  0.00   RECORD THIS DATE....... 1.73 IN 1915
TOTAL THIS MONTH.......  0.03   NORMAL SINCE OCT 1ST.........  4.82
TOTAL SINCE OCT 1ST...  2.62   PERCENT OF NORMAL.............  54%


$$
NNNN
