000
CDUS46 KSTO 090844
CLISAC

CLIMATE REPORT
NATIONAL WEATHER SERVICE SACRAMENTO, CA
1242 AM PST FRI DEC 9 2016


...................................

...THE SACRAMENTO EXEC. AIRPORT CA CLIMATE SUMMARY FOR DECEMBER 8 2016...

CLIMATE NORMAL PERIOD 1981 TO 2010
CLIMATE RECORD PERIOD 1930 TO 2016


WEATHER ITEM   OBSERVED TIME   RECORD YEAR NORMAL DEPARTURE LAST
                VALUE   (LST)  VALUE       VALUE  FROM      YEAR
                                                  NORMAL
..................................................................
TEMPERATURE (F)
 YESTERDAY
  MAXIMUM         53    359 PM  71    1988  55     -2       53
                                      1943
  MINIMUM         39    458 AM  23    2009  39      0       45
  AVERAGE         46

PRECIPITATION (IN)
  YESTERDAY        0.63R         0.62 1992   0.10   0.53     0.00
  MONTH TO DATE    0.78                      0.75   0.03     0.41
  SINCE OCT 1      6.62                      3.78   2.84     2.10
  SINCE JAN 1     19.37                     16.02   3.35     7.17

SNOWFALL (IN)
  YESTERDAY       MM             0.0  2001   0.0             0.0
  MONTH TO DATE    0.0                       0.0             0.0
  SINCE DEC 1      0.0                       0.0             0.0
  SINCE JUL 1      0.0                       0.0             0.0

DEGREE DAYS
 HEATING
  YESTERDAY       19

 COOLING
  YESTERDAY        0
..................................................................


WIND (MPH)
  RESULTANT WIND SPEED   1   RESULTANT WIND DIRECTION  NW (330)
  HIGHEST WIND SPEED    14   HIGHEST WIND DIRECTION     S (170)
  HIGHEST GUST SPEED    21   HIGHEST GUST DIRECTION     S (160)


SKY COVER
  POSSIBLE SUNSHINE  MM
  AVERAGE SKY COVER 1.0


WEATHER CONDITIONS
 THE FOLLOWING WEATHER WAS RECORDED YESTERDAY.
  LIGHT RAIN
  FOG


RELATIVE HUMIDITY (PERCENT)
 HIGHEST   100
 LOWEST     93
 AVERAGE    97

..........................................................


THE SACRAMENTO EXEC. AIRPORT CA CLIMATE NORMALS FOR TODAY
                         NORMAL    RECORD    YEAR
 MAXIMUM TEMPERATURE (F)   55        67      1950
 MINIMUM TEMPERATURE (F)   39        21      1972


SUNRISE AND SUNSET
DECEMBER  9 2016......SUNRISE   712 AM PST   SUNSET   445 PM PST
DECEMBER 10 2016......SUNRISE   713 AM PST   SUNSET   445 PM PST


-  INDICATES NEGATIVE NUMBERS.
R  INDICATES RECORD WAS SET OR TIED.
MM INDICATES DATA IS MISSING.
T  INDICATES TRACE AMOUNT.




&&
....................................................................

SACRAMENTO CITY CLIMATE DATA FOR THURSDAY DECEMBER 8 2016

HIGH...   54  RECORD HIGH    71 IN 1988    NORMAL    HIGH   56
LOW....   40  RECORD LOW     27 IN 2009    NORMAL    LOW    41

RAIN SINCE MIDNIGHT....  0.55   RECORD THIS DATE....... 1.23 IN 1909
TOTAL THIS MONTH.......  0.66   NORMAL SINCE OCT 1ST.........  4.3
TOTAL SINCE OCT 1ST...  6.40   PERCENT OF NORMAL.............  149%


$$
NNNN
