000
CDUS46 KSTO 020040
CLISAC

CLIMATE REPORT
NATIONAL WEATHER SERVICE SACRAMENTO, CA
430 PM PST SUN FEB 1 2015

..................................................................

...THE SACRAMENTO EXEC. AIRPORT CA CLIMATE SUMMARY FOR FEBRUARY 1 2015...
VALID TODAY AS OF 0400 PM LOCAL TIME.

CLIMATE NORMAL PERIOD 1981 TO 2010
CLIMATE RECORD PERIOD 1930 TO 2015


WEATHER ITEM   OBSERVED TIME   RECORD YEAR NORMAL DEPARTURE LAST
                VALUE   (LST)  VALUE       VALUE  FROM      YEAR
                                                  NORMAL
..................................................................
TEMPERATURE (F)
 TODAY
  MAXIMUM         67    343 PM  71    1976  57     10       60
  MINIMUM         38    737 AM  27    1950  40     -2       35
                                      1946
  AVERAGE         53

PRECIPITATION (IN)
  TODAY            0.00          2.06 1945   0.12  -0.12     0.00
  MONTH TO DATE    0.00                      0.12  -0.12     0.00
  SINCE OCT 1     10.38                     10.04   0.34     1.46
  SINCE JAN 1      T                         3.76  -3.76     0.15

SNOWFALL (IN)
  TODAY            0.0           0.0  2002   0.0             0.0
  MONTH TO DATE    0.0                       0.0             0.0
  SINCE DEC 1      0.0                       0.0             0.0
  SINCE JUL 1      0.0                       0.0             0.0

DEGREE DAYS
 HEATING
  TODAY           12

 COOLING
  TODAY            0
..................................................................


WIND (MPH)
  RESULTANT WIND SPEED   0   RESULTANT WIND DIRECTION   N (340)
  HIGHEST WIND SPEED     8   HIGHEST WIND DIRECTION    NE (50)
  HIGHEST GUST SPEED    12   HIGHEST GUST DIRECTION    NE (30)


SKY COVER
  POSSIBLE SUNSHINE  MM
  AVERAGE SKY COVER 0.0


WEATHER CONDITIONS
 THE FOLLOWING WEATHER WAS RECORDED TODAY.
  FOG
  HAZE


RELATIVE HUMIDITY (PERCENT)
 HIGHEST    92
 LOWEST     48
 AVERAGE    70

..........................................................


THE SACRAMENTO EXEC. AIRPORT CA CLIMATE NORMALS FOR TOMORROW
                         NORMAL    RECORD    YEAR
 MAXIMUM TEMPERATURE (F)   57        71      1976
 MINIMUM TEMPERATURE (F)   40        25      1950


SUNRISE AND SUNSET
FEBRUARY  1 2015......SUNRISE   712 AM PST   SUNSET   528 PM PST
FEBRUARY  2 2015......SUNRISE   711 AM PST   SUNSET   529 PM PST


-  INDICATES NEGATIVE NUMBERS.
R  INDICATES RECORD WAS SET OR TIED.
MM INDICATES DATA IS MISSING.
T  INDICATES TRACE AMOUNT.

&&
....................................................................

SACRAMENTO CITY CLIMATE DATA FOR SUNDAY FEBRUARY 1 2015

HIGH...   67  RECORD HIGH    74 IN 1976    NORMAL    HIGH   58
LOW....   42  RECORD LOW     28 IN 1950    NORMAL    LOW    42

RAIN SINCE MIDNIGHT....  0.00   RECORD THIS DATE....... 2.74 IN 1945
TOTAL THIS MONTH.......  0.00   NORMAL SINCE OCT 1ST.........  11.06
TOTAL SINCE OCT 1ST...   9.29   PERCENT OF NORMAL..............  84%

$$
POWELL
