000
CDUS46 KSGX 260023
CLISAN


CLIMATE REPORT
NATIONAL WEATHER SERVICE SAN DIEGO, CA
523 PM PDT WED MAY 25 2016


...................................

...THE SAN DIEGO/LINDBERGH FIELD CA CLIMATE SUMMARY FOR MAY 25 2016...
VALID TODAY AS OF 0500 PM LOCAL TIME.

CLIMATE NORMAL PERIOD 1981 TO 2010
CLIMATE RECORD PERIOD 1874 TO 2016


WEATHER ITEM   OBSERVED TIME   RECORD YEAR NORMAL DEPARTURE LAST
                VALUE   (LST)  VALUE       VALUE  FROM      YEAR
                                                  NORMAL
..................................................................
TEMPERATURE (F)
 TODAY
  MAXIMUM         71    137 PM  98    1896  69      2       65
  MINIMUM         61    537 AM  49    1879  60      1       61
  AVERAGE         66                        64      2       63

PRECIPITATION (IN)
  TODAY            0.00          0.19 1931   0.00   0.00      T
  MONTH TO DATE    0.43                      0.10   0.33     2.39
  SINCE OCT 1      7.85                     10.05  -2.20     8.91
  SINCE JAN 1      5.00                      6.94  -1.94     4.04

DEGREE DAYS
 HEATING
  TODAY            0                         1     -1        2
  MONTH TO DATE   10                        51    -41       37
  SINCE MAR 1    106                       342   -236       94
  SINCE JUL 1    646                      1200   -554      440

 COOLING
  TODAY            1                         1      0        0
  MONTH TO DATE   14                        25    -11        9
  SINCE MAR 1     68                        44     24      156
  SINCE JAN 1    113                        49     64      178
..................................................................


WIND (MPH)
  RESULTANT WIND SPEED   6   RESULTANT WIND DIRECTION  NW (300)
  HIGHEST WIND SPEED    18   HIGHEST WIND DIRECTION     W (280)
  HIGHEST GUST SPEED    26   HIGHEST GUST DIRECTION     W (290)
  AVERAGE WIND SPEED     7.3


SKY COVER
  POSSIBLE SUNSHINE  MM
  AVERAGE SKY COVER 0.6


WEATHER CONDITIONS
 THE FOLLOWING WEATHER WAS RECORDED TODAY.
  NO SIGNIFICANT WEATHER WAS OBSERVED.


RELATIVE HUMIDITY (PERCENT)
 HIGHEST    72           500 AM
 LOWEST     47          1100 AM
 AVERAGE    60

..........................................................


THE SAN DIEGO/LINDBERGH FIELD CA CLIMATE NORMALS FOR TOMORROW
                         NORMAL    RECORD    YEAR
 MAXIMUM TEMPERATURE (F)   69        87      1896
 MINIMUM TEMPERATURE (F)   60        50      1916
                                             1911


SUNRISE AND SUNSET
MAY 25 2016...........SUNRISE   544 AM PDT   SUNSET   748 PM PDT
MAY 26 2016...........SUNRISE   543 AM PDT   SUNSET   748 PM PDT


-  INDICATES NEGATIVE NUMBERS.
R  INDICATES RECORD WAS SET OR TIED.
MM INDICATES DATA IS MISSING.
T  INDICATES TRACE AMOUNT.




$$
