000
CDUS46 KSGX 271535
CLISAN


CLIMATE REPORT
NATIONAL WEATHER SERVICE SAN DIEGO, CA
735 AM PST MON FEB 27 2017


...................................

...THE SAN DIEGO INTL AIRPORT CA CLIMATE SUMMARY FOR FEBRUARY 26 2017...

CLIMATE NORMAL PERIOD 1981 TO 2010
CLIMATE RECORD PERIOD 1874 TO 2017


WEATHER ITEM   OBSERVED TIME   RECORD YEAR NORMAL DEPARTURE LAST
                VALUE   (LST)  VALUE       VALUE  FROM      YEAR
                                                  NORMAL
..................................................................
TEMPERATURE (F)
 YESTERDAY
  MAXIMUM         58    619 PM  87    1926  65     -7       73
  MINIMUM         52    758 AM  38    1894  52      0       54
  AVERAGE         55                        58     -3       64

PRECIPITATION (IN)
  YESTERDAY        0.06          1.14 1902   0.08  -0.02     0.00
  MONTH TO DATE    1.37                      2.11  -0.74     0.05
  SINCE OCT 1      9.28                      7.20   2.08     6.11
  SINCE JAN 1      4.38                      4.09   0.29     3.26

DEGREE DAYS
 HEATING
  YESTERDAY       10                         7      3        1
  MONTH TO DATE  128                       188    -60       65
  SINCE DEC 1    526                       698   -172      466
  SINCE JUL 1    576                       843   -267      535

 COOLING
  YESTERDAY        0                         0      0        0
  MONTH TO DATE    0                         0      0       45
  SINCE DEC 1      4                         2      2       45
  SINCE JAN 1      0                         2     -2       45
..................................................................


WIND (MPH)
  RESULTANT WIND SPEED   7   RESULTANT WIND DIRECTION   S (200)
  HIGHEST WIND SPEED    21   HIGHEST WIND DIRECTION     S (170)
  HIGHEST GUST SPEED    26   HIGHEST GUST DIRECTION     S (170)
  AVERAGE WIND SPEED     7.9


SKY COVER
  POSSIBLE SUNSHINE  MM
  AVERAGE SKY COVER 0.8


WEATHER CONDITIONS
 THE FOLLOWING WEATHER WAS RECORDED YESTERDAY.
  RAIN
  LIGHT RAIN
  HAZE


RELATIVE HUMIDITY (PERCENT)
 HIGHEST    77           100 PM
 LOWEST     61          1200 AM
 AVERAGE    69

..........................................................


THE SAN DIEGO INTL AIRPORT CA CLIMATE NORMALS FOR TODAY
                         NORMAL    RECORD    YEAR
 MAXIMUM TEMPERATURE (F)   65        83      1883
 MINIMUM TEMPERATURE (F)   52        39      1876


SUNRISE AND SUNSET
FEBRUARY 27 2017......SUNRISE   618 AM PST   SUNSET   545 PM PST
FEBRUARY 28 2017......SUNRISE   617 AM PST   SUNSET   545 PM PST


-  INDICATES NEGATIVE NUMBERS.
R  INDICATES RECORD WAS SET OR TIED.
MM INDICATES DATA IS MISSING.
T  INDICATES TRACE AMOUNT.




$$
