000
CDUS46 KSGX 261422
CLISAN


CLIMATE REPORT
NATIONAL WEATHER SERVICE SAN DIEGO, CA
622 AM PST WED NOV 26 2014


...................................

...THE SAN DIEGO/LINDBERGH FIELD CA CLIMATE SUMMARY FOR NOVEMBER 25 2014...

CLIMATE NORMAL PERIOD 1981 TO 2010
CLIMATE RECORD PERIOD 1850 TO 2014


WEATHER ITEM   OBSERVED TIME   RECORD YEAR NORMAL DEPARTURE LAST
                VALUE   (LST)  VALUE       VALUE  FROM      YEAR
                                                  NORMAL
..................................................................
TEMPERATURE (F)
 YESTERDAY
  MAXIMUM         77    254 PM  89    1953  67     10       70
  MINIMUM         50    609 AM  39    1906  51     -1       51
  AVERAGE         64                        59      5       61

PRECIPITATION (IN)
  YESTERDAY        0.00          2.04 1985   0.04  -0.04     0.00
  MONTH TO DATE    0.37                      0.80  -0.43     1.47
  SINCE JUL 1      0.45                      1.57  -1.12     1.77
  SINCE JAN 1      3.27                      8.60  -5.33     5.10

SNOWFALL (IN)
  YESTERDAY        0.0
  MONTH TO DATE    0.0
  SINCE JAN 1      0.0
  SINCE JUL 1      0.0
  SNOW DEPTH       0

DEGREE DAYS
 HEATING
  YESTERDAY        1                         6     -5        4
  MONTH TO DATE   18                        93    -75       37
  SINCE SEP 1     18                       113    -95       59
  SINCE JUL 1     18                       114    -96       59

 COOLING
  YESTERDAY        0                         0      0        0
  MONTH TO DATE   40                        11     29       23
  SINCE SEP 1    581                       250    331      282
  SINCE JAN 1   1483                       718    765      761
..................................................................


WIND (MPH)
  RESULTANT WIND SPEED   3   RESULTANT WIND DIRECTION  NW (330)
  HIGHEST WIND SPEED    12   HIGHEST WIND DIRECTION    NW (330)
  HIGHEST GUST SPEED    15   HIGHEST GUST DIRECTION    NW (330)
  AVERAGE WIND SPEED     3.0


SKY COVER
  POSSIBLE SUNSHINE  MM
  AVERAGE SKY COVER 0.0


WEATHER CONDITIONS
 THE FOLLOWING WEATHER WAS RECORDED YESTERDAY.
  NO SIGNIFICANT WEATHER WAS OBSERVED.


RELATIVE HUMIDITY (PERCENT)
 HIGHEST    45           400 AM
 LOWEST      7          1200 PM
 AVERAGE    26

..........................................................


THE SAN DIEGO/LINDBERGH FIELD CA CLIMATE NORMALS FOR TODAY
                         NORMAL    RECORD    YEAR
 MAXIMUM TEMPERATURE (F)   67        85      1956
 MINIMUM TEMPERATURE (F)   51        41      1880


SUNRISE AND SUNSET
NOVEMBER 26 2014......SUNRISE   629 AM PST   SUNSET   443 PM PST
NOVEMBER 27 2014......SUNRISE   630 AM PST   SUNSET   443 PM PST


-  INDICATES NEGATIVE NUMBERS.
R  INDICATES RECORD WAS SET OR TIED.
MM INDICATES DATA IS MISSING.
T  INDICATES TRACE AMOUNT.




$$
