000
CDUS46 KSGX 211131
CLISAN


CLIMATE REPORT
NATIONAL WEATHER SERVICE SAN DIEGO, CA
431 AM PDT MON AUG 21 2017


...................................

...THE SAN DIEGO INTL AIRPORT CA CLIMATE SUMMARY FOR AUGUST 20 2017...

CLIMATE NORMAL PERIOD 1981 TO 2010
CLIMATE RECORD PERIOD 1874 TO 2017


WEATHER ITEM   OBSERVED TIME   RECORD YEAR NORMAL DEPARTURE LAST
                VALUE   (LST)  VALUE       VALUE  FROM      YEAR
                                                  NORMAL
..................................................................
TEMPERATURE (F)
 YESTERDAY
  MAXIMUM         75    104 PM  89    1897  77     -2       77
  MINIMUM         68    450 AM  58    1912  67      1       67
  AVERAGE         72                        72      0       72

PRECIPITATION (IN)
  YESTERDAY        0.00          0.08 1906   0.00   0.00     0.00
  MONTH TO DATE    T                         0.01  -0.01     0.00
  SINCE OCT 1     12.65                     10.18   2.47     7.86
  SINCE JAN 1      7.75                      7.07   0.68     5.01

DEGREE DAYS
 HEATING
  YESTERDAY        0                         0      0        0
  MONTH TO DATE    0                         0      0        0
  SINCE JUN 1      9                        19    -10        0
  SINCE JUL 1      0                         1     -1        0

 COOLING
  YESTERDAY        7                         7      0        7
  MONTH TO DATE  172                       128     44      175
  SINCE JUN 1    525                       344    181      491
  SINCE JAN 1    617                       393    224      609
..................................................................


WIND (MPH)
  RESULTANT WIND SPEED   5   RESULTANT WIND DIRECTION  SW (230)
  HIGHEST WIND SPEED    13   HIGHEST WIND DIRECTION    SW (220)
  HIGHEST GUST SPEED    17   HIGHEST GUST DIRECTION    SW (220)
  AVERAGE WIND SPEED     6.8


SKY COVER
  POSSIBLE SUNSHINE  MM
  AVERAGE SKY COVER 0.8


WEATHER CONDITIONS
 THE FOLLOWING WEATHER WAS RECORDED YESTERDAY.
  NO SIGNIFICANT WEATHER WAS OBSERVED.


RELATIVE HUMIDITY (PERCENT)
 HIGHEST    73          1200 AM
 LOWEST     61           900 AM
 AVERAGE    67

..........................................................


THE SAN DIEGO INTL AIRPORT CA CLIMATE NORMALS FOR TODAY
                         NORMAL    RECORD    YEAR
 MAXIMUM TEMPERATURE (F)   77        89      1982
 MINIMUM TEMPERATURE (F)   67        58      1916
                                             1884
                                             1877


SUNRISE AND SUNSET
AUGUST 21 2017........SUNRISE   616 AM PDT   SUNSET   726 PM PDT
AUGUST 22 2017........SUNRISE   617 AM PDT   SUNSET   725 PM PDT


-  INDICATES NEGATIVE NUMBERS.
R  INDICATES RECORD WAS SET OR TIED.
MM INDICATES DATA IS MISSING.
T  INDICATES TRACE AMOUNT.




$$
