000
CDUS44 KEWX 192252
CLISAT


CLIMATE REPORT
NATIONAL WEATHER SERVICE AUSTIN/SAN ANTONIO, TX
551 PM CDT SAT AUG 19 2017


...................................

...THE SAN ANTONIO CLIMATE SUMMARY FOR AUGUST 19 2017...
VALID TODAY AS OF 0545 PM LOCAL TIME.

CLIMATE NORMAL PERIOD 1981 TO 2010
CLIMATE RECORD PERIOD 1886 TO 2017


WEATHER ITEM   OBSERVED TIME   RECORD YEAR NORMAL DEPARTURE LAST
                VALUE   (LST)  VALUE       VALUE  FROM      YEAR
                                                  NORMAL
..................................................................
TEMPERATURE (F)
 TODAY
  MAXIMUM         96    341 PM 108    1986  96      0       93
  MINIMUM         77    616 AM  67    1992  75      2       77
  AVERAGE         87                        86      1       85

PRECIPITATION (IN)
  TODAY            0.00          2.36 2012   0.07  -0.07     0.00
  MONTH TO DATE    3.68                      1.01   2.67     2.84
  SINCE JUN 1      4.24                      7.89  -3.65     5.56
  SINCE JAN 1     17.31                     19.86  -2.55    27.38

SNOWFALL (IN)
  TODAY            0.0
  MONTH TO DATE    0.0
  SINCE JUN 1      0.0
  SINCE JUL 1      0.0
  SNOW DEPTH       0

DEGREE DAYS
 HEATING
  TODAY            0                         0      0        0
  MONTH TO DATE    0                         0      0        0
  SINCE JUN 1      0                         0      0        0
  SINCE JUL 1      0                         0      0        0

 COOLING
  TODAY           22                        21      1       20
  MONTH TO DATE  411                       399     12      388
  SINCE JUN 1   1673                      1530    143     1596
  SINCE JAN 1   2445                      2159    286     2221
..................................................................


WIND (MPH)
  HIGHEST WIND SPEED    15   HIGHEST WIND DIRECTION     S (180)
  HIGHEST GUST SPEED    20   HIGHEST GUST DIRECTION     S (170)
  AVERAGE WIND SPEED     7.4


SKY COVER
  AVERAGE SKY COVER 0.3


WEATHER CONDITIONS
 THE FOLLOWING WEATHER WAS RECORDED TODAY.
  NO SIGNIFICANT WEATHER WAS OBSERVED.


RELATIVE HUMIDITY (PERCENT)
 HIGHEST    85           500 AM
 LOWEST     36           400 PM
 AVERAGE    61

..........................................................


THE SAN ANTONIO CLIMATE NORMALS FOR TOMORROW
                         NORMAL    RECORD    YEAR
 MAXIMUM TEMPERATURE (F)   96       107      1909
 MINIMUM TEMPERATURE (F)   75        65      1940


SUNRISE AND SUNSET
AUGUST 19 2017........SUNRISE   704 AM CDT   SUNSET   810 PM CDT
AUGUST 20 2017........SUNRISE   705 AM CDT   SUNSET   809 PM CDT


-  INDICATES NEGATIVE NUMBERS.
R  INDICATES RECORD WAS SET OR TIED.
MM INDICATES DATA IS MISSING.
T  INDICATES TRACE AMOUNT.




$$
