455
CDUS44 KEWX 222334
CLISAT


CLIMATE REPORT
NATIONAL WEATHER SERVICE AUSTIN/SAN ANTONIO, TX
533 PM CST MON JAN 22 2018


...................................

...THE SAN ANTONIO CLIMATE SUMMARY FOR JANUARY 22 2018...
VALID TODAY AS OF 530 PM LOCAL TIME.

CLIMATE NORMAL PERIOD 1981 TO 2010
CLIMATE RECORD PERIOD 1886 TO 2018


WEATHER ITEM   OBSERVED TIME   RECORD YEAR NORMAL DEPARTURE LAST
                VALUE   (LST)  VALUE       VALUE  FROM      YEAR
                                                  NORMAL
..................................................................
TEMPERATURE (F)
 TODAY
  MAXIMUM         66    351 PM  84    1972  63      3       72
  MINIMUM         40    752 AM  17    1930  41     -1       48
  AVERAGE         53                        52      1       60

PRECIPITATION (IN)
  TODAY            0.00          1.85 2015   0.06  -0.06     0.00
  MONTH TO DATE    0.19                      1.21  -1.02     2.71
  SINCE DEC 1      4.23                      3.12   1.11     8.93
  SINCE JAN 1      0.19                      1.21  -1.02     2.71

SNOWFALL (IN)
  TODAY            0.0
  MONTH TO DATE    T
  SINCE DEC 1      1.9
  SINCE JUL 1      1.9
  SNOW DEPTH       0

DEGREE DAYS
 HEATING
  TODAY           12                        13     -1        5
  MONTH TO DATE  379                       303     76      165
  SINCE DEC 1    764                       694     70      483
  SINCE JUL 1    896                       905     -9      541

 COOLING
  TODAY            0                         0      0        0
  MONTH TO DATE    0                         0      0       21
  SINCE DEC 1     18                        14      4       63
  SINCE JAN 1      0                         0      0       21
..................................................................


WIND (MPH)
  HIGHEST WIND SPEED    22   HIGHEST WIND DIRECTION    NW (330)
  HIGHEST GUST SPEED    29   HIGHEST GUST DIRECTION    NW (330)
  AVERAGE WIND SPEED    10.2


SKY COVER
  AVERAGE SKY COVER 0.2


WEATHER CONDITIONS
 THE FOLLOWING WEATHER WAS RECORDED TODAY.
  FOG


RELATIVE HUMIDITY (PERCENT)
 HIGHEST    96           200 AM
 LOWEST     16           300 PM
 AVERAGE    56

..........................................................


THE SAN ANTONIO CLIMATE NORMALS FOR TOMORROW
                         NORMAL    RECORD    YEAR
 MAXIMUM TEMPERATURE (F)   63        88      1972
 MINIMUM TEMPERATURE (F)   41        17      1966


SUNRISE AND SUNSET
JANUARY 22 2018.......SUNRISE   728 AM CST   SUNSET   603 PM CST
JANUARY 23 2018.......SUNRISE   728 AM CST   SUNSET   604 PM CST


-  INDICATES NEGATIVE NUMBERS.
R  INDICATES RECORD WAS SET OR TIED.
MM INDICATES DATA IS MISSING.
T  INDICATES TRACE AMOUNT.




$$
