000
CDUS44 KEWX 222236
CLISAT


CLIMATE REPORT
NATIONAL WEATHER SERVICE AUSTIN/SAN ANTONIO, TX
536 PM CDT SUN OCT 22 2017


...................................

...THE SAN ANTONIO CLIMATE SUMMARY FOR OCTOBER 22 2017...
VALID TODAY AS OF 0500 PM LOCAL TIME.

CLIMATE NORMAL PERIOD 1981 TO 2010
CLIMATE RECORD PERIOD 1886 TO 2017


WEATHER ITEM   OBSERVED TIME   RECORD YEAR NORMAL DEPARTURE LAST
                VALUE   (LST)  VALUE       VALUE  FROM      YEAR
                                                  NORMAL
..................................................................
TEMPERATURE (F)
 TODAY
  MAXIMUM         83    212 PM  91    1933  81      2       78
  MINIMUM         64    824 AM  40    1911  59      5       46
  AVERAGE         74                        70      4       62

PRECIPITATION (IN)
  TODAY            0.08          4.09 1949   0.14  -0.06     0.00
  MONTH TO DATE    0.27                      3.04  -2.77     0.16
  SINCE SEP 1      3.07                      6.07  -3.00     6.46
  SINCE JAN 1     22.57                     27.01  -4.44    35.91

SNOWFALL (IN)
  TODAY            0.0
  MONTH TO DATE    0.0
  SINCE SEP 1      0.0
  SINCE JUL 1      0.0
  SNOW DEPTH       0

DEGREE DAYS
 HEATING
  TODAY            0                         1     -1        3
  MONTH TO DATE    3                        11     -8        3
  SINCE SEP 1      3                        13    -10        3
  SINCE JUL 1      3                        13    -10        3

 COOLING
  TODAY            9                         6      3        0
  MONTH TO DATE  220                       175     45      230
  SINCE SEP 1    660                       618     42      743
  SINCE JAN 1   3309                      3009    300     3169
..................................................................


WIND (MPH)
  HIGHEST WIND SPEED    24   HIGHEST WIND DIRECTION     N (350)
  HIGHEST GUST SPEED    28   HIGHEST GUST DIRECTION    NW (330)
  AVERAGE WIND SPEED    10.1


SKY COVER
  AVERAGE SKY COVER 0.5


WEATHER CONDITIONS
 THE FOLLOWING WEATHER WAS RECORDED TODAY.
  THUNDERSTORM
  RAIN
  LIGHT RAIN
  FOG


RELATIVE HUMIDITY (PERCENT)
 HIGHEST    87           100 AM
 LOWEST     26           400 PM
 AVERAGE    57

..........................................................


THE SAN ANTONIO CLIMATE NORMALS FOR TOMORROW
                         NORMAL    RECORD    YEAR
 MAXIMUM TEMPERATURE (F)   80        93      1988
 MINIMUM TEMPERATURE (F)   58        36      1996


SUNRISE AND SUNSET
OCTOBER 22 2017.......SUNRISE   740 AM CDT   SUNSET   656 PM CDT
OCTOBER 23 2017.......SUNRISE   741 AM CDT   SUNSET   655 PM CDT


-  INDICATES NEGATIVE NUMBERS.
R  INDICATES RECORD WAS SET OR TIED.
MM INDICATES DATA IS MISSING.
T  INDICATES TRACE AMOUNT.




$$
