000
CDUS44 KEWX 312237
CLISAT


CLIMATE REPORT
NATIONAL WEATHER SERVICE AUSTIN/SAN ANTONIO, TX
537 PM CDT TUE MAY 31 2016


...................................

...THE SAN ANTONIO CLIMATE SUMMARY FOR MAY 31 2016...
VALID TODAY AS OF 530 PM LOCAL TIME.

CLIMATE NORMAL PERIOD 1981 TO 2010
CLIMATE RECORD PERIOD 1886 TO 2016


WEATHER ITEM   OBSERVED TIME   RECORD YEAR NORMAL DEPARTURE LAST
                VALUE   (LST)  VALUE       VALUE  FROM      YEAR
                                                  NORMAL
..................................................................
TEMPERATURE (F)
 TODAY
  MAXIMUM         85   1127 AM 104    2004  90     -5       84
  MINIMUM         68    215 PM  51    1984  70     -2       69
  AVERAGE         77                        80     -3       77

PRECIPITATION (IN)
  TODAY            1.84          6.82 1937   0.15   1.69     0.00
  MONTH TO DATE    9.14                      4.01   5.13     8.57
  SINCE MAR 1     18.89                      8.42  10.47    19.08
  SINCE JAN 1     21.82                     11.97   9.85    23.28

SNOWFALL (IN)
  TODAY            0.0
  MONTH TO DATE    0.0
  SINCE MAR 1      T
  SINCE JUL 1      T
  SNOW DEPTH       0

DEGREE DAYS
 HEATING
  TODAY            0                         0      0        0
  MONTH TO DATE    1                         0      1        0
  SINCE MAR 1     89                       195   -106      179
  SINCE JUL 1   1038                      1496   -458     1494

 COOLING
  TODAY           12                        15     -3       12
  MONTH TO DATE  323                       370    -47      361
  SINCE MAR 1    597                       603     -6      632
  SINCE JAN 1    626                       629     -3      645
..................................................................


WIND (MPH)
  HIGHEST WIND SPEED    31   HIGHEST WIND DIRECTION     W (290)
  HIGHEST GUST SPEED    42   HIGHEST GUST DIRECTION     W (280)
  AVERAGE WIND SPEED     9.1


SKY COVER
  AVERAGE SKY COVER 0.9


WEATHER CONDITIONS
 THE FOLLOWING WEATHER WAS RECORDED TODAY.
  THUNDERSTORM
  HEAVY RAIN
  LIGHT RAIN
  FOG


RELATIVE HUMIDITY (PERCENT)
 HIGHEST    94           200 AM
 LOWEST     74          1100 AM
 AVERAGE    84

..........................................................


THE SAN ANTONIO CLIMATE NORMALS FOR TOMORROW
                         NORMAL    RECORD    YEAR
 MAXIMUM TEMPERATURE (F)   91       101      1887
 MINIMUM TEMPERATURE (F)   71        54      1964


SUNRISE AND SUNSET
MAY 31 2016...........SUNRISE   634 AM CDT   SUNSET   829 PM CDT
JUNE  1 2016..........SUNRISE   634 AM CDT   SUNSET   830 PM CDT


-  INDICATES NEGATIVE NUMBERS.
R  INDICATES RECORD WAS SET OR TIED.
MM INDICATES DATA IS MISSING.
T  INDICATES TRACE AMOUNT.




$$
