982
CDUS44 KEWX 262255
CLISAT


CLIMATE REPORT
NATIONAL WEATHER SERVICE AUSTIN/SAN ANTONIO, TX
554 PM CDT SUN MAR 26 2017


...................................

...THE SAN ANTONIO CLIMATE SUMMARY FOR MARCH 26 2017...
VALID TODAY AS OF 550 PM LOCAL TIME.

CLIMATE NORMAL PERIOD 1981 TO 2010
CLIMATE RECORD PERIOD 1886 TO 2017


WEATHER ITEM   OBSERVED TIME   RECORD YEAR NORMAL DEPARTURE LAST
                VALUE   (LST)  VALUE       VALUE  FROM      YEAR
                                                  NORMAL
..................................................................
TEMPERATURE (F)
 TODAY
  MAXIMUM         86    338 PM  97    1950  76     10       73
  MINIMUM         62    556 AM  31    1955  53      9       49
  AVERAGE         74                        64     10       61

PRECIPITATION (IN)
  TODAY            0.00          1.47 1900   0.08  -0.08     0.00
  MONTH TO DATE    1.22                      1.98  -0.76     3.42
  SINCE MAR 1      1.22                      1.98  -0.76     3.42
  SINCE JAN 1      7.55                      5.53   2.02     6.35

SNOWFALL (IN)
  TODAY            0.0
  MONTH TO DATE    0.0
  SINCE MAR 1      0.0
  SINCE JUL 1      0.0
  SNOW DEPTH       0

DEGREE DAYS
 HEATING
  TODAY            0                         3     -3        4
  MONTH TO DATE   51                       138    -87       66
  SINCE MAR 1     51                       138    -87       66
  SINCE JUL 1    769                      1439   -670     1015

 COOLING
  TODAY            9                         3      6        0
  MONTH TO DATE  101                        51     50       86
  SINCE MAR 1    101                        51     50       86
  SINCE JAN 1    201                        77    124      115
..................................................................


WIND (MPH)
  HIGHEST WIND SPEED    24   HIGHEST WIND DIRECTION    SE (150)
  HIGHEST GUST SPEED    32   HIGHEST GUST DIRECTION     S (170)
  AVERAGE WIND SPEED    12.3


SKY COVER
  AVERAGE SKY COVER 0.5


WEATHER CONDITIONS
 THE FOLLOWING WEATHER WAS RECORDED TODAY.
  FOG
  HAZE


RELATIVE HUMIDITY (PERCENT)
 HIGHEST    93           100 AM
 LOWEST     37           300 PM
 AVERAGE    65

..........................................................


THE SAN ANTONIO CLIMATE NORMALS FOR TOMORROW
                         NORMAL    RECORD    YEAR
 MAXIMUM TEMPERATURE (F)   76        96      1984
 MINIMUM TEMPERATURE (F)   53        31      1913


SUNRISE AND SUNSET
MARCH 26 2017.........SUNRISE   730 AM CDT   SUNSET   749 PM CDT
MARCH 27 2017.........SUNRISE   729 AM CDT   SUNSET   750 PM CDT


-  INDICATES NEGATIVE NUMBERS.
R  INDICATES RECORD WAS SET OR TIED.
MM INDICATES DATA IS MISSING.
T  INDICATES TRACE AMOUNT.




$$
