000
CDUS44 KEWX 272314
CLISAT


CLIMATE REPORT
NATIONAL WEATHER SERVICE AUSTIN/SAN ANTONIO, TX
612 PM CDT THU AUG 27 2015


...................................

...THE SAN ANTONIO CLIMATE SUMMARY FOR AUGUST 27 2015...
VALID TODAY AS OF 612 PM LOCAL TIME.

CLIMATE NORMAL PERIOD 1981 TO 2010
CLIMATE RECORD PERIOD 1886 TO 2015


WEATHER ITEM   OBSERVED TIME   RECORD YEAR NORMAL DEPARTURE LAST
                VALUE   (LST)  VALUE       VALUE  FROM      YEAR
                                                  NORMAL
..................................................................
TEMPERATURE (F)
 TODAY
  MAXIMUM         96    433 PM 106    2011  95      1       99
  MINIMUM         78    643 AM  62    1891  74      4       76
  AVERAGE         87                        85      2       88

PRECIPITATION (IN)
  TODAY            0.00          1.68 1923   0.10  -0.10     0.00
                                      1898
  MONTH TO DATE    0.29                      1.67  -1.38     0.08
  SINCE JUN 1      6.78                      8.55  -1.77     8.71
  SINCE JAN 1     30.06                     20.52   9.54    16.07

SNOWFALL (IN)
  TODAY            0.0
  MONTH TO DATE    0.0
  SINCE JUN 1      0.0
  SINCE JUL 1      0.0
  SNOW DEPTH      MM

DEGREE DAYS
 HEATING
  TODAY            0                         0      0        0
  MONTH TO DATE    0                         0      0        0
  SINCE JUN 1      0                         0      0        0
  SINCE JUL 1      0                         0      0        0

 COOLING
  TODAY           22                        20      2       23
  MONTH TO DATE  622                       559     63      631
  SINCE JUN 1   1775                      1690     85     1806
  SINCE JAN 1   2420                      2319    101     2510
..................................................................


WIND (MPH)
  HIGHEST WIND SPEED    13   HIGHEST WIND DIRECTION     S (160)
  HIGHEST GUST SPEED    16   HIGHEST GUST DIRECTION    SE (150)
  AVERAGE WIND SPEED     6.1


SKY COVER
  AVERAGE SKY COVER 0.6


WEATHER CONDITIONS
 THE FOLLOWING WEATHER WAS RECORDED TODAY.
  NO SIGNIFICANT WEATHER WAS OBSERVED.


RELATIVE HUMIDITY (PERCENT)
 HIGHEST    79           200 AM
 LOWEST     34           400 PM
 AVERAGE    57

..........................................................


THE SAN ANTONIO CLIMATE NORMALS FOR TOMORROW
                         NORMAL    RECORD    YEAR
 MAXIMUM TEMPERATURE (F)   95       110      2011
 MINIMUM TEMPERATURE (F)   74        62      1992
                                             1906


SUNRISE AND SUNSET
AUGUST 27 2015........SUNRISE   708 AM CDT   SUNSET   802 PM CDT
AUGUST 28 2015........SUNRISE   709 AM CDT   SUNSET   801 PM CDT


-  INDICATES NEGATIVE NUMBERS.
R  INDICATES RECORD WAS SET OR TIED.
MM INDICATES DATA IS MISSING.
T  INDICATES TRACE AMOUNT.




$$
