000
CDUS42 KCHS 210542
CLISAV

CLIMATE REPORT
NATIONAL WEATHER SERVICE CHARLESTON SC
137 AM EDT MON APR 21 2014


...................................

...THE SAVANNAH GA CLIMATE SUMMARY FOR APRIL 20 2014...

CLIMATE NORMAL PERIOD 1981 TO 2010
CLIMATE RECORD PERIOD 1871 TO 2014


WEATHER ITEM   OBSERVED TIME   RECORD YEAR NORMAL DEPARTURE LAST
                VALUE   (LST)  VALUE       VALUE  FROM      YEAR
                                                  NORMAL
..................................................................
TEMPERATURE (F)
 YESTERDAY
  MAXIMUM         73    359 PM  94    1925  79     -6       64
  MINIMUM         53    747 AM  34    1983  55     -2       49
  AVERAGE         63                        66     -3       57

PRECIPITATION (IN)
  YESTERDAY        T             1.47 1912   0.11  -0.11     0.24
  MONTH TO DATE    5.30                      2.15   3.15     3.33
  SINCE MAR 1      7.95                      5.88   2.07     5.35
  SINCE JAN 1     12.06                     12.36  -0.30    15.65

SNOWFALL (IN)
  YESTERDAY        0.0                       0.0    0.0
  SINCE MAR 1      0.0                       T      0.0
  SINCE JUL 1      0.0                       0.3   -0.3

DEGREE DAYS
 HEATING
  YESTERDAY        2                         2      0        8
  MONTH TO DATE   37                        62    -25       42
  SINCE MAR 1    301                       272     29      388
  SINCE JUL 1   1682                      1789   -107     1610

 COOLING
  YESTERDAY        0                         3     -3        0
  MONTH TO DATE   54                        51      3       70
  SINCE MAR 1     66                        83    -17       76
  SINCE JAN 1     84                        93     -9      104
..................................................................


WIND (MPH)
  HIGHEST WIND SPEED    22   HIGHEST WIND DIRECTION     N (10)
  HIGHEST GUST SPEED    29   HIGHEST GUST DIRECTION    NE (30)
  AVERAGE WIND SPEED    11.7


SKY COVER
  POSSIBLE SUNSHINE  MM
  AVERAGE SKY COVER 0.8


WEATHER CONDITIONS
 THE FOLLOWING WEATHER WAS RECORDED YESTERDAY.
  LIGHT RAIN
  FOG


RELATIVE HUMIDITY (PERCENT)
 HIGHEST    89           100 AM
 LOWEST     49           400 PM
 AVERAGE    69

..........................................................


THE SAVANNAH GA CLIMATE NORMALS FOR TODAY
                         NORMAL    RECORD    YEAR
 MAXIMUM TEMPERATURE (F)   79        92      2002
                                             1968
 MINIMUM TEMPERATURE (F)   55        36      1953


SUNRISE AND SUNSET
APRIL 21 2014.........SUNRISE   649 AM EDT   SUNSET   758 PM EDT
APRIL 22 2014.........SUNRISE   648 AM EDT   SUNSET   759 PM EDT


-  INDICATES NEGATIVE NUMBERS.
R  INDICATES RECORD WAS SET OR TIED.
MM INDICATES DATA IS MISSING.
T  INDICATES TRACE AMOUNT.




$$
