000
CDUS42 KCHS 070611
CLISAV


CLIMATE REPORT
NATIONAL WEATHER SERVICE CHARLESTON SC
111 AM EST SUN FEB 7 2016


...................................

...THE SAVANNAH GA CLIMATE SUMMARY FOR FEBRUARY 6 2016...

CLIMATE NORMAL PERIOD 1981 TO 2010
CLIMATE RECORD PERIOD 1871 TO 2016


WEATHER ITEM   OBSERVED TIME   RECORD YEAR NORMAL DEPARTURE LAST
                VALUE   (LST)  VALUE       VALUE  FROM      YEAR
                                                  NORMAL
..................................................................
TEMPERATURE (F)
 YESTERDAY
  MAXIMUM         54   1223 PM  82    2008  63     -9       54
  MINIMUM         35    308 AM  19    1966  40     -5       28
  AVERAGE         45                        51     -6       41

PRECIPITATION (IN)
  YESTERDAY        0.32          2.29 1986   0.10   0.22     0.00
  MONTH TO DATE    2.42                      0.64   1.78     0.80
  SINCE DEC 1      8.90                      7.28   1.62     8.94
  SINCE JAN 1      5.55                      4.33   1.22     4.92

SNOWFALL (IN)
  YESTERDAY        0.0                       0.0    0.0
  SINCE DEC 1      T                         0.2   -0.2
  SINCE JUL 1      T                         0.2   -0.2

DEGREE DAYS
 HEATING
  YESTERDAY       20                        14      6       24
  MONTH TO DATE   44                        84    -40      105
  SINCE DEC 1    614                       991   -377      862
  SINCE JUL 1    739                      1258   -519     1154

 COOLING
  YESTERDAY        0                         0      0        0
  MONTH TO DATE    9                         0      9        0
  SINCE DEC 1    115                        12    103       11
  SINCE JAN 1      9                         3      6        5
..................................................................


WIND (MPH)
  HIGHEST WIND SPEED    20   HIGHEST WIND DIRECTION     N (20)
  HIGHEST GUST SPEED    23   HIGHEST GUST DIRECTION     N (20)
  AVERAGE WIND SPEED    10.0


SKY COVER
  POSSIBLE SUNSHINE  MM
  AVERAGE SKY COVER 0.7


WEATHER CONDITIONS
 THE FOLLOWING WEATHER WAS RECORDED YESTERDAY.
  RAIN
  LIGHT RAIN
  FOG


RELATIVE HUMIDITY (PERCENT)
 HIGHEST    86          1000 PM
 LOWEST     36          1100 AM
 AVERAGE    61

..........................................................


THE SAVANNAH GA CLIMATE NORMALS FOR TODAY
                         NORMAL    RECORD    YEAR
 MAXIMUM TEMPERATURE (F)   63        81      1904
 MINIMUM TEMPERATURE (F)   40        21      1978


SUNRISE AND SUNSET
FEBRUARY  7 2016......SUNRISE   715 AM EST   SUNSET   604 PM EST
FEBRUARY  8 2016......SUNRISE   714 AM EST   SUNSET   605 PM EST


-  INDICATES NEGATIVE NUMBERS.
R  INDICATES RECORD WAS SET OR TIED.
MM INDICATES DATA IS MISSING.
T  INDICATES TRACE AMOUNT.




$$
