000
CDUS42 KCHS 290602
CLISAV


CLIMATE REPORT
NATIONAL WEATHER SERVICE CHARLESTON SC
202 AM EDT MON MAY 29 2017


...................................

...THE SAVANNAH GA CLIMATE SUMMARY FOR MAY 28 2017...

CLIMATE NORMAL PERIOD 1981 TO 2010
CLIMATE RECORD PERIOD 1871 TO 2017


WEATHER ITEM   OBSERVED TIME   RECORD YEAR NORMAL DEPARTURE LAST
                VALUE   (LST)  VALUE       VALUE  FROM      YEAR
                                                  NORMAL
..................................................................
TEMPERATURE (F)
 YESTERDAY
  MAXIMUM         MM        MM  96    1964  87     MM       80
                                      1898
  MINIMUM         68    547 AM  48    1961  66      2       66
  AVERAGE         MM                        76     MM       73

PRECIPITATION (IN)
  YESTERDAY        0.00          2.31 1934   0.12  -0.12     0.44
  MONTH TO DATE   11.41                      2.59   8.82     7.74
  SINCE MAR 1     14.79                      9.39   5.40    15.01
  SINCE JAN 1     23.62                     15.87   7.75    21.42

DEGREE DAYS
 HEATING
  YESTERDAY       MM                         0     MM        0
  MONTH TO DATE    1                         6     -5        4
  SINCE MAR 1    213                       292    -79      146
  SINCE JUL 1   1023                      1809   -786     1215

 COOLING
  YESTERDAY       MM                        11     MM        8
  MONTH TO DATE  268                       231     37      259
  SINCE MAR 1    550                       357    193      474
  SINCE JAN 1    608                       367    241      495
..................................................................


WIND (MPH)
  HIGHEST WIND SPEED    22   HIGHEST WIND DIRECTION     W (270)
  HIGHEST GUST SPEED    26   HIGHEST GUST DIRECTION     W (270)
  AVERAGE WIND SPEED     7.7


SKY COVER
  POSSIBLE SUNSHINE  MM
  AVERAGE SKY COVER 0.4


WEATHER CONDITIONS
 THE FOLLOWING WEATHER WAS RECORDED YESTERDAY.
  NO SIGNIFICANT WEATHER WAS OBSERVED.


RELATIVE HUMIDITY (PERCENT)
 HIGHEST    84           200 AM
 LOWEST     39           500 PM
 AVERAGE    62

..........................................................


THE SAVANNAH GA CLIMATE NORMALS FOR TODAY
                         NORMAL    RECORD    YEAR
 MAXIMUM TEMPERATURE (F)   87        98      1945
                                             1898
 MINIMUM TEMPERATURE (F)   66        55      1968
                                             1961


SUNRISE AND SUNSET
MAY 29 2017...........SUNRISE   620 AM EDT   SUNSET   825 PM EDT
MAY 30 2017...........SUNRISE   620 AM EDT   SUNSET   825 PM EDT


-  INDICATES NEGATIVE NUMBERS.
R  INDICATES RECORD WAS SET OR TIED.
MM INDICATES DATA IS MISSING.
T  INDICATES TRACE AMOUNT.




$$
