000
CDUS42 KCHS 210525
CLISAV


CLIMATE REPORT
NATIONAL WEATHER SERVICE CHARLESTON SC
125 AM EDT SUN SEP 21 2014


...................................

...THE SAVANNAH GA CLIMATE SUMMARY FOR SEPTEMBER 20 2014...

CLIMATE NORMAL PERIOD 1981 TO 2010
CLIMATE RECORD PERIOD 1871 TO 2014


WEATHER ITEM   OBSERVED TIME   RECORD YEAR NORMAL DEPARTURE LAST
                VALUE   (LST)  VALUE       VALUE  FROM      YEAR
                                                  NORMAL
..................................................................
TEMPERATURE (F)
 YESTERDAY
  MAXIMUM         77    403 PM  99    1925  85     -8       85
  MINIMUM         69   1125 PM  51    1981  67      2       65
  AVERAGE         73                        76     -3       75

PRECIPITATION (IN)
  YESTERDAY        0.02          2.12 1885   0.14  -0.12     0.00
  MONTH TO DATE    4.69                      3.23   1.46     0.85
  SINCE SEP 1      4.69                      3.23   1.46     0.85
  SINCE JAN 1     39.75                     37.60   2.15    48.02

DEGREE DAYS
 HEATING
  YESTERDAY        0                         0      0        0
  MONTH TO DATE    0                         0      0        0
  SINCE SEP 1      0                         0      0        0
  SINCE JUL 1      0                         0      0        0

 COOLING
  YESTERDAY        8                        11     -3       10
  MONTH TO DATE  323                       264     59      306
  SINCE SEP 1    323                       264     59      306
  SINCE JAN 1   2436                      2171    265     2155
..................................................................


WIND (MPH)
  HIGHEST WIND SPEED    17   HIGHEST WIND DIRECTION    NE (30)
  HIGHEST GUST SPEED    23   HIGHEST GUST DIRECTION    NE (30)
  AVERAGE WIND SPEED     9.6


SKY COVER
  POSSIBLE SUNSHINE  MM
  AVERAGE SKY COVER 0.7


WEATHER CONDITIONS
 THE FOLLOWING WEATHER WAS RECORDED YESTERDAY.
  RAIN
  LIGHT RAIN


RELATIVE HUMIDITY (PERCENT)
 HIGHEST    90          1200 AM
 LOWEST     64           400 PM
 AVERAGE    77

..........................................................


THE SAVANNAH GA CLIMATE NORMALS FOR TODAY
                         NORMAL    RECORD    YEAR
 MAXIMUM TEMPERATURE (F)   85       100      1925
 MINIMUM TEMPERATURE (F)   67        46      1897


SUNRISE AND SUNSET
SEPTEMBER 21 2014.....SUNRISE   712 AM EDT   SUNSET   723 PM EDT
SEPTEMBER 22 2014.....SUNRISE   713 AM EDT   SUNSET   721 PM EDT


-  INDICATES NEGATIVE NUMBERS.
R  INDICATES RECORD WAS SET OR TIED.
MM INDICATES DATA IS MISSING.
T  INDICATES TRACE AMOUNT.




$$
