000
CDUS42 KCHS 020605
CLISAV


CLIMATE REPORT
NATIONAL WEATHER SERVICE CHARLESTON SC
204 AM EDT WED SEP 2 2015


...................................

...THE SAVANNAH GA CLIMATE SUMMARY FOR SEPTEMBER 1 2015...

CLIMATE NORMAL PERIOD 1981 TO 2010
CLIMATE RECORD PERIOD 1871 TO 2015


WEATHER ITEM   OBSERVED TIME   RECORD YEAR NORMAL DEPARTURE LAST
                VALUE   (LST)  VALUE       VALUE  FROM      YEAR
                                                  NORMAL
..................................................................
TEMPERATURE (F)
 YESTERDAY
  MAXIMUM         89    124 PM  97    1957  89      0       95
                                      1926
                                      1912
  MINIMUM         72    542 AM  60    1999  71      1       73
  AVERAGE         81                        80      1       84

PRECIPITATION (IN)
  YESTERDAY        0.00          2.14 1889   0.18  -0.18      T
  MONTH TO DATE    0.00                      0.18  -0.18      T
  SINCE SEP 1      0.00                      0.18  -0.18      T
  SINCE JAN 1     36.16                     34.55   1.61    35.06

DEGREE DAYS
 HEATING
  YESTERDAY        0                         0      0        0
  MONTH TO DATE    0                         0      0        0
  SINCE SEP 1      0                         0      0        0
  SINCE JUL 1      0                         0      0        0

 COOLING
  YESTERDAY       16                        15      1       19
  MONTH TO DATE   16                        15      1       19
  SINCE SEP 1     16                        15      1       19
  SINCE JAN 1   2170                      1922    248     2132
..................................................................


WIND (MPH)
  HIGHEST WIND SPEED    12   HIGHEST WIND DIRECTION    SE (120)
  HIGHEST GUST SPEED    14   HIGHEST GUST DIRECTION    SE (120)
  AVERAGE WIND SPEED     4.4


SKY COVER
  POSSIBLE SUNSHINE  MM
  AVERAGE SKY COVER 0.8


WEATHER CONDITIONS
 THE FOLLOWING WEATHER WAS RECORDED YESTERDAY.
  FOG


RELATIVE HUMIDITY (PERCENT)
 HIGHEST    93          1200 AM
 LOWEST     56           100 PM
 AVERAGE    75

..........................................................


THE SAVANNAH GA CLIMATE NORMALS FOR TODAY
                         NORMAL    RECORD    YEAR
 MAXIMUM TEMPERATURE (F)   89       100      1912
 MINIMUM TEMPERATURE (F)   71        58      1999


SUNRISE AND SUNSET
SEPTEMBER  2 2015.....SUNRISE   700 AM EDT   SUNSET   748 PM EDT
SEPTEMBER  3 2015.....SUNRISE   701 AM EDT   SUNSET   747 PM EDT


-  INDICATES NEGATIVE NUMBERS.
R  INDICATES RECORD WAS SET OR TIED.
MM INDICATES DATA IS MISSING.
T  INDICATES TRACE AMOUNT.

$$
