000
CDUS42 KCHS 192203
CLISAV


CLIMATE REPORT
NATIONAL WEATHER SERVICE CHARLESTON SC
503 PM EST SUN NOV 19 2017


...................................

...THE SAVANNAH GA CLIMATE SUMMARY FOR NOVEMBER 19 2017...
VALID TODAY AS OF 0500 PM LOCAL TIME.

CLIMATE NORMAL PERIOD 1981 TO 2010
CLIMATE RECORD PERIOD 1871 TO 2017


WEATHER ITEM   OBSERVED TIME   RECORD YEAR NORMAL DEPARTURE LAST
                VALUE   (LST)  VALUE       VALUE  FROM      YEAR
                                                  NORMAL
..................................................................
TEMPERATURE (F)
 TODAY
  MAXIMUM         66    323 PM  85    1942  70     -4       79
  MINIMUM         58   1005 AM  26    2014  47     11       49
  AVERAGE         62                        58      4       64

PRECIPITATION (IN)
  TODAY            T             2.01 1879   0.09  -0.09     0.00
  MONTH TO DATE    0.37                      1.50  -1.13      T
  SINCE SEP 1      7.61                      9.77  -2.16    16.59
  SINCE JAN 1     49.97                     44.14   5.83    50.96

SNOWFALL (IN)
  TODAY            0.0                       0.0    0.0
  SINCE SEP 1      0.0                       0.0    0.0
  SINCE JUL 1      0.0                       0.0    0.0

DEGREE DAYS
 HEATING
  TODAY            3                         8     -5        1
  MONTH TO DATE   83                       109    -26       89
  SINCE SEP 1    131                       166    -35      101
  SINCE JUL 1    131                       166    -35      101

 COOLING
  TODAY            0                         1     -1        0
  MONTH TO DATE   36                        29      7       32
  SINCE SEP 1    704                       534    170      674
  SINCE JAN 1   2964                      2441    523     2984
..................................................................


WIND (MPH)
  HIGHEST WIND SPEED    23   HIGHEST WIND DIRECTION    NW (310)
  HIGHEST GUST SPEED    28   HIGHEST GUST DIRECTION    NW (310)
  AVERAGE WIND SPEED    13.9


SKY COVER
  POSSIBLE SUNSHINE  MM
  AVERAGE SKY COVER 0.4


WEATHER CONDITIONS
 THE FOLLOWING WEATHER WAS RECORDED TODAY.
  LIGHT RAIN
  FOG


RELATIVE HUMIDITY (PERCENT)
 HIGHEST    93           600 AM
 LOWEST     40           400 PM
 AVERAGE    67

..........................................................


THE SAVANNAH GA CLIMATE NORMALS FOR TOMORROW
                         NORMAL    RECORD    YEAR
 MAXIMUM TEMPERATURE (F)   69        83      1942
 MINIMUM TEMPERATURE (F)   47        24      1914


SUNRISE AND SUNSET
NOVEMBER 19 2017......SUNRISE   657 AM EST   SUNSET   523 PM EST
NOVEMBER 20 2017......SUNRISE   658 AM EST   SUNSET   522 PM EST


-  INDICATES NEGATIVE NUMBERS.
R  INDICATES RECORD WAS SET OR TIED.
MM INDICATES DATA IS MISSING.
T  INDICATES TRACE AMOUNT.




$$
