000
CDUS42 KCHS 230604
CLISAV


CLIMATE REPORT
NATIONAL WEATHER SERVICE CHARLESTON SC
104 AM EST THU FEB 23 2017


...................................

...THE SAVANNAH GA CLIMATE SUMMARY FOR FEBRUARY 22 2017...

CLIMATE NORMAL PERIOD 1981 TO 2010
CLIMATE RECORD PERIOD 1871 TO 2017


WEATHER ITEM   OBSERVED TIME   RECORD YEAR NORMAL DEPARTURE LAST
                VALUE   (LST)  VALUE       VALUE  FROM      YEAR
                                                  NORMAL
..................................................................
TEMPERATURE (F)
 YESTERDAY
  MAXIMUM         69   1114 AM  83    1991  66      3       77
                                      1962
  MINIMUM         62   1159 PM  25    1896  43     19       59
  AVERAGE         66                        54     12       68

PRECIPITATION (IN)
  YESTERDAY        2.08R         1.45 1998   0.10   1.98      T
  MONTH TO DATE    2.22                      2.18   0.04     3.17
  SINCE DEC 1     13.12                      8.82   4.30     9.65
  SINCE JAN 1      8.83                      5.87   2.96     6.30

SNOWFALL (IN)
  YESTERDAY        0.0                       0.0    0.0
  SINCE DEC 1      0.0                       0.3   -0.3
  SINCE JUL 1      0.0                       0.3   -0.3

DEGREE DAYS
 HEATING
  YESTERDAY        0                        11    -11        0
  MONTH TO DATE  113                       281   -168      266
  SINCE DEC 1    614                      1188   -574      881
  SINCE JUL 1    795                      1455   -660     1006

 COOLING
  YESTERDAY        1                         0      1        3
  MONTH TO DATE   13                         0     13       13
  SINCE DEC 1     46                        12     34      119
  SINCE JAN 1     36                         3     33       13
..................................................................


WIND (MPH)
  HIGHEST WIND SPEED    20   HIGHEST WIND DIRECTION     E (110)
  HIGHEST GUST SPEED    23   HIGHEST GUST DIRECTION    SE (120)
  AVERAGE WIND SPEED     8.7


SKY COVER
  POSSIBLE SUNSHINE  MM
  AVERAGE SKY COVER 1.0


WEATHER CONDITIONS
 THE FOLLOWING WEATHER WAS RECORDED YESTERDAY.
  HEAVY RAIN
  RAIN
  LIGHT RAIN
  FOG


RELATIVE HUMIDITY (PERCENT)
 HIGHEST    93           100 PM
 LOWEST     73           100 AM
 AVERAGE    83

..........................................................


THE SAVANNAH GA CLIMATE NORMALS FOR TODAY
                         NORMAL    RECORD    YEAR
 MAXIMUM TEMPERATURE (F)   66        84      2012
 MINIMUM TEMPERATURE (F)   43        23      1978


SUNRISE AND SUNSET
FEBRUARY 23 2017......SUNRISE   659 AM EST   SUNSET   618 PM EST
FEBRUARY 24 2017......SUNRISE   658 AM EST   SUNSET   619 PM EST


-  INDICATES NEGATIVE NUMBERS.
R  INDICATES RECORD WAS SET OR TIED.
MM INDICATES DATA IS MISSING.
T  INDICATES TRACE AMOUNT.




$$
