000
CDUS42 KCHS 252122
CLISAV


CLIMATE REPORT
NATIONAL WEATHER SERVICE CHARLESTON SC
522 PM EDT TUE JUL 25 2017


...................................

...THE SAVANNAH GA CLIMATE SUMMARY FOR JULY 25 2017...
VALID TODAY AS OF 0500 PM LOCAL TIME.

CLIMATE NORMAL PERIOD 1981 TO 2010
CLIMATE RECORD PERIOD 1871 TO 2017


WEATHER ITEM   OBSERVED TIME   RECORD YEAR NORMAL DEPARTURE LAST
                VALUE   (LST)  VALUE       VALUE  FROM      YEAR
                                                  NORMAL
..................................................................
TEMPERATURE (F)
 TODAY
  MAXIMUM         92    231 PM 101    1952  92      0       94
                                      1940
  MINIMUM         76    646 AM  66    1977  73      3       74
  AVERAGE         84                        83      1       84

PRECIPITATION (IN)
  TODAY            0.06          2.19 1974   0.20  -0.14     0.00
  MONTH TO DATE    5.03                      4.37   0.66     1.21
  SINCE JUN 1     11.68                     10.32   1.36     8.17
  SINCE JAN 1     35.43                     26.58   8.85    30.84

DEGREE DAYS
 HEATING
  TODAY            0                         0      0        0
  MONTH TO DATE    0                         0      0        0
  SINCE JUN 1      0                         0      0        0
  SINCE JUL 1      0                         0      0        0

 COOLING
  TODAY           19                        18      1       19
  MONTH TO DATE  475                       442     33      525
  SINCE JUN 1    929                       888     41     1041
  SINCE JAN 1   1603                      1291    312     1569
..................................................................


WIND (MPH)
  HIGHEST WIND SPEED    12   HIGHEST WIND DIRECTION     W (250)
  HIGHEST GUST SPEED    14   HIGHEST GUST DIRECTION    SW (240)
  AVERAGE WIND SPEED     5.4


SKY COVER
  POSSIBLE SUNSHINE  MM
  AVERAGE SKY COVER 0.6


WEATHER CONDITIONS
 THE FOLLOWING WEATHER WAS RECORDED TODAY.
  THUNDERSTORM
  LIGHT RAIN
  FOG


RELATIVE HUMIDITY (PERCENT)
 HIGHEST    94           500 AM
 LOWEST     56           100 PM
 AVERAGE    75

..........................................................


THE SAVANNAH GA CLIMATE NORMALS FOR TOMORROW
                         NORMAL    RECORD    YEAR
 MAXIMUM TEMPERATURE (F)   92       102      2010
 MINIMUM TEMPERATURE (F)   73        65      1911


SUNRISE AND SUNSET
JULY 25 2017..........SUNRISE   635 AM EDT   SUNSET   827 PM EDT
JULY 26 2017..........SUNRISE   636 AM EDT   SUNSET   826 PM EDT


-  INDICATES NEGATIVE NUMBERS.
R  INDICATES RECORD WAS SET OR TIED.
MM INDICATES DATA IS MISSING.
T  INDICATES TRACE AMOUNT.




$$
