000
CDUS42 KCHS 180614
CLISAV


CLIMATE REPORT
NATIONAL WEATHER SERVICE CHARLESTON SC
114 AM EST WED JAN 18 2017


...................................

...THE SAVANNAH GA CLIMATE SUMMARY FOR JANUARY 17 2017...

CLIMATE NORMAL PERIOD 1981 TO 2010
CLIMATE RECORD PERIOD 1871 TO 2017


WEATHER ITEM   OBSERVED TIME   RECORD YEAR NORMAL DEPARTURE LAST
                VALUE   (LST)  VALUE       VALUE  FROM      YEAR
                                                  NORMAL
..................................................................
TEMPERATURE (F)
 YESTERDAY
  MAXIMUM         76    409 PM  81    1943  60     16       56
  MINIMUM         57    852 AM  16    1977  38     19       39
  AVERAGE         67                        49     18       48

PRECIPITATION (IN)
  YESTERDAY        0.00          0.96 1964   0.13  -0.13     0.69
  MONTH TO DATE    1.62                      1.93  -0.31     2.37
  SINCE DEC 1      5.91                      4.88   1.03     5.72
  SINCE JAN 1      1.62                      1.93  -0.31     2.37

SNOWFALL (IN)
  YESTERDAY        0.0                       0.0    0.0
  SINCE DEC 1      0.0                       0.2   -0.2
  SINCE JUL 1      0.0                       0.2   -0.2

DEGREE DAYS
 HEATING
  YESTERDAY        0                        16    -16       17
  MONTH TO DATE  137                       272   -135      251
  SINCE DEC 1    409                       695   -286      375
  SINCE JUL 1    590                       962   -372      500

 COOLING
  YESTERDAY        2                         0      2        0
  MONTH TO DATE   11                         0     11        0
  SINCE DEC 1     21                         9     12      106
  SINCE JAN 1     11                         0     11        0
..................................................................


WIND (MPH)
  HIGHEST WIND SPEED    14   HIGHEST WIND DIRECTION    SW (240)
  HIGHEST GUST SPEED    17   HIGHEST GUST DIRECTION    SW (240)
  AVERAGE WIND SPEED     4.9


SKY COVER
  POSSIBLE SUNSHINE  MM
  AVERAGE SKY COVER 0.7


WEATHER CONDITIONS
 THE FOLLOWING WEATHER WAS RECORDED YESTERDAY.
  FOG
  FOG W/VISIBILITY <= 1/4 MILE


RELATIVE HUMIDITY (PERCENT)
 HIGHEST   100           400 AM
 LOWEST     50           200 PM
 AVERAGE    75

..........................................................


THE SAVANNAH GA CLIMATE NORMALS FOR TODAY
                         NORMAL    RECORD    YEAR
 MAXIMUM TEMPERATURE (F)   60        81      1937
 MINIMUM TEMPERATURE (F)   38        20      1957


SUNRISE AND SUNSET
JANUARY 18 2017.......SUNRISE   725 AM EST   SUNSET   546 PM EST
JANUARY 19 2017.......SUNRISE   725 AM EST   SUNSET   547 PM EST


-  INDICATES NEGATIVE NUMBERS.
R  INDICATES RECORD WAS SET OR TIED.
MM INDICATES DATA IS MISSING.
T  INDICATES TRACE AMOUNT.




$$
