000
CDUS42 KCHS 040521
CLISAV


CLIMATE REPORT
NATIONAL WEATHER SERVICE CHARLESTON SC
1220 AM EST WED MAR 4 2015


...................................

...THE SAVANNAH GA CLIMATE SUMMARY FOR MARCH 3 2015...

CLIMATE NORMAL PERIOD 1981 TO 2010
CLIMATE RECORD PERIOD 1871 TO 2015


WEATHER ITEM   OBSERVED TIME   RECORD YEAR NORMAL DEPARTURE LAST
                VALUE   (LST)  VALUE       VALUE  FROM      YEAR
                                                  NORMAL
..................................................................
TEMPERATURE (F)
 YESTERDAY
  MAXIMUM         74    126 PM  85    1976  68      6       77
                                      1951
                                      1945
  MINIMUM         55    358 AM  20    1980  45     10       45
  AVERAGE         65                        56      9       61

PRECIPITATION (IN)
  YESTERDAY        0.00          2.70 1948   0.12  -0.12     0.29
  MONTH TO DATE    0.06                      0.35  -0.29     0.29
  SINCE MAR 1      0.06                      0.35  -0.29     0.29
  SINCE JAN 1      7.62                      6.83   0.79     4.40

SNOWFALL (IN)
  YESTERDAY        0.0                       0.0    0.0
  SINCE MAR 1      0.0                       0.0    0.0
  SINCE JUL 1      0.0                       0.3   -0.3

DEGREE DAYS
 HEATING
  YESTERDAY        0                         9     -9        4
  MONTH TO DATE   22                        28     -6       17
  SINCE MAR 1     22                        28     -6       17
  SINCE JUL 1   1557                      1545     12     1398

 COOLING
  YESTERDAY        0                         1     -1        0
  MONTH TO DATE    0                         3     -3        0
  SINCE MAR 1      0                         3     -3        0
  SINCE JAN 1      5                        13     -8       18
..................................................................


WIND (MPH)
  HIGHEST WIND SPEED    12   HIGHEST WIND DIRECTION     S (180)
  HIGHEST GUST SPEED    15   HIGHEST GUST DIRECTION     E (90)
  AVERAGE WIND SPEED     6.1


SKY COVER
  POSSIBLE SUNSHINE  MM
  AVERAGE SKY COVER 0.7


WEATHER CONDITIONS
 THE FOLLOWING WEATHER WAS RECORDED YESTERDAY.
  FOG
  FOG W/VISIBILITY <= 1/4 MILE
  HAZE


RELATIVE HUMIDITY (PERCENT)
 HIGHEST   100           500 AM
 LOWEST     61           200 PM
 AVERAGE    81

..........................................................


THE SAVANNAH GA CLIMATE NORMALS FOR TODAY
                         NORMAL    RECORD    YEAR
 MAXIMUM TEMPERATURE (F)   68        84      1955
                                             1953
 MINIMUM TEMPERATURE (F)   45        26      2009
                                             1980
                                             1960


SUNRISE AND SUNSET
MARCH  4 2015.........SUNRISE   649 AM EST   SUNSET   625 PM EST
MARCH  5 2015.........SUNRISE   648 AM EST   SUNSET   625 PM EST


-  INDICATES NEGATIVE NUMBERS.
R  INDICATES RECORD WAS SET OR TIED.
MM INDICATES DATA IS MISSING.
T  INDICATES TRACE AMOUNT.




$$
