000
CDUS42 KCHS 300523
CLISAV


CLIMATE REPORT
NATIONAL WEATHER SERVICE CHARLESTON SC
123 AM EDT THU OCT 30 2014


...................................

...THE SAVANNAH GA CLIMATE SUMMARY FOR OCTOBER 29 2014...

CLIMATE NORMAL PERIOD 1981 TO 2010
CLIMATE RECORD PERIOD 1871 TO 2014


WEATHER ITEM   OBSERVED TIME   RECORD YEAR NORMAL DEPARTURE LAST
                VALUE   (LST)  VALUE       VALUE  FROM      YEAR
                                                  NORMAL
..................................................................
TEMPERATURE (F)
 YESTERDAY
  MAXIMUM         84    407 PM  87    1996  75      9       81
  MINIMUM         65    642 AM  30    1976  53     12       52
  AVERAGE         75                        64     11       67

PRECIPITATION (IN)
  YESTERDAY        0.00          3.57 1959   0.08  -0.08     0.00
  MONTH TO DATE    1.72                      3.53  -1.81     0.23
  SINCE SEP 1      6.84                      8.11  -1.27     2.01
  SINCE JAN 1     41.90                     42.48  -0.58    49.18

SNOWFALL (IN)
  YESTERDAY        0.0                       0.0    0.0
  SINCE SEP 1      0.0                       0.0    0.0
  SINCE JUL 1      0.0                       0.0    0.0

DEGREE DAYS
 HEATING
  YESTERDAY        0                         3     -3        0
  MONTH TO DATE   17                        49    -32       34
  SINCE SEP 1     18                        51    -33       34
  SINCE JUL 1     18                        51    -33       34

 COOLING
  YESTERDAY       10                         2      8        2
  MONTH TO DATE  178                       143     35      170
  SINCE SEP 1    587                       502     85      555
  SINCE JAN 1   2700                      2409    291     2404
..................................................................


WIND (MPH)
  HIGHEST WIND SPEED    14   HIGHEST WIND DIRECTION     W (250)
  HIGHEST GUST SPEED    18   HIGHEST GUST DIRECTION     W (280)
  AVERAGE WIND SPEED     6.5


SKY COVER
  POSSIBLE SUNSHINE  MM
  AVERAGE SKY COVER 0.5


WEATHER CONDITIONS
 THE FOLLOWING WEATHER WAS RECORDED YESTERDAY.
  FOG


RELATIVE HUMIDITY (PERCENT)
 HIGHEST    93           500 AM
 LOWEST     40           300 PM
 AVERAGE    67

..........................................................


THE SAVANNAH GA CLIMATE NORMALS FOR TODAY
                         NORMAL    RECORD    YEAR
 MAXIMUM TEMPERATURE (F)   75        85      1935
 MINIMUM TEMPERATURE (F)   53        28      1952


SUNRISE AND SUNSET
OCTOBER 30 2014.......SUNRISE   740 AM EDT   SUNSET   637 PM EDT
OCTOBER 31 2014.......SUNRISE   741 AM EDT   SUNSET   636 PM EDT


-  INDICATES NEGATIVE NUMBERS.
R  INDICATES RECORD WAS SET OR TIED.
MM INDICATES DATA IS MISSING.
T  INDICATES TRACE AMOUNT.




$$
