000
CDUS42 KCHS 010601
CLISAV


CLIMATE REPORT
NATIONAL WEATHER SERVICE CHARLESTON SC
201 AM EDT SAT AUG 1 2015


...................................

...THE SAVANNAH GA CLIMATE SUMMARY FOR JULY 31 2015...

CLIMATE NORMAL PERIOD 1981 TO 2010
CLIMATE RECORD PERIOD 1871 TO 2015


WEATHER ITEM   OBSERVED TIME   RECORD YEAR NORMAL DEPARTURE LAST
                VALUE   (LST)  VALUE       VALUE  FROM      YEAR
                                                  NORMAL
..................................................................
TEMPERATURE (F)
 YESTERDAY
  MAXIMUM         89   1256 PM 101    1999  92     -3       91
                                      1990
                                      1942
  MINIMUM         75    309 PM  64    1997  73      2       74
                                      1936
  AVERAGE         82                        83     -1       83

PRECIPITATION (IN)
  YESTERDAY        0.06          3.74 1918   0.21  -0.15     1.20
  MONTH TO DATE    5.36                      5.60  -0.24     4.22
  SINCE JUN 1     10.99                     11.55  -0.56    15.86
  SINCE JAN 1     28.32                     27.81   0.51    31.65

DEGREE DAYS
 HEATING
  YESTERDAY        0                         0      0        0
  MONTH TO DATE    0                         0      0        0
  SINCE JUN 1      0                         0      0        0
  SINCE JUL 1      0                         0      0        0

 COOLING
  YESTERDAY       17                        18     -1       18
  MONTH TO DATE  586                       546     40      563
  SINCE JUN 1   1092                       992    100     1054
  SINCE JAN 1   1627                      1395    232     1543
..................................................................


WIND (MPH)
  HIGHEST WIND SPEED    18   HIGHEST WIND DIRECTION     N (10)
  HIGHEST GUST SPEED    26   HIGHEST GUST DIRECTION    NE (30)
  AVERAGE WIND SPEED     4.0


SKY COVER
  POSSIBLE SUNSHINE  MM
  AVERAGE SKY COVER 0.7


WEATHER CONDITIONS
 THE FOLLOWING WEATHER WAS RECORDED YESTERDAY.
  THUNDERSTORM
  LIGHT RAIN
  HAZE


RELATIVE HUMIDITY (PERCENT)
 HIGHEST    94           800 PM
 LOWEST     59           100 PM
 AVERAGE    77

..........................................................


THE SAVANNAH GA CLIMATE NORMALS FOR TODAY
                         NORMAL    RECORD    YEAR
 MAXIMUM TEMPERATURE (F)   92       102      1999
 MINIMUM TEMPERATURE (F)   73        66      1997
                                             1966


SUNRISE AND SUNSET
AUGUST  1 2015........SUNRISE   640 AM EDT   SUNSET   822 PM EDT
AUGUST  2 2015........SUNRISE   640 AM EDT   SUNSET   821 PM EDT


-  INDICATES NEGATIVE NUMBERS.
R  INDICATES RECORD WAS SET OR TIED.
MM INDICATES DATA IS MISSING.
T  INDICATES TRACE AMOUNT.




$$
