000
CDUS46 KLOX 281246
CLISBA


CLIMATE REPORT
NATIONAL WEATHER SERVICE LOS ANGELES/OXNARD CA
546 AM PDT WED SEP 28 2016


...................................

...THE SANTA BARBARA AIRPORT CA CLIMATE SUMMARY FOR SEPTEMBER 27 2016...

CLIMATE NORMAL PERIOD 1981 TO 2010
CLIMATE RECORD PERIOD 1940 TO 2016


WEATHER ITEM   OBSERVED TIME   RECORD YEAR NORMAL DEPARTURE LAST
                VALUE   (LST)  VALUE       VALUE  FROM      YEAR
                                                  NORMAL
..................................................................
TEMPERATURE (F)
 YESTERDAY
  MAXIMUM         91    112 PM 100    2010  74     17       80
  MINIMUM         61    550 AM  43    2005  55      6       67
  AVERAGE         76                        64     12       74

PRECIPITATION (IN)
  YESTERDAY        0.00          0.02 1967   0.01  -0.01     0.00
  MONTH TO DATE    0.01                      0.21  -0.20     0.17
  SINCE OCT 1     10.22                     17.71  -7.49     9.80
  SINCE JAN 1      9.34                     12.41  -3.07     3.51

SNOWFALL (IN)
  YESTERDAY        0.0
  MONTH TO DATE    0.0
  SINCE SEP 1      0.0
  SINCE JUL 1      0.0

DEGREE DAYS
 HEATING
  YESTERDAY        0                         2     -2        0
  MONTH TO DATE   36                        35      1        0
  SINCE SEP 1     36                        35      1        0
  SINCE JUL 1     58                        86    -28        0

 COOLING
  YESTERDAY       11                         1     10        9
  MONTH TO DATE   65                        42     23      198
  SINCE SEP 1     65                        42     23      198
  SINCE JAN 1    213                       169     44      576
..................................................................


WIND (MPH)
  HIGHEST WIND SPEED    16   HIGHEST WIND DIRECTION    SE (130)
  HIGHEST GUST SPEED    23   HIGHEST GUST DIRECTION     E (110)
  AVERAGE WIND SPEED     4.5


SKY COVER
  POSSIBLE SUNSHINE  MM
  AVERAGE SKY COVER 0.0


WEATHER CONDITIONS
 THE FOLLOWING WEATHER WAS RECORDED YESTERDAY.
  NO SIGNIFICANT WEATHER WAS OBSERVED.


RELATIVE HUMIDITY (PERCENT)
 HIGHEST    78           600 AM
 LOWEST     17          1000 AM
 AVERAGE    48

..........................................................


THE SANTA BARBARA AIRPORT CA CLIMATE NORMALS FOR TODAY
                         NORMAL    RECORD    YEAR
 MAXIMUM TEMPERATURE (F)   73        93      1963
 MINIMUM TEMPERATURE (F)   54        45      1988


SUNRISE AND SUNSET
SEPTEMBER 28 2016.....SUNRISE   652 AM PDT   SUNSET   647 PM PDT
SEPTEMBER 29 2016.....SUNRISE   653 AM PDT   SUNSET   645 PM PDT


-  INDICATES NEGATIVE NUMBERS.
R  INDICATES RECORD WAS SET OR TIED.
MM INDICATES DATA IS MISSING.
T  INDICATES TRACE AMOUNT.




$$
