000
CDUS46 KLOX 020113
CLISBA


CLIMATE REPORT
NATIONAL WEATHER SERVICE LOS ANGELES/OXNARD CA
511 PM PST SUN FEB 1 2015


...................................

...THE SANTA BARBARA AIRPORT CA CLIMATE SUMMARY FOR FEBRUARY 1 2015...
VALID TODAY AS OF 500 PM LOCAL TIME.

CLIMATE NORMAL PERIOD 1981 TO 2010
CLIMATE RECORD PERIOD 1940 TO 2015


WEATHER ITEM   OBSERVED TIME   RECORD YEAR NORMAL DEPARTURE LAST
                VALUE   (LST)  VALUE       VALUE  FROM      YEAR
                                                  NORMAL
..................................................................
TEMPERATURE (F)
 TODAY
  MAXIMUM         69    310 PM  80    1995  64      5       68
  MINIMUM         43    645 AM  30    2002  42      1       41
  AVERAGE         56                        53      3       55

PRECIPITATION (IN)
  TODAY            0.00          2.02 1960   0.14  -0.14     0.00
  MONTH TO DATE    0.00                      0.14  -0.14     0.00
  SINCE OCT 1      7.62                      8.94  -1.32     1.30
  SINCE JAN 1      1.33                      3.64  -2.31     0.01

SNOWFALL (IN)
  TODAY            0.0
  MONTH TO DATE    0.0
  SINCE DEC 1      0.0
  SINCE JUL 1      0.0

DEGREE DAYS
 HEATING
  TODAY            9                        12     -3       10
  MONTH TO DATE    9                        12     -3       10
  SINCE DEC 1    521                       818   -297      628
  SINCE JUL 1    654                      1296   -642     1002

 COOLING
  TODAY            0                         0      0        0
  MONTH TO DATE    0                         0      0        0
  SINCE DEC 1      1                         0      1        0
  SINCE JAN 1      0                         0      0        0
..................................................................


WIND (MPH)
  HIGHEST WIND SPEED     8   HIGHEST WIND DIRECTION     S (200)
  HIGHEST GUST SPEED    10   HIGHEST GUST DIRECTION    SE (150)
  AVERAGE WIND SPEED     2.6


SKY COVER
  POSSIBLE SUNSHINE  MM
  AVERAGE SKY COVER 0.0


WEATHER CONDITIONS
 THE FOLLOWING WEATHER WAS RECORDED TODAY.
  NO SIGNIFICANT WEATHER WAS OBSERVED.


RELATIVE HUMIDITY (PERCENT)
 HIGHEST   100          1200 AM
 LOWEST     51           300 PM
 AVERAGE    76

..........................................................


THE SANTA BARBARA AIRPORT CA CLIMATE NORMALS FOR TOMORROW
                         NORMAL    RECORD    YEAR
 MAXIMUM TEMPERATURE (F)   64        83      1954
 MINIMUM TEMPERATURE (F)   42        32      2002


SUNRISE AND SUNSET
FEBRUARY  1 2015......SUNRISE   657 AM PST   SUNSET   529 PM PST
FEBRUARY  2 2015......SUNRISE   656 AM PST   SUNSET   530 PM PST


-  INDICATES NEGATIVE NUMBERS.
R  INDICATES RECORD WAS SET OR TIED.
MM INDICATES DATA IS MISSING.
T  INDICATES TRACE AMOUNT.




$$
