000
CDUS46 KLOX 100909
CLISBA


CLIMATE REPORT
NATIONAL WEATHER SERVICE LOS ANGELES/OXNARD CA
108 AM PST SAT DEC 10 2016


...................................

...THE SANTA BARBARA AIRPORT CA CLIMATE SUMMARY FOR DECEMBER 9 2016...

CLIMATE NORMAL PERIOD 1981 TO 2010
CLIMATE RECORD PERIOD 1940 TO 2016


WEATHER ITEM   OBSERVED TIME   RECORD YEAR NORMAL DEPARTURE LAST
                VALUE   (LST)  VALUE       VALUE  FROM      YEAR
                                                  NORMAL
..................................................................
TEMPERATURE (F)
 YESTERDAY
  MAXIMUM         67    216 PM  82    1957  64      3       72
  MINIMUM         56    930 PM  28    1956  40     16       45
  AVERAGE         62                        52     10       59

PRECIPITATION (IN)
  YESTERDAY        0.04          1.11 1954   0.07  -0.03     0.00
  MONTH TO DATE    0.04                      0.62  -0.58     0.00
  SINCE OCT 1      1.66                      2.98  -1.32     0.58
  SINCE JAN 1     11.00                     15.44  -4.44     4.09

SNOWFALL (IN)
  YESTERDAY        0.0
  MONTH TO DATE    0.0
  SINCE DEC 1      0.0
  SINCE JUL 1      0.0

DEGREE DAYS
 HEATING
  YESTERDAY        3                        13    -10        6
  MONTH TO DATE  106                       111     -5       66
  SINCE DEC 1    106                       111     -5       66
  SINCE JUL 1    435                       589   -154      308

 COOLING
  YESTERDAY        0                         0      0        0
  MONTH TO DATE    0                         0      0        0
  SINCE DEC 1      0                         0      0        0
  SINCE JAN 1    259                       188     71      778
..................................................................


WIND (MPH)
  HIGHEST WIND SPEED    20   HIGHEST WIND DIRECTION     W (280)
  HIGHEST GUST SPEED    28   HIGHEST GUST DIRECTION     W (280)
  AVERAGE WIND SPEED     5.3


SKY COVER
  POSSIBLE SUNSHINE  MM
  AVERAGE SKY COVER 0.6


WEATHER CONDITIONS
 THE FOLLOWING WEATHER WAS RECORDED YESTERDAY.
  LIGHT RAIN
  FOG
  FOG W/VISIBILITY <= 1/4 MILE


RELATIVE HUMIDITY (PERCENT)
 HIGHEST   100          1200 AM
 LOWEST     81           200 PM
 AVERAGE    91

..........................................................


THE SANTA BARBARA AIRPORT CA CLIMATE NORMALS FOR TODAY
                         NORMAL    RECORD    YEAR
 MAXIMUM TEMPERATURE (F)   64        81      1958
 MINIMUM TEMPERATURE (F)   40        28      1951


SUNRISE AND SUNSET
DECEMBER 10 2016......SUNRISE   655 AM PST   SUNSET   449 PM PST
DECEMBER 11 2016......SUNRISE   656 AM PST   SUNSET   450 PM PST


-  INDICATES NEGATIVE NUMBERS.
R  INDICATES RECORD WAS SET OR TIED.
MM INDICATES DATA IS MISSING.
T  INDICATES TRACE AMOUNT.




$$
