000
CDUS46 KLOX 130909
CLISBA


CLIMATE REPORT
NATIONAL WEATHER SERVICE LOS ANGELES/OXNARD CA
109 AM PST WED DEC 13 2017


...................................

...THE SANTA BARBARA AIRPORT CA CLIMATE SUMMARY FOR DECEMBER 12 2017...

CLIMATE NORMAL PERIOD 1981 TO 2010
CLIMATE RECORD PERIOD 1940 TO 2017


WEATHER ITEM   OBSERVED TIME   RECORD YEAR NORMAL DEPARTURE LAST
                VALUE   (LST)  VALUE       VALUE  FROM      YEAR
                                                  NORMAL
..................................................................
TEMPERATURE (F)
 YESTERDAY
  MAXIMUM         75   1247 PM  86    1956  64     11       59
  MINIMUM         36    718 AM  31    1985  40     -4       52
  AVERAGE         56                        52      4       56

PRECIPITATION (IN)
  YESTERDAY        0.00          1.32 2014   0.09  -0.09     0.00
  MONTH TO DATE    0.00                      0.87  -0.87     0.04
  SINCE OCT 1      0.07                      3.23  -3.16     1.66
  SINCE JAN 1     19.76                     15.69   4.07    11.00

SNOWFALL (IN)
  YESTERDAY        0.0
  MONTH TO DATE    0.0
  SINCE DEC 1      0.0
  SINCE JUL 1      0.0

DEGREE DAYS
 HEATING
  YESTERDAY        9                        13     -4        9
  MONTH TO DATE  131                       150    -19      127
  SINCE DEC 1    131                       150    -19      127
  SINCE JUL 1    382                       628   -246      456

 COOLING
  YESTERDAY        0                         0      0        0
  MONTH TO DATE    0                         0      0        0
  SINCE DEC 1      0                         0      0        0
  SINCE JAN 1    385                       188    197      259
..................................................................


WIND (MPH)
  HIGHEST WIND SPEED     7   HIGHEST WIND DIRECTION     W (290)
  HIGHEST GUST SPEED    12   HIGHEST GUST DIRECTION    SW (230)
  AVERAGE WIND SPEED     1.9


SKY COVER
  POSSIBLE SUNSHINE  MM
  AVERAGE SKY COVER 0.8


WEATHER CONDITIONS
 THE FOLLOWING WEATHER WAS RECORDED YESTERDAY.
  HAZE


RELATIVE HUMIDITY (PERCENT)
 HIGHEST    54           500 AM
 LOWEST     11           500 PM
 AVERAGE    33

..........................................................


THE SANTA BARBARA AIRPORT CA CLIMATE NORMALS FOR TODAY
                         NORMAL    RECORD    YEAR
 MAXIMUM TEMPERATURE (F)   64        82      1953
 MINIMUM TEMPERATURE (F)   40        25      1967


SUNRISE AND SUNSET
DECEMBER 13 2017......SUNRISE   657 AM PST   SUNSET   450 PM PST
DECEMBER 14 2017......SUNRISE   658 AM PST   SUNSET   450 PM PST


-  INDICATES NEGATIVE NUMBERS.
R  INDICATES RECORD WAS SET OR TIED.
MM INDICATES DATA IS MISSING.
T  INDICATES TRACE AMOUNT.




$$
