000
CDUS43 KIWX 300528
CLISBN


CLIMATE REPORT
NATIONAL WEATHER SERVICE NORTHERN INDIANA
128 AM EDT SAT AUG 30 2014


...................................

...THE SOUTH BEND CLIMATE SUMMARY FOR AUGUST 29 2014...

CLIMATE NORMAL PERIOD 1981 TO 2010
CLIMATE RECORD PERIOD 1893 TO 2014


WEATHER ITEM   OBSERVED TIME   RECORD YEAR NORMAL DEPARTURE LAST
                VALUE   (LST)  VALUE       VALUE  FROM      YEAR
                                                  NORMAL
..................................................................
TEMPERATURE (F)
 YESTERDAY
  MAXIMUM         81    119 PM  95    1953  80      1       89
                                      1925
  MINIMUM         68    816 AM  40    1965  60      8       63
  AVERAGE         75                        70      5       76

PRECIPITATION (IN)
  YESTERDAY        0.25          1.48 1947   0.12   0.13     0.00
  MONTH TO DATE    1.93                      3.51  -1.58     2.99
  SINCE JUN 1     12.86                     11.30   1.56     9.58
  SINCE JAN 1     27.94                     25.02   2.92    26.88

DEGREE DAYS
 HEATING
  YESTERDAY        0                         1     -1        0
  MONTH TO DATE   10                         6      4       15
  SINCE JUN 1     45                        55    -10       66
  SINCE JUL 1     28                        11     17       29

 COOLING
  YESTERDAY       10                         6      4       11
  MONTH TO DATE  228                       196     32      165
  SINCE JUN 1    584                       614    -30      559
  SINCE JAN 1    669                       670     -1      655
..................................................................


WIND (MPH)
  HIGHEST WIND SPEED    31   HIGHEST WIND DIRECTION     S (170)
  HIGHEST GUST SPEED    41   HIGHEST GUST DIRECTION     S (180)
  AVERAGE WIND SPEED    10.1


SKY COVER
  AVERAGE SKY COVER 0.3


WEATHER CONDITIONS
 THE FOLLOWING WEATHER WAS RECORDED YESTERDAY.
  THUNDERSTORM
  RAIN
  LIGHT RAIN
  FOG


RELATIVE HUMIDITY (PERCENT)
 HIGHEST    84          1100 AM
 LOWEST     64          1200 AM
 AVERAGE    74

..........................................................


THE SOUTH BEND CLIMATE NORMALS FOR TODAY
                         NORMAL    RECORD    YEAR
 MAXIMUM TEMPERATURE (F)   79        97      1925
 MINIMUM TEMPERATURE (F)   60        41      1946


SUNRISE AND SUNSET
AUGUST 30 2014........SUNRISE   709 AM EDT   SUNSET   822 PM EDT
AUGUST 31 2014........SUNRISE   710 AM EDT   SUNSET   820 PM EDT


-  INDICATES NEGATIVE NUMBERS.
R  INDICATES RECORD WAS SET OR TIED.
MM INDICATES DATA IS MISSING.
T  INDICATES TRACE AMOUNT.




$$
