000
CDUS43 KIWX 120524
CLISBN


CLIMATE REPORT
NATIONAL WEATHER SERVICE NORTHERN INDIANA
124 AM EDT SAT JUL 12 2014


...................................

...THE SOUTH BEND CLIMATE SUMMARY FOR JULY 11 2014...

CLIMATE NORMAL PERIOD 1981 TO 2010
CLIMATE RECORD PERIOD 1893 TO 2014


WEATHER ITEM   OBSERVED TIME   RECORD YEAR NORMAL DEPARTURE LAST
                VALUE   (LST)  VALUE       VALUE  FROM      YEAR
                                                  NORMAL
..................................................................
TEMPERATURE (F)
 YESTERDAY
  MAXIMUM         82    317 PM 105    1936  83     -1       79
  MINIMUM         55    546 AM  45    1917  63     -8       57
  AVERAGE         69                        73     -4       68

PRECIPITATION (IN)
  YESTERDAY        T             1.53 2006   0.13  -0.13     0.00
  MONTH TO DATE    0.51                      1.35  -0.84     1.43
  SINCE JUN 1      9.65                      5.14   4.51     4.86
  SINCE JAN 1     24.73                     18.86   5.87    22.16

DEGREE DAYS
 HEATING
  YESTERDAY        0                         0      0        0
  MONTH TO DATE    2                         0      2        3
  SINCE JUN 1     19                        44    -25       40
  SINCE JUL 1      2                         0      2        3

 COOLING
  YESTERDAY        4                         8     -4        3
  MONTH TO DATE   53                        88    -35       71
  SINCE JUN 1    269                       253     16      236
  SINCE JAN 1    354                       309     45      332
..................................................................


WIND (MPH)
  HIGHEST WIND SPEED    16   HIGHEST WIND DIRECTION     S (180)
  HIGHEST GUST SPEED    19   HIGHEST GUST DIRECTION     S (180)
  AVERAGE WIND SPEED     4.1


SKY COVER
  AVERAGE SKY COVER 0.2


WEATHER CONDITIONS
 THE FOLLOWING WEATHER WAS RECORDED YESTERDAY.
  LIGHT RAIN


RELATIVE HUMIDITY (PERCENT)
 HIGHEST    86           200 AM
 LOWEST     42           100 PM
 AVERAGE    64

..........................................................


THE SOUTH BEND CLIMATE NORMALS FOR TODAY
                         NORMAL    RECORD    YEAR
 MAXIMUM TEMPERATURE (F)   83       105      1936
 MINIMUM TEMPERATURE (F)   63        48      1932


SUNRISE AND SUNSET
JULY 12 2014..........SUNRISE   622 AM EDT   SUNSET   920 PM EDT
JULY 13 2014..........SUNRISE   622 AM EDT   SUNSET   919 PM EDT


-  INDICATES NEGATIVE NUMBERS.
R  INDICATES RECORD WAS SET OR TIED.
MM INDICATES DATA IS MISSING.
T  INDICATES TRACE AMOUNT.




$$
