000
CDUS41 KAKQ 250626
CLISBY


CLIMATE REPORT
NATIONAL WEATHER SERVICE WAKEFIELD, VA
126 AM EST SAT NOV 25 2017


...................................

...THE SALISBURY MD CLIMATE SUMMARY FOR NOVEMBER 24 2017...

CLIMATE NORMAL PERIOD 1981 TO 2010
CLIMATE RECORD PERIOD 1900 TO 2017


WEATHER ITEM   OBSERVED TIME   RECORD YEAR NORMAL DEPARTURE LAST
                VALUE   (LST)  VALUE       VALUE  FROM      YEAR
                                                  NORMAL
..................................................................
TEMPERATURE (F)
 YESTERDAY
  MAXIMUM         53    329 PM  78    1931  56     -3       61
  MINIMUM         24    642 AM  13    1989  36    -12       33
  AVERAGE         39                        46     -7       47

PRECIPITATION (IN)
  YESTERDAY        0.00          2.06 1959   0.12  -0.12      T
  MONTH TO DATE    1.95                      2.70  -0.75     0.39
  SINCE SEP 1      7.94                     10.17  -2.23    17.29
  SINCE JAN 1     50.00                     41.24   8.76    51.35

SNOWFALL (IN)
  YESTERDAY        0.0           T    1935   0.0    0.0
                                      1994
  MONTH TO DATE    0.0                       0.1   -0.1
  SINCE NOV 1      0.0                       0.1   -0.1
  SINCE JUL 1      0.0                       0.1   -0.1
  SNOW DEPTH       0

DEGREE DAYS
 HEATING
  YESTERDAY       26                        19      7       18
  MONTH TO DATE  389                       381      8      394
  SINCE SEP 1    557                       692   -135      569
  SINCE JUL 1    557                       694   -137      569

 COOLING
  YESTERDAY        0                         0      0        0
  MONTH TO DATE    1                         0      1        4
  SINCE SEP 1    248                       167     81      290
  SINCE JAN 1   1415                      1150    265     1479
..................................................................


WIND (MPH)
  HIGHEST WIND SPEED     8   HIGHEST WIND DIRECTION    SE (140)
  HIGHEST GUST SPEED    10   HIGHEST GUST DIRECTION    SE (150)
  AVERAGE WIND SPEED     0.9


SKY COVER
  POSSIBLE SUNSHINE  MM
  AVERAGE SKY COVER 0.0


WEATHER CONDITIONS
 THE FOLLOWING WEATHER WAS RECORDED YESTERDAY.
  NO SIGNIFICANT WEATHER WAS OBSERVED.


RELATIVE HUMIDITY (PERCENT)
 HIGHEST    92          1200 AM
 LOWEST     35           300 PM
 AVERAGE    64

..........................................................


THE SALISBURY MD CLIMATE NORMALS FOR TODAY
                         NORMAL    RECORD    YEAR
 MAXIMUM TEMPERATURE (F)   55        75      1973
 MINIMUM TEMPERATURE (F)   35        17      1970


SUNRISE AND SUNSET
NOVEMBER 25 2017......SUNRISE   654 AM EST   SUNSET   444 PM EST
NOVEMBER 26 2017......SUNRISE   655 AM EST   SUNSET   443 PM EST


-  INDICATES NEGATIVE NUMBERS.
R  INDICATES RECORD WAS SET OR TIED.
MM INDICATES DATA IS MISSING.
T  INDICATES TRACE AMOUNT.




$$
