000
CDUS41 KAKQ 020626
CLISBY


CLIMATE REPORT
NATIONAL WEATHER SERVICE WAKEFIELD, VA
126 AM EST FRI DEC 2 2016


...................................

...THE SALISBURY MD CLIMATE SUMMARY FOR DECEMBER 1 2016...

CLIMATE NORMAL PERIOD 1981 TO 2010
CLIMATE RECORD PERIOD 1900 TO 2016


WEATHER ITEM   OBSERVED TIME   RECORD YEAR NORMAL DEPARTURE LAST
                VALUE   (LST)  VALUE       VALUE  FROM      YEAR
                                                  NORMAL
..................................................................
TEMPERATURE (F)
 YESTERDAY
  MAXIMUM         67    250 AM  73    2006  53     14       59
  MINIMUM         41   1015 PM  10    1976  34      7       53
  AVERAGE         54                        43     11       56

PRECIPITATION (IN)
  YESTERDAY        0.08          1.38 1991   0.13  -0.05     0.45
  MONTH TO DATE    0.08                      0.13  -0.05     0.45
  SINCE DEC 1      0.08                      0.13  -0.05     0.45
  SINCE JAN 1     51.58                     42.10   9.48    47.33

SNOWFALL (IN)
  YESTERDAY        0.0           T    1910   0.0    0.0
                                      2001
                                      2000
  MONTH TO DATE    0.0                       0.0    0.0
  SINCE NOV 1      0.0                       0.2   -0.2
  SINCE JUL 1      0.0                       0.2   -0.2
  SNOW DEPTH       0

DEGREE DAYS
 HEATING
  YESTERDAY       11                        22    -11        9
  MONTH TO DATE   11                        22    -11        9
  SINCE DEC 1     11                        22    -11        9
  SINCE JUL 1    671                       840   -169      656

 COOLING
  YESTERDAY        0                         0      0        0
  MONTH TO DATE    0                         0      0        0
  SINCE DEC 1      0                         0      0        0
  SINCE JAN 1   1481                      1153    328     1342
..................................................................


WIND (MPH)
  HIGHEST WIND SPEED    25   HIGHEST WIND DIRECTION    NW (310)
  HIGHEST GUST SPEED    39   HIGHEST GUST DIRECTION    NW (320)
  AVERAGE WIND SPEED     9.4


SKY COVER
  POSSIBLE SUNSHINE  MM
  AVERAGE SKY COVER 0.2


WEATHER CONDITIONS
 THE FOLLOWING WEATHER WAS RECORDED YESTERDAY.
  RAIN
  LIGHT RAIN
  FOG


RELATIVE HUMIDITY (PERCENT)
 HIGHEST    93           200 AM
 LOWEST     43           300 PM
 AVERAGE    68

..........................................................


THE SALISBURY MD CLIMATE NORMALS FOR TODAY
                         NORMAL    RECORD    YEAR
 MAXIMUM TEMPERATURE (F)   53        67      1970
 MINIMUM TEMPERATURE (F)   33        10      1967


SUNRISE AND SUNSET
DECEMBER  2 2016......SUNRISE   701 AM EST   SUNSET   442 PM EST
DECEMBER  3 2016......SUNRISE   702 AM EST   SUNSET   441 PM EST


-  INDICATES NEGATIVE NUMBERS.
R  INDICATES RECORD WAS SET OR TIED.
MM INDICATES DATA IS MISSING.
T  INDICATES TRACE AMOUNT.




$$
