000
CDUS41 KAKQ 010550
CLISBY


CLIMATE REPORT
NATIONAL WEATHER SERVICE WAKEFIELD, VA
150 AM EDT WED JUL 1 2015


...................................

...THE SALISBURY MD CLIMATE SUMMARY FOR JUNE 30 2015...

CLIMATE NORMAL PERIOD 1981 TO 2010
CLIMATE RECORD PERIOD 1900 TO 2015


WEATHER ITEM   OBSERVED TIME   RECORD YEAR NORMAL DEPARTURE LAST
                VALUE   (LST)  VALUE       VALUE  FROM      YEAR
                                                  NORMAL
..................................................................
TEMPERATURE (F)
 YESTERDAY
  MAXIMUM         86    312 PM  99    1934  86      0       90
  MINIMUM         63    238 AM  46    1919  66     -3       62
  AVERAGE         75                        76     -1       76

PRECIPITATION (IN)
  YESTERDAY        0.00          2.22 1984   0.12  -0.12     0.00
  MONTH TO DATE    8.26                      3.71   4.55     1.58
  SINCE JUN 1      8.26                      3.71   4.55     1.58
  SINCE JAN 1     25.47                     22.26   3.21    21.29

SNOWFALL (IN)
  YESTERDAY        0.0           0.0  2002   0.0    0.0
                                      2001
  MONTH TO DATE    0.0                       0.0    0.0
  SINCE NOV 1     15.7                       9.3    6.4
  SINCE JUL 1     15.7                       9.3    6.4
  SNOW DEPTH       0

DEGREE DAYS
 HEATING
  YESTERDAY        0                         0      0        0
  MONTH TO DATE   15                        18     -3        5
  SINCE JUN 1     15                        19     -4        5
  SINCE JUL 1   4287                      4441   -154     4176

 COOLING
  YESTERDAY       10                        11     -1       11
  MONTH TO DATE  285                       227     58      293
  SINCE JUN 1    285                       227     58      293
  SINCE JAN 1    441                       311    130      428
..................................................................


WIND (MPH)
  HIGHEST WIND SPEED    20   HIGHEST WIND DIRECTION     S (160)
  HIGHEST GUST SPEED    24   HIGHEST GUST DIRECTION     S (160)
  AVERAGE WIND SPEED     9.2


SKY COVER
  POSSIBLE SUNSHINE  MM
  AVERAGE SKY COVER 0.1


WEATHER CONDITIONS
 THE FOLLOWING WEATHER WAS RECORDED YESTERDAY.
  THUNDERSTORM


RELATIVE HUMIDITY (PERCENT)
 HIGHEST   100           400 AM
 LOWEST     55          1000 AM
 AVERAGE    78

..........................................................


THE SALISBURY MD CLIMATE NORMALS FOR TODAY
                         NORMAL    RECORD    YEAR
 MAXIMUM TEMPERATURE (F)   86        98      2012
                                             1968
 MINIMUM TEMPERATURE (F)   66        45      1919


SUNRISE AND SUNSET
JULY  1 2015..........SUNRISE   542 AM EDT   SUNSET   830 PM EDT
JULY  2 2015..........SUNRISE   542 AM EDT   SUNSET   829 PM EDT


-  INDICATES NEGATIVE NUMBERS.
R  INDICATES RECORD WAS SET OR TIED.
MM INDICATES DATA IS MISSING.
T  INDICATES TRACE AMOUNT.




$$
