000
CDUS41 KAKQ 252138
CLISBY


CLIMATE REPORT
NATIONAL WEATHER SERVICE WAKEFIELD, VA
536 PM EDT THU MAY 25 2017


...................................

...THE SALISBURY MD CLIMATE SUMMARY FOR MAY 25 2017...
VALID TODAY AS OF 0500 PM LOCAL TIME.

CLIMATE NORMAL PERIOD 1981 TO 2010
CLIMATE RECORD PERIOD 1900 TO 2017


WEATHER ITEM   OBSERVED TIME   RECORD YEAR NORMAL DEPARTURE LAST
                VALUE   (LST)  VALUE       VALUE  FROM      YEAR
                                                  NORMAL
..................................................................
TEMPERATURE (F)
 TODAY
  MAXIMUM         78    247 PM  92    1995  76      2       86
  MINIMUM         55   1226 AM  37    1956  54      1       57
                                      1923
  AVERAGE         67

PRECIPITATION (IN)
  TODAY            0.21          2.57 1995   0.13   0.08     0.00
  MONTH TO DATE    4.59                      2.86   1.73     4.50
  SINCE MAR 1     11.24                     10.83   0.41     9.95
  SINCE JAN 1     16.04                     17.79  -1.75    16.80

SNOWFALL (IN)
  TODAY            0.0
  MONTH TO DATE    0.0
  SINCE NOV 1      9.6
  SINCE JUL 1      9.6
  SNOW DEPTH       0

DEGREE DAYS
 HEATING
  TODAY            0
  MONTH TO DATE  131
  SINCE MAR 1    935
  SINCE JUL 1   3686

 COOLING
  TODAY            2
  MONTH TO DATE   51
  SINCE MAR 1    121
  SINCE JAN 1    121
..................................................................


WIND (MPH)
  RESULTANT WIND SPEED   6   RESULTANT WIND DIRECTION   S (180)
  HIGHEST WIND SPEED    21   HIGHEST WIND DIRECTION    SW (210)
  HIGHEST GUST SPEED    26   HIGHEST GUST DIRECTION    SW (210)


SKY COVER
  POSSIBLE SUNSHINE  MM
  AVERAGE SKY COVER 0.8


WEATHER CONDITIONS
 THE FOLLOWING WEATHER WAS RECORDED TODAY.
  LIGHT RAIN
  FOG


RELATIVE HUMIDITY (PERCENT)
 HIGHEST   100
 LOWEST     54
 AVERAGE    77

..........................................................


THE SALISBURY MD CLIMATE NORMALS FOR TOMORROW
                         NORMAL    RECORD    YEAR
 MAXIMUM TEMPERATURE (F)   76        92      2011
                                             1991
                                             1914
 MINIMUM TEMPERATURE (F)   55        39      1917


SUNRISE AND SUNSET
MAY 25 2017...........SUNRISE   543 AM EDT   SUNSET   815 PM EDT
MAY 26 2017...........SUNRISE   543 AM EDT   SUNSET   816 PM EDT


-  INDICATES NEGATIVE NUMBERS.
R  INDICATES RECORD WAS SET OR TIED.
MM INDICATES DATA IS MISSING.
T  INDICATES TRACE AMOUNT.




$$
