000
CDUS41 KAKQ 250634
CLISBY


CLIMATE REPORT
NATIONAL WEATHER SERVICE WAKEFIELD, VA
133 AM EST SAT FEB 25 2017


...................................

...THE SALISBURY MD CLIMATE SUMMARY FOR FEBRUARY 24 2017...

CLIMATE NORMAL PERIOD 1981 TO 2010
CLIMATE RECORD PERIOD 1900 TO 2017


WEATHER ITEM   OBSERVED TIME   RECORD YEAR NORMAL DEPARTURE LAST
                VALUE   (LST)  VALUE       VALUE  FROM      YEAR
                                                  NORMAL
..................................................................
TEMPERATURE (F)
 YESTERDAY
  MAXIMUM         74    238 PM  77    2012  49     25       66
  MINIMUM         49    228 AM  10    1934  30     19       45
  AVERAGE         62                        39     23       56

PRECIPITATION (IN)
  YESTERDAY        0.00          0.77 1969   0.12  -0.12     0.42
  MONTH TO DATE    0.74                      2.86  -2.12     3.64
  SINCE DEC 1      7.02                     10.18  -3.16    11.34
  SINCE JAN 1      4.09                      6.47  -2.38     6.85

SNOWFALL (IN)
  YESTERDAY        0.0           2.5  1907   0.1   -0.1
  MONTH TO DATE    T                         3.0   -3.0
  SINCE NOV 1      9.6                       8.0    1.6
  SINCE JUL 1      9.6                       8.0    1.6
  SNOW DEPTH       0

DEGREE DAYS
 HEATING
  YESTERDAY        3                        26    -23        9
  MONTH TO DATE  488                       665   -177      612
  SINCE DEC 1   2030                      2388   -358     1923
  SINCE JUL 1   2690                      3206   -516     2570

 COOLING
  YESTERDAY        0                         0      0        0
  MONTH TO DATE    0                         0      0        0
  SINCE DEC 1      0                         0      0        9
  SINCE JAN 1      0                         0      0        0
..................................................................


WIND (MPH)
  HIGHEST WIND SPEED    16   HIGHEST WIND DIRECTION     S (180)
  HIGHEST GUST SPEED    22   HIGHEST GUST DIRECTION     S (160)
  AVERAGE WIND SPEED     6.9


SKY COVER
  POSSIBLE SUNSHINE  MM
  AVERAGE SKY COVER 0.2


WEATHER CONDITIONS
 THE FOLLOWING WEATHER WAS RECORDED YESTERDAY.
  NO SIGNIFICANT WEATHER WAS OBSERVED.


RELATIVE HUMIDITY (PERCENT)
 HIGHEST   100           300 AM
 LOWEST     57           200 PM
 AVERAGE    79

..........................................................


THE SALISBURY MD CLIMATE NORMALS FOR TODAY
                         NORMAL    RECORD    YEAR
 MAXIMUM TEMPERATURE (F)   49        80      1930
 MINIMUM TEMPERATURE (F)   30         3      1940


SUNRISE AND SUNSET
FEBRUARY 25 2017......SUNRISE   639 AM EST   SUNSET   551 PM EST
FEBRUARY 26 2017......SUNRISE   638 AM EST   SUNSET   552 PM EST


-  INDICATES NEGATIVE NUMBERS.
R  INDICATES RECORD WAS SET OR TIED.
MM INDICATES DATA IS MISSING.
T  INDICATES TRACE AMOUNT.




$$
