000
CDUS46 KSTO 300838
CLISCK


CLIMATE REPORT
NATIONAL WEATHER SERVICE SACRAMENTO, CA
138 AM PDT TUE JUN 30 2015


...................................

...THE STOCKTON AIRPORT CA CLIMATE SUMMARY FOR JUNE 29 2015...

CLIMATE NORMAL PERIOD 1981 TO 2010
CLIMATE RECORD PERIOD 1948 TO 2015


WEATHER ITEM   OBSERVED TIME   RECORD YEAR NORMAL DEPARTURE LAST
                VALUE   (LST)  VALUE       VALUE  FROM      YEAR
                                                  NORMAL
..................................................................
TEMPERATURE (F)
 YESTERDAY
  MAXIMUM         98    417 PM 106    2013  91      7       97
  MINIMUM         60    514 AM  49    1955  59      1       59
  AVERAGE         79

PRECIPITATION (IN)
  YESTERDAY        0.00          0.18 1982   0.00   0.00     0.00
  MONTH TO DATE    0.08                      0.08   0.00     0.01
  SINCE OCT 1     10.70                     13.76  -3.06     7.23
  SINCE JAN 1      2.86                      9.03  -6.17     5.80

SNOWFALL (IN)
  YESTERDAY        0.0          MM      MM
  MONTH TO DATE    0.0
  SINCE JUN 1      0.0
  SINCE JUL 1      0.0
  SNOW DEPTH       0

DEGREE DAYS
 HEATING
  YESTERDAY        0                         0      0        0
  MONTH TO DATE    0                         4     -4        0
  SINCE JUN 1      0                         4     -4        0
  SINCE JUL 1   1713                      2640   -927     2160

 COOLING
  YESTERDAY       14                        10      4       13
  MONTH TO DATE  318                       220     98      256
  SINCE JUN 1    318                       220     98      256
  SINCE JAN 1    414                       339     75      439
..................................................................


WIND (MPH)
  RESULTANT WIND SPEED   8   RESULTANT WIND DIRECTION  NW (320)
  HIGHEST WIND SPEED    16   HIGHEST WIND DIRECTION     W (290)
  HIGHEST GUST SPEED    20   HIGHEST GUST DIRECTION    NW (300)


SKY COVER
  POSSIBLE SUNSHINE  MM
  AVERAGE SKY COVER 0.0


WEATHER CONDITIONS
 THE FOLLOWING WEATHER WAS RECORDED YESTERDAY.
  NO SIGNIFICANT WEATHER WAS OBSERVED.


RELATIVE HUMIDITY (PERCENT)
 HIGHEST    90           400 AM
 LOWEST     15           600 PM
 AVERAGE    53

..........................................................


THE STOCKTON AIRPORT CA CLIMATE NORMALS FOR TODAY
                         NORMAL    RECORD    YEAR
 MAXIMUM TEMPERATURE (F)   92       110      1972
 MINIMUM TEMPERATURE (F)   59        48      1955


SUNRISE AND SUNSET
JUNE 30 2015..........SUNRISE   546 AM PDT   SUNSET   831 PM PDT
JULY  1 2015..........SUNRISE   546 AM PDT   SUNSET   831 PM PDT


-  INDICATES NEGATIVE NUMBERS.
R  INDICATES RECORD WAS SET OR TIED.
MM INDICATES DATA IS MISSING.
T  INDICATES TRACE AMOUNT.




$$
