000
CDUS46 KSTO 020835
CLISCK


CLIMATE REPORT
NATIONAL WEATHER SERVICE SACRAMENTO, CA
135 AM PDT MON MAY 2 2016


...................................

...THE STOCKTON AIRPORT CA CLIMATE SUMMARY FOR MAY 1 2016...

CLIMATE NORMAL PERIOD 1981 TO 2010
CLIMATE RECORD PERIOD 1948 TO 2016


WEATHER ITEM   OBSERVED TIME   RECORD YEAR NORMAL DEPARTURE LAST
                VALUE   (LST)  VALUE       VALUE  FROM      YEAR
                                                  NORMAL
..................................................................
TEMPERATURE (F)
 YESTERDAY
  MAXIMUM         86    413 PM  96    1996  77      9       94
  MINIMUM         47    529 AM  41    2011  49     -2       54
                                      1967
  AVERAGE         67

PRECIPITATION (IN)
  YESTERDAY        0.00          0.51 1977   0.03  -0.03     0.00
  MONTH TO DATE    0.00                      0.03  -0.03     0.00
  SINCE OCT 1     16.34                     13.18   3.16    10.60
  SINCE JAN 1     11.77                      8.45   3.32     2.76

SNOWFALL (IN)
  YESTERDAY        0.0          MM      MM
  MONTH TO DATE    0.0
  SINCE MAR 1      0.0
  SINCE JUL 1      0.0
  SNOW DEPTH       0

DEGREE DAYS
 HEATING
  YESTERDAY        0                         4     -4        0
  MONTH TO DATE    0                         4     -4        0
  SINCE MAR 1    311                       518   -207      232
  SINCE JUL 1   2029                      2580   -551     1671

 COOLING
  YESTERDAY        2                         2      0        9
  MONTH TO DATE    2                         2      0        9
  SINCE MAR 1     28                        19      9       58
  SINCE JAN 1     28                        19      9       58
..................................................................


WIND (MPH)
  RESULTANT WIND SPEED   2   RESULTANT WIND DIRECTION  SE (140)
  HIGHEST WIND SPEED    22   HIGHEST WIND DIRECTION     E (80)
  HIGHEST GUST SPEED    26   HIGHEST GUST DIRECTION     E (80)


SKY COVER
  POSSIBLE SUNSHINE  MM
  AVERAGE SKY COVER 0.0


WEATHER CONDITIONS
 THE FOLLOWING WEATHER WAS RECORDED YESTERDAY.
  NO SIGNIFICANT WEATHER WAS OBSERVED.


RELATIVE HUMIDITY (PERCENT)
 HIGHEST    80           300 AM
 LOWEST     20           400 PM
 AVERAGE    50

..........................................................


THE STOCKTON AIRPORT CA CLIMATE NORMALS FOR TODAY
                         NORMAL    RECORD    YEAR
 MAXIMUM TEMPERATURE (F)   78        95      2004
 MINIMUM TEMPERATURE (F)   49        39      1950


SUNRISE AND SUNSET
MAY  2 2016...........SUNRISE   607 AM PDT   SUNSET   757 PM PDT
MAY  3 2016...........SUNRISE   606 AM PDT   SUNSET   758 PM PDT


-  INDICATES NEGATIVE NUMBERS.
R  INDICATES RECORD WAS SET OR TIED.
MM INDICATES DATA IS MISSING.
T  INDICATES TRACE AMOUNT.




$$
