000
CDUS46 KSTO 100038
CLISCK


CLIMATE REPORT
NATIONAL WEATHER SERVICE SACRAMENTO, CA
438 PM PST FRI DEC 9 2016


...................................

...THE STOCKTON AIRPORT CA CLIMATE SUMMARY FOR DECEMBER 9 2016...
VALID TODAY AS OF 0400 PM LOCAL TIME.

CLIMATE NORMAL PERIOD 1981 TO 2010
CLIMATE RECORD PERIOD 1948 TO 2016


WEATHER ITEM   OBSERVED TIME   RECORD YEAR NORMAL DEPARTURE LAST
                VALUE   (LST)  VALUE       VALUE  FROM      YEAR
                                                  NORMAL
..................................................................
TEMPERATURE (F)
 TODAY
  MAXIMUM         68    139 PM  69    2006  55     13       64
  MINIMUM         53    740 AM  22    2013  37     16       52
  AVERAGE         61

PRECIPITATION (IN)
  TODAY            T             1.85 1954   0.07  -0.07     0.00
  MONTH TO DATE    0.27                      0.57  -0.30     0.22
  SINCE OCT 1      4.32                      3.08   1.24     2.33
  SINCE JAN 1     16.44                     12.41   4.03     5.23

SNOWFALL (IN)
  TODAY            0.0          MM      MM
  MONTH TO DATE    0.0
  SINCE DEC 1      0.0
  SINCE JUL 1      0.0

DEGREE DAYS
 HEATING
  TODAY            4                        19    -15        7
  MONTH TO DATE  150                       162    -12      124
  SINCE DEC 1    150                       162    -12      124
  SINCE JUL 1    419                       619   -200      529

 COOLING
  TODAY            0                         0      0        0
  MONTH TO DATE    0                         0      0        0
  SINCE DEC 1      0                         0      0        0
  SINCE JAN 1   1445                      1320    125     1681
..................................................................


WIND (MPH)
  RESULTANT WIND SPEED   6   RESULTANT WIND DIRECTION  SE (140)
  HIGHEST WIND SPEED    13   HIGHEST WIND DIRECTION    SE (140)
  HIGHEST GUST SPEED    16   HIGHEST GUST DIRECTION    SE (120)


SKY COVER
  POSSIBLE SUNSHINE  MM
  AVERAGE SKY COVER 0.6


WEATHER CONDITIONS
 THE FOLLOWING WEATHER WAS RECORDED TODAY.
  LIGHT RAIN
  FOG


RELATIVE HUMIDITY (PERCENT)
 HIGHEST   100          1200 AM
 LOWEST     73           100 PM
 AVERAGE    87

..........................................................


THE STOCKTON AIRPORT CA CLIMATE NORMALS FOR TOMORROW
                         NORMAL    RECORD    YEAR
 MAXIMUM TEMPERATURE (F)   55        72      1987
 MINIMUM TEMPERATURE (F)   37        24      2013


SUNRISE AND SUNSET
DECEMBER  9 2016......SUNRISE   709 AM PST   SUNSET   446 PM PST
DECEMBER 10 2016......SUNRISE   710 AM PST   SUNSET   446 PM PST


-  INDICATES NEGATIVE NUMBERS.
R  INDICATES RECORD WAS SET OR TIED.
MM INDICATES DATA IS MISSING.
T  INDICATES TRACE AMOUNT.




$$
