000
CDUS46 KSTO 170050
CLISCK


CLIMATE REPORT
NATIONAL WEATHER SERVICE SACRAMENTO, CA
550 PM PDT WED APR 16 2014


...................................

...THE STOCKTON AIRPORT CA CLIMATE SUMMARY FOR APRIL 16 2014...
VALID TODAY AS OF 0500 PM LOCAL TIME.

CLIMATE NORMAL PERIOD 1981 TO 2010
CLIMATE RECORD PERIOD 1948 TO 2014


WEATHER ITEM   OBSERVED TIME   RECORD YEAR NORMAL DEPARTURE LAST
                VALUE   (LST)  VALUE       VALUE  FROM      YEAR
                                                  NORMAL
..................................................................
TEMPERATURE (F)
 TODAY
  MAXIMUM         82    151 PM  91    1954  73      9       70
  MINIMUM         52    601 AM  35    1967  46      6       43
  AVERAGE         67

PRECIPITATION (IN)
  TODAY            0.00          0.36 1963   0.03  -0.03     0.00
  MONTH TO DATE    0.40                      0.60  -0.20     0.41
  SINCE JUL 1      7.08                     13.07  -5.99     9.89
  SINCE JAN 1      5.37                      8.04  -2.67     2.77

SNOWFALL (IN)
  TODAY            0.0          MM      MM
  MONTH TO DATE    0.0
  SINCE MAR 1      0.0
  SINCE JUL 1      0.0

DEGREE DAYS
 HEATING
  TODAY            0                         6     -6        8
  MONTH TO DATE   69                       121    -52       63
  SINCE MAR 1    268                       445   -177      284
  SINCE JUL 1   2101                      2507   -406     2287

 COOLING
  TODAY            2                         0      2        0
  MONTH TO DATE   13                         0     13        2
  SINCE MAR 1     13                         0     13        2
  SINCE JAN 1     13                         0     13        2
..................................................................


WIND (MPH)
  RESULTANT WIND SPEED   8   RESULTANT WIND DIRECTION  NW (310)
  HIGHEST WIND SPEED    18   HIGHEST WIND DIRECTION    NW (330)
  HIGHEST GUST SPEED    22   HIGHEST GUST DIRECTION    NW (300)


SKY COVER
  POSSIBLE SUNSHINE  MM
  AVERAGE SKY COVER 0.0


WEATHER CONDITIONS
 THE FOLLOWING WEATHER WAS RECORDED TODAY.
  NO SIGNIFICANT WEATHER WAS OBSERVED.


RELATIVE HUMIDITY (PERCENT)
 HIGHEST    89           400 AM
 LOWEST     25           400 PM
 AVERAGE    57

..........................................................


THE STOCKTON AIRPORT CA CLIMATE NORMALS FOR TOMORROW
                         NORMAL    RECORD    YEAR
 MAXIMUM TEMPERATURE (F)   73        90      1954
 MINIMUM TEMPERATURE (F)   46        32      1976


SUNRISE AND SUNSET
APRIL 16 2014.........SUNRISE   628 AM PDT   SUNSET   742 PM PDT
APRIL 17 2014.........SUNRISE   627 AM PDT   SUNSET   743 PM PDT


-  INDICATES NEGATIVE NUMBERS.
R  INDICATES RECORD WAS SET OR TIED.
MM INDICATES DATA IS MISSING.
T  INDICATES TRACE AMOUNT.




$$
