000
CDUS46 KSTO 270845
CLISCK


CLIMATE REPORT
NATIONAL WEATHER SERVICE SACRAMENTO, CA
145 AM PDT THU APR 27 2017


...................................

...THE STOCKTON AIRPORT CA CLIMATE SUMMARY FOR APRIL 26 2017...

CLIMATE NORMAL PERIOD 1981 TO 2010
CLIMATE RECORD PERIOD 1948 TO 2017


WEATHER ITEM   OBSERVED TIME   RECORD YEAR NORMAL DEPARTURE LAST
                VALUE   (LST)  VALUE       VALUE  FROM      YEAR
                                                  NORMAL
..................................................................
TEMPERATURE (F)
 YESTERDAY
  MAXIMUM         72    243 PM  96    2004  76     -4       74
  MINIMUM         55   1159 PM  39    2003  48      7       47
                                      1984
                                      1955
  AVERAGE         64

PRECIPITATION (IN)
  YESTERDAY        T             0.51 1953   0.03  -0.03     0.00
  MONTH TO DATE    1.86                      0.89   0.97     2.27
  SINCE OCT 1     21.68                     13.06   8.62    15.78
  SINCE JAN 1     15.52                      8.33   7.19    11.21

SNOWFALL (IN)
  YESTERDAY        0.0          MM      MM
  MONTH TO DATE    0.0
  SINCE MAR 1      0.0
  SINCE JUL 1      0.0
  SNOW DEPTH       0

DEGREE DAYS
 HEATING
  YESTERDAY        1                         4     -3        4
  MONTH TO DATE  141                       173    -32       70
  SINCE MAR 1    368                       497   -129      302
  SINCE JUL 1   2077                      2559   -482     2020

 COOLING
  YESTERDAY        0                         1     -1        0
  MONTH TO DATE    0                         9     -9       22
  SINCE MAR 1      1                         9     -8       22
  SINCE JAN 1      1                         9     -8       22
..................................................................


WIND (MPH)
  RESULTANT WIND SPEED  10   RESULTANT WIND DIRECTION   W (260)
  HIGHEST WIND SPEED    18   HIGHEST WIND DIRECTION     W (270)
  HIGHEST GUST SPEED    24   HIGHEST GUST DIRECTION     W (280)


SKY COVER
  POSSIBLE SUNSHINE  MM
  AVERAGE SKY COVER 0.9


WEATHER CONDITIONS
 THE FOLLOWING WEATHER WAS RECORDED YESTERDAY.
  LIGHT RAIN
  FOG


RELATIVE HUMIDITY (PERCENT)
 HIGHEST    93           900 AM
 LOWEST     66           300 PM
 AVERAGE    80

..........................................................


THE STOCKTON AIRPORT CA CLIMATE NORMALS FOR TODAY
                         NORMAL    RECORD    YEAR
 MAXIMUM TEMPERATURE (F)   76        96      2004
 MINIMUM TEMPERATURE (F)   48        34      1955


SUNRISE AND SUNSET
APRIL 27 2017.........SUNRISE   613 AM PDT   SUNSET   752 PM PDT
APRIL 28 2017.........SUNRISE   612 AM PDT   SUNSET   753 PM PDT


-  INDICATES NEGATIVE NUMBERS.
R  INDICATES RECORD WAS SET OR TIED.
MM INDICATES DATA IS MISSING.
T  INDICATES TRACE AMOUNT.




$$
