000
CDUS46 KLOX 190859
CLISDB


CLIMATE REPORT
NATIONAL WEATHER SERVICE LOS ANGELES/OXNARD CA
159 AM PDT TUE SEP 19 2017


...................................

...THE SANDBERG CA CLIMATE SUMMARY FOR SEPTEMBER 18 2017...

CLIMATE NORMAL PERIOD 1981 TO 2010
CLIMATE RECORD PERIOD 1934 TO 2017


WEATHER ITEM   OBSERVED TIME   RECORD YEAR NORMAL DEPARTURE LAST
                VALUE   (LST)  VALUE       VALUE  FROM      YEAR
                                                  NORMAL
..................................................................
TEMPERATURE (F)
 YESTERDAY
  MAXIMUM         77   1251 PM  94    2016  78     -1       94
  MINIMUM         61    524 AM  39    1947  60      1       71
  AVERAGE         69                        69      0       83

PRECIPITATION (IN)
  YESTERDAY        0.00          0.86 1963   0.01  -0.01     0.00
  MONTH TO DATE    0.18                      0.08   0.10     0.00
  SINCE OCT 1     13.85                     12.24   1.61     6.93
  SINCE JAN 1     10.01                      8.61   1.40     5.23

DEGREE DAYS
 HEATING
  YESTERDAY        0                         2     -2        0
  MONTH TO DATE    8                        24    -16       16
  SINCE SEP 1      8                        24    -16       16
  SINCE JUL 1      9                        41    -32       16

 COOLING
  YESTERDAY        4                         6     -2       18
  MONTH TO DATE  171                       130     41      140
  SINCE SEP 1    171                       130     41      140
  SINCE JAN 1   1643                       887    756     1484
..................................................................


WIND (MPH)
  HIGHEST WIND SPEED    25   HIGHEST WIND DIRECTION    NW (330)
  HIGHEST GUST SPEED    29   HIGHEST GUST DIRECTION     N (340)
  AVERAGE WIND SPEED    15.0


SKY COVER
  POSSIBLE SUNSHINE  MM
  AVERAGE SKY COVER 0.0


WEATHER CONDITIONS
 THE FOLLOWING WEATHER WAS RECORDED YESTERDAY.
  NO SIGNIFICANT WEATHER WAS OBSERVED.


RELATIVE HUMIDITY (PERCENT)
 HIGHEST    48          1200 AM
 LOWEST     20          1000 AM
 AVERAGE    34

..........................................................


THE SANDBERG CA CLIMATE NORMALS FOR TODAY
                         NORMAL    RECORD    YEAR
 MAXIMUM TEMPERATURE (F)   78        94      2016
 MINIMUM TEMPERATURE (F)   59        39      1965


SUNRISE AND SUNSET
SEPTEMBER 19 2017.....SUNRISE   641 AM PDT   SUNSET   655 PM PDT
SEPTEMBER 20 2017.....SUNRISE   642 AM PDT   SUNSET   654 PM PDT


-  INDICATES NEGATIVE NUMBERS.
R  INDICATES RECORD WAS SET OR TIED.
MM INDICATES DATA IS MISSING.
T  INDICATES TRACE AMOUNT.




$$
