000
CDUS46 KLOX 180926
CLISDB


CLIMATE REPORT
NATIONAL WEATHER SERVICE LOS ANGELES/OXNARD CA
126 AM PST SAT NOV 18 2017


...................................

...THE SANDBERG CA CLIMATE SUMMARY FOR NOVEMBER 17 2017...

CLIMATE NORMAL PERIOD 1981 TO 2010
CLIMATE RECORD PERIOD 1934 TO 2017


WEATHER ITEM   OBSERVED TIME   RECORD YEAR NORMAL DEPARTURE LAST
                VALUE   (LST)  VALUE       VALUE  FROM      YEAR
                                                  NORMAL
..................................................................
TEMPERATURE (F)
 YESTERDAY
  MAXIMUM         59    924 AM  75    1995  55      4       53
  MINIMUM         43   1138 PM  24    1964  42      1       39
  AVERAGE         51                        49      2       46

PRECIPITATION (IN)
  YESTERDAY        T             1.68 1964   0.02  -0.02     0.00
  MONTH TO DATE    0.04                      0.40  -0.36      T
  SINCE OCT 1      0.04                      1.00  -0.96     0.58
  SINCE JAN 1     10.09                      9.70   0.39     5.81

DEGREE DAYS
 HEATING
  YESTERDAY       14                        16     -2       19
  MONTH TO DATE  151                       232    -81       64
  SINCE SEP 1    286                       516   -230      216
  SINCE JUL 1    287                       533   -246      216

 COOLING
  YESTERDAY        0                         0      0        0
  MONTH TO DATE    0                         0      0       29
  SINCE SEP 1    325                       239     86      329
  SINCE JAN 1   1797                       996    801     1673
..................................................................


WIND (MPH)
  HIGHEST WIND SPEED    25   HIGHEST WIND DIRECTION     N (340)
  HIGHEST GUST SPEED    32   HIGHEST GUST DIRECTION    NW (330)
  AVERAGE WIND SPEED    10.6


SKY COVER
  POSSIBLE SUNSHINE  MM
  AVERAGE SKY COVER 0.5


WEATHER CONDITIONS
 THE FOLLOWING WEATHER WAS RECORDED YESTERDAY.
  FOG
  HAZE


RELATIVE HUMIDITY (PERCENT)
 HIGHEST    93           500 PM
 LOWEST     58          1100 PM
 AVERAGE    76

..........................................................


THE SANDBERG CA CLIMATE NORMALS FOR TODAY
                         NORMAL    RECORD    YEAR
 MAXIMUM TEMPERATURE (F)   55        76      1995
 MINIMUM TEMPERATURE (F)   42        21      1964


SUNRISE AND SUNSET
NOVEMBER 18 2017......SUNRISE   632 AM PST   SUNSET   448 PM PST
NOVEMBER 19 2017......SUNRISE   633 AM PST   SUNSET   447 PM PST


-  INDICATES NEGATIVE NUMBERS.
R  INDICATES RECORD WAS SET OR TIED.
MM INDICATES DATA IS MISSING.
T  INDICATES TRACE AMOUNT.




$$
