000
CDUS46 KLOX 230902
CLISDB


CLIMATE REPORT
NATIONAL WEATHER SERVICE LOS ANGELES/OXNARD CA
202 AM PDT TUE SEP 23 2014


...................................

...THE SANDBERG CA CLIMATE SUMMARY FOR SEPTEMBER 22 2014...

CLIMATE NORMAL PERIOD 1981 TO 2010
CLIMATE RECORD PERIOD 1934 TO 2014


WEATHER ITEM   OBSERVED TIME   RECORD YEAR NORMAL DEPARTURE LAST
                VALUE   (LST)  VALUE       VALUE  FROM      YEAR
                                                  NORMAL
..................................................................
TEMPERATURE (F)
 YESTERDAY
  MAXIMUM         87    302 PM  93    1949  77     10       59
  MINIMUM         64    546 AM  40    1948  58      6       46
  AVERAGE         76                        68      8       53

PRECIPITATION (IN)
  YESTERDAY        0.00          0.51 2007   0.01  -0.01     0.01
  MONTH TO DATE    T                         0.11  -0.11     0.02
  SINCE JUL 1      0.17                      0.16   0.01     0.08
  SINCE JAN 1      3.75                      8.64  -4.89     2.99

DEGREE DAYS
 HEATING
  YESTERDAY        0                         3     -3       12
  MONTH TO DATE    0                        34    -34       16
  SINCE SEP 1      0                        34    -34       16
  SINCE JUL 1      0                        51    -51       16

 COOLING
  YESTERDAY       11                         5      6        0
  MONTH TO DATE  298                       152    146      262
  SINCE SEP 1    298                       152    146      262
  SINCE JAN 1   1478                       909    569     1494
..................................................................


WIND (MPH)
  HIGHEST WIND SPEED    18   HIGHEST WIND DIRECTION    NW (330)
  HIGHEST GUST SPEED    23   HIGHEST GUST DIRECTION     N (350)
  AVERAGE WIND SPEED    10.7


SKY COVER
  POSSIBLE SUNSHINE  MM
  AVERAGE SKY COVER 0.0


WEATHER CONDITIONS
 THE FOLLOWING WEATHER WAS RECORDED YESTERDAY.
  NO SIGNIFICANT WEATHER WAS OBSERVED.


RELATIVE HUMIDITY (PERCENT)
 HIGHEST    52          1200 AM
 LOWEST      9           100 PM
 AVERAGE    31

..........................................................


THE SANDBERG CA CLIMATE NORMALS FOR TODAY
                         NORMAL    RECORD    YEAR
 MAXIMUM TEMPERATURE (F)   76        93      1949
 MINIMUM TEMPERATURE (F)   58        38      1986


SUNRISE AND SUNSET
SEPTEMBER 23 2014.....SUNRISE   644 AM PDT   SUNSET   650 PM PDT
SEPTEMBER 24 2014.....SUNRISE   644 AM PDT   SUNSET   649 PM PDT


-  INDICATES NEGATIVE NUMBERS.
R  INDICATES RECORD WAS SET OR TIED.
MM INDICATES DATA IS MISSING.
T  INDICATES TRACE AMOUNT.




$$
