000
CDUS46 KLOX 280912
CLISDB


CLIMATE REPORT
NATIONAL WEATHER SERVICE LOS ANGELES/OXNARD CA
212 AM PDT TUE JUL 28 2015


...................................

...THE SANDBERG CA CLIMATE SUMMARY FOR JULY 27 2015...

CLIMATE NORMAL PERIOD 1981 TO 2010
CLIMATE RECORD PERIOD 1934 TO 2015


WEATHER ITEM   OBSERVED TIME   RECORD YEAR NORMAL DEPARTURE LAST
                VALUE   (LST)  VALUE       VALUE  FROM      YEAR
                                                  NORMAL
..................................................................
TEMPERATURE (F)
 YESTERDAY
  MAXIMUM         82    331 PM 102    1934  86     -4       90
  MINIMUM         61    505 AM  49    1941  65     -4       75
  AVERAGE         72                        75     -3       83

PRECIPITATION (IN)
  YESTERDAY        0.00          0.01 1952   0.00   0.00      T
  MONTH TO DATE    1.02                      0.02   1.00      T
  SINCE OCT 1      8.41                     12.13  -3.72     4.28
  SINCE JAN 1      3.51                      8.50  -4.99     3.58

DEGREE DAYS
 HEATING
  YESTERDAY        0                         0      0        0
  MONTH TO DATE   10                         4      6        0
  SINCE JUN 1     29                        88    -59        7
  SINCE JUL 1     10                         4      6        0

 COOLING
  YESTERDAY        7                        10     -3       18
  MONTH TO DATE  188                       245    -57      357
  SINCE JUN 1    528                       376    152      597
  SINCE JAN 1    641                       421    220      747
..................................................................


WIND (MPH)
  HIGHEST WIND SPEED    28   HIGHEST WIND DIRECTION     N (340)
  HIGHEST GUST SPEED    32   HIGHEST GUST DIRECTION    NW (330)
  AVERAGE WIND SPEED    16.9


SKY COVER
  POSSIBLE SUNSHINE  MM
  AVERAGE SKY COVER 0.0


WEATHER CONDITIONS
 THE FOLLOWING WEATHER WAS RECORDED YESTERDAY.
  NO SIGNIFICANT WEATHER WAS OBSERVED.


RELATIVE HUMIDITY (PERCENT)
 HIGHEST    55           500 AM
 LOWEST     18          1200 PM
 AVERAGE    37

..........................................................


THE SANDBERG CA CLIMATE NORMALS FOR TODAY
                         NORMAL    RECORD    YEAR
 MAXIMUM TEMPERATURE (F)   86       103      1995
 MINIMUM TEMPERATURE (F)   65        50      1941


SUNRISE AND SUNSET
JULY 28 2015..........SUNRISE   602 AM PDT   SUNSET   801 PM PDT
JULY 29 2015..........SUNRISE   603 AM PDT   SUNSET   800 PM PDT


-  INDICATES NEGATIVE NUMBERS.
R  INDICATES RECORD WAS SET OR TIED.
MM INDICATES DATA IS MISSING.
T  INDICATES TRACE AMOUNT.




$$
