000
CDUS46 KLOX 290125
CLISDB


CLIMATE REPORT
NATIONAL WEATHER SERVICE LOS ANGELES/OXNARD CA
625 PM PDT SUN MAY 28 2017


...................................

...THE SANDBERG CA CLIMATE SUMMARY FOR MAY 28 2017...
VALID TODAY AS OF 0600 PM LOCAL TIME.

CLIMATE NORMAL PERIOD 1981 TO 2010
CLIMATE RECORD PERIOD 1934 TO 2017


WEATHER ITEM   OBSERVED TIME   RECORD YEAR NORMAL DEPARTURE LAST
                VALUE   (LST)  VALUE       VALUE  FROM      YEAR
                                                  NORMAL
..................................................................
TEMPERATURE (F)
 TODAY
  MAXIMUM         87   1237 PM  91    2003  71     16       79
  MINIMUM         57    414 AM  33    1971  51      6       59
  AVERAGE         72                        61     11       69

PRECIPITATION (IN)
  TODAY            0.00          0.12 1990   0.01  -0.01     0.00
  MONTH TO DATE    0.03                      0.39  -0.36     0.29
  SINCE OCT 1     12.79                     12.03   0.76     6.93
  SINCE JAN 1      8.95                      8.40   0.55     5.23

DEGREE DAYS
 HEATING
  TODAY            0                         6     -6        0
  MONTH TO DATE  182                       236    -54      175
  SINCE MAR 1    786                      1252   -466      784
  SINCE JUL 1   3043                      4011   -968     3044

 COOLING
  TODAY            7                         2      5        4
  MONTH TO DATE  103                        32     71       35
  SINCE MAR 1    124                        40     84       54
  SINCE JAN 1    124                        40     84       54
..................................................................


WIND (MPH)
  HIGHEST WIND SPEED    23   HIGHEST WIND DIRECTION     E (110)
  HIGHEST GUST SPEED    30   HIGHEST GUST DIRECTION     E (70)
  AVERAGE WIND SPEED    12.9


SKY COVER
  POSSIBLE SUNSHINE  MM
  AVERAGE SKY COVER 0.0


WEATHER CONDITIONS
 THE FOLLOWING WEATHER WAS RECORDED TODAY.
  NO SIGNIFICANT WEATHER WAS OBSERVED.


RELATIVE HUMIDITY (PERCENT)
 HIGHEST    67           300 AM
 LOWEST     12          1200 PM
 AVERAGE    40

..........................................................


THE SANDBERG CA CLIMATE NORMALS FOR TOMORROW
                         NORMAL    RECORD    YEAR
 MAXIMUM TEMPERATURE (F)   71        92      1984
 MINIMUM TEMPERATURE (F)   52        34      1988


SUNRISE AND SUNSET
MAY 28 2017...........SUNRISE   544 AM PDT   SUNSET   801 PM PDT
MAY 29 2017...........SUNRISE   544 AM PDT   SUNSET   801 PM PDT


-  INDICATES NEGATIVE NUMBERS.
R  INDICATES RECORD WAS SET OR TIED.
MM INDICATES DATA IS MISSING.
T  INDICATES TRACE AMOUNT.




$$
