000
CDUS46 KLOX 250113
CLISDB


CLIMATE REPORT
NATIONAL WEATHER SERVICE LOS ANGELES/OXNARD CA
613 PM PDT MON APR 24 2017


...................................

...THE SANDBERG CA CLIMATE SUMMARY FOR APRIL 24 2017...
VALID TODAY AS OF 0600 PM LOCAL TIME.

CLIMATE NORMAL PERIOD 1981 TO 2010
CLIMATE RECORD PERIOD 1934 TO 2017


WEATHER ITEM   OBSERVED TIME   RECORD YEAR NORMAL DEPARTURE LAST
                VALUE   (LST)  VALUE       VALUE  FROM      YEAR
                                                  NORMAL
..................................................................
TEMPERATURE (F)
 TODAY
  MAXIMUM         60    211 PM  81    1946  61     -1       61
  MINIMUM         43    603 AM  25    1964  44     -1       43
  AVERAGE         52                        52      0       52

PRECIPITATION (IN)
  TODAY            0.00          0.13 1938   0.02  -0.02     0.00
  MONTH TO DATE    0.09                      0.54  -0.45     0.41
  SINCE OCT 1     12.69                     11.55   1.14     6.58
  SINCE JAN 1      8.85                      7.92   0.93     4.88

DEGREE DAYS
 HEATING
  TODAY           13                        13      0       13
  MONTH TO DATE  215                       372   -157      169
  SINCE MAR 1    546                       942   -396      554
  SINCE JUL 1   2803                      3701   -898     2814

 COOLING
  TODAY            0                         0      0        0
  MONTH TO DATE    4                         0      4       18
  SINCE MAR 1     20                         1     19       19
  SINCE JAN 1     20                         1     19       19
..................................................................


WIND (MPH)
  HIGHEST WIND SPEED    41   HIGHEST WIND DIRECTION     N (340)
  HIGHEST GUST SPEED    53   HIGHEST GUST DIRECTION     N (360)
  AVERAGE WIND SPEED    28.6


SKY COVER
  POSSIBLE SUNSHINE  MM
  AVERAGE SKY COVER 0.0


WEATHER CONDITIONS
 THE FOLLOWING WEATHER WAS RECORDED TODAY.
  NO SIGNIFICANT WEATHER WAS OBSERVED.


RELATIVE HUMIDITY (PERCENT)
 HIGHEST    83           400 AM
 LOWEST     39           100 PM
 AVERAGE    61

..........................................................


THE SANDBERG CA CLIMATE NORMALS FOR TOMORROW
                         NORMAL    RECORD    YEAR
 MAXIMUM TEMPERATURE (F)   61        80      1987
 MINIMUM TEMPERATURE (F)   44        27      1971


SUNRISE AND SUNSET
APRIL 24 2017.........SUNRISE   612 AM PDT   SUNSET   735 PM PDT
APRIL 25 2017.........SUNRISE   611 AM PDT   SUNSET   735 PM PDT


-  INDICATES NEGATIVE NUMBERS.
R  INDICATES RECORD WAS SET OR TIED.
MM INDICATES DATA IS MISSING.
T  INDICATES TRACE AMOUNT.




$$
