000
CDUS46 KLOX 281240
CLISDB


CLIMATE REPORT
NATIONAL WEATHER SERVICE LOS ANGELES/OXNARD CA
540 AM PDT FRI AUG 28 2015


...................................

...THE SANDBERG CA CLIMATE SUMMARY FOR AUGUST 27 2015...

CLIMATE NORMAL PERIOD 1981 TO 2010
CLIMATE RECORD PERIOD 1934 TO 2015


WEATHER ITEM   OBSERVED TIME   RECORD YEAR NORMAL DEPARTURE LAST
                VALUE   (LST)  VALUE       VALUE  FROM      YEAR
                                                  NORMAL
..................................................................
TEMPERATURE (F)
 YESTERDAY
  MAXIMUM         91   1120 AM  97    2011  84      7       90
  MINIMUM         71    449 AM  45    1990  63      8       64
  AVERAGE         81                        73      8       77

PRECIPITATION (IN)
  YESTERDAY        0.00          0.11 1996   0.00   0.00     0.00
  MONTH TO DATE    0.00                      0.02  -0.02     0.16
  SINCE OCT 1      8.65                     12.15  -3.50     4.45
  SINCE JAN 1      3.75                      8.52  -4.77     3.75

DEGREE DAYS
 HEATING
  YESTERDAY        0                         1     -1        0
  MONTH TO DATE    0                         1     -1        0
  SINCE JUN 1     29                        93    -64        7
  SINCE JUL 1     10                         9      1        0

 COOLING
  YESTERDAY       16                         9      7       12
  MONTH TO DATE  376                       259    117      299
  SINCE JUN 1    962                       677    285      969
  SINCE JAN 1   1075                       722    353     1119
..................................................................


WIND (MPH)
  HIGHEST WIND SPEED    28   HIGHEST WIND DIRECTION     N (340)
  HIGHEST GUST SPEED    34   HIGHEST GUST DIRECTION     N (350)
  AVERAGE WIND SPEED    15.2


SKY COVER
  POSSIBLE SUNSHINE  MM
  AVERAGE SKY COVER 0.1


WEATHER CONDITIONS
 THE FOLLOWING WEATHER WAS RECORDED YESTERDAY.
  NO SIGNIFICANT WEATHER WAS OBSERVED.


RELATIVE HUMIDITY (PERCENT)
 HIGHEST    38           500 AM
 LOWEST     14          1200 PM
 AVERAGE    26

..........................................................


THE SANDBERG CA CLIMATE NORMALS FOR TODAY
                         NORMAL    RECORD    YEAR
 MAXIMUM TEMPERATURE (F)   83        97      2008
 MINIMUM TEMPERATURE (F)   63        45      1947


SUNRISE AND SUNSET
AUGUST 28 2015........SUNRISE   625 AM PDT   SUNSET   727 PM PDT
AUGUST 29 2015........SUNRISE   626 AM PDT   SUNSET   726 PM PDT


-  INDICATES NEGATIVE NUMBERS.
R  INDICATES RECORD WAS SET OR TIED.
MM INDICATES DATA IS MISSING.
T  INDICATES TRACE AMOUNT.




$$
