000
CDUS46 KLOX 180926
CLISDB


CLIMATE REPORT
NATIONAL WEATHER SERVICE LOS ANGELES/OXNARD CA
126 AM PST THU JAN 18 2018


...................................

...THE SANDBERG CA CLIMATE SUMMARY FOR JANUARY 17 2018...

CLIMATE NORMAL PERIOD 1981 TO 2010
CLIMATE RECORD PERIOD 1934 TO 2018


WEATHER ITEM   OBSERVED TIME   RECORD YEAR NORMAL DEPARTURE LAST
                VALUE   (LST)  VALUE       VALUE  FROM      YEAR
                                                  NORMAL
..................................................................
TEMPERATURE (F)
 YESTERDAY
  MAXIMUM         69R   354 PM  66    2014  49     20       55
  MINIMUM         51    737 AM  17    1949  37     14       38
  AVERAGE         60                        43     17       47

PRECIPITATION (IN)
  YESTERDAY        0.00          2.12 1952   0.07  -0.07     0.00
  MONTH TO DATE    3.05                      1.59   1.46     1.26
  SINCE OCT 1      3.10                      5.22  -2.12     5.10
  SINCE JAN 1      3.05                      1.59   1.46     1.26

DEGREE DAYS
 HEATING
  YESTERDAY        5                        22    -17       18
  MONTH TO DATE  157                       377   -220      366
  SINCE DEC 1    502                      1079   -577      981
  SINCE JUL 1    860                      1858   -998     1430

 COOLING
  YESTERDAY        0                         0      0        0
  MONTH TO DATE    0                         0      0        0
  SINCE DEC 1      0                         0      0        0
  SINCE JAN 1      0                         0      0        0
..................................................................


WIND (MPH)
  HIGHEST WIND SPEED    22   HIGHEST WIND DIRECTION     E (80)
  HIGHEST GUST SPEED    27   HIGHEST GUST DIRECTION     E (80)
  AVERAGE WIND SPEED    11.4


SKY COVER
  POSSIBLE SUNSHINE  MM
  AVERAGE SKY COVER 0.0


WEATHER CONDITIONS
 THE FOLLOWING WEATHER WAS RECORDED YESTERDAY.
  NO SIGNIFICANT WEATHER WAS OBSERVED.


RELATIVE HUMIDITY (PERCENT)
 HIGHEST    46           900 PM
 LOWEST     25           400 PM
 AVERAGE    36

..........................................................


THE SANDBERG CA CLIMATE NORMALS FOR TODAY
                         NORMAL    RECORD    YEAR
 MAXIMUM TEMPERATURE (F)   49        71      2015
 MINIMUM TEMPERATURE (F)   37        18      1943


SUNRISE AND SUNSET
JANUARY 18 2018.......SUNRISE   701 AM PST   SUNSET   510 PM PST
JANUARY 19 2018.......SUNRISE   701 AM PST   SUNSET   511 PM PST


-  INDICATES NEGATIVE NUMBERS.
R  INDICATES RECORD WAS SET OR TIED.
MM INDICATES DATA IS MISSING.
T  INDICATES TRACE AMOUNT.




$$
