000
CDUS46 KLOX 280908
CLISDB


CLIMATE REPORT
NATIONAL WEATHER SERVICE LOS ANGELES/OXNARD CA
208 AM PDT THU MAY 28 2015


...................................

...THE SANDBERG CA CLIMATE SUMMARY FOR MAY 27 2015...

CLIMATE NORMAL PERIOD 1981 TO 2010
CLIMATE RECORD PERIOD 1934 TO 2015


WEATHER ITEM   OBSERVED TIME   RECORD YEAR NORMAL DEPARTURE LAST
                VALUE   (LST)  VALUE       VALUE  FROM      YEAR
                                                  NORMAL
..................................................................
TEMPERATURE (F)
 YESTERDAY
  MAXIMUM         80    152 PM  88    2014  71      9       88
                                      2003
  MINIMUM         55    432 AM  33    1971  51      4       64
  AVERAGE         68                        61      7       76

PRECIPITATION (IN)
  YESTERDAY        0.00          0.11 1953   0.01  -0.01     0.00
  MONTH TO DATE    0.26                      0.38  -0.12      T
  SINCE OCT 1      7.28                     12.02  -4.74     4.28
  SINCE JAN 1      2.38                      8.39  -6.01     3.58

DEGREE DAYS
 HEATING
  YESTERDAY        0                         6     -6        0
  MONTH TO DATE  245                       230     15      120
  SINCE MAR 1    751                      1246   -495      728
  SINCE JUL 1   2382                      4005  -1623     2513

 COOLING
  YESTERDAY        3                         2      1       11
  MONTH TO DATE   13                        30    -17      100
  SINCE MAR 1     68                        38     30      124
  SINCE JAN 1     71                        38     33      131
..................................................................


WIND (MPH)
  HIGHEST WIND SPEED    24   HIGHEST WIND DIRECTION    NW (330)
  HIGHEST GUST SPEED    32   HIGHEST GUST DIRECTION    NW (320)
  AVERAGE WIND SPEED    13.0


SKY COVER
  POSSIBLE SUNSHINE  MM
  AVERAGE SKY COVER 0.0


WEATHER CONDITIONS
 THE FOLLOWING WEATHER WAS RECORDED YESTERDAY.
  NO SIGNIFICANT WEATHER WAS OBSERVED.


RELATIVE HUMIDITY (PERCENT)
 HIGHEST    66           200 AM
 LOWEST     29          1100 AM
 AVERAGE    48

..........................................................


THE SANDBERG CA CLIMATE NORMALS FOR TODAY
                         NORMAL    RECORD    YEAR
 MAXIMUM TEMPERATURE (F)   71        91      2003
 MINIMUM TEMPERATURE (F)   51        33      1971


SUNRISE AND SUNSET
MAY 28 2015...........SUNRISE   544 AM PDT   SUNSET   800 PM PDT
MAY 29 2015...........SUNRISE   544 AM PDT   SUNSET   801 PM PDT


-  INDICATES NEGATIVE NUMBERS.
R  INDICATES RECORD WAS SET OR TIED.
MM INDICATES DATA IS MISSING.
T  INDICATES TRACE AMOUNT.




$$
