585
CDUS46 KLOX 280111
CLISDB


CLIMATE REPORT
NATIONAL WEATHER SERVICE LOS ANGELES/OXNARD CA
611 PM PDT TUE SEP 27 2016


...................................

...THE SANDBERG CA CLIMATE SUMMARY FOR SEPTEMBER 27 2016...
VALID TODAY AS OF 0600 PM LOCAL TIME.

CLIMATE NORMAL PERIOD 1981 TO 2010
CLIMATE RECORD PERIOD 1934 TO 2016


WEATHER ITEM   OBSERVED TIME   RECORD YEAR NORMAL DEPARTURE LAST
                VALUE   (LST)  VALUE       VALUE  FROM      YEAR
                                                  NORMAL
..................................................................
TEMPERATURE (F)
 TODAY
  MAXIMUM         87    300 PM  94    2003  75     12       87
  MINIMUM         69    619 AM  38    1971  57     12       65
  AVERAGE         78                        66     12       76

PRECIPITATION (IN)
  TODAY            0.00          0.01 1998   0.01  -0.01     0.00
  MONTH TO DATE    0.00                      0.14  -0.14     0.82
  SINCE OCT 1      6.93                     12.30  -5.37     9.47
  SINCE JAN 1      5.23                      8.67  -3.44     4.57

DEGREE DAYS
 HEATING
  TODAY            0                         4     -4        0
  MONTH TO DATE   33                        50    -17       18
  SINCE SEP 1     33                        50    -17       18
  SINCE JUL 1     33                        67    -34       28

 COOLING
  TODAY           13                         4      9       11
  MONTH TO DATE  209                       176     33      243
  SINCE SEP 1    209                       176     33      243
  SINCE JAN 1   1553                       933    620     1364
..................................................................


WIND (MPH)
  HIGHEST WIND SPEED    21   HIGHEST WIND DIRECTION     E (90)
  HIGHEST GUST SPEED    28   HIGHEST GUST DIRECTION     E (90)
  AVERAGE WIND SPEED    11.9


SKY COVER
  POSSIBLE SUNSHINE  MM
  AVERAGE SKY COVER 0.0


WEATHER CONDITIONS
 THE FOLLOWING WEATHER WAS RECORDED TODAY.
  NO SIGNIFICANT WEATHER WAS OBSERVED.


RELATIVE HUMIDITY (PERCENT)
 HIGHEST    26           600 AM
 LOWEST     11          1000 AM
 AVERAGE    19

..........................................................


THE SANDBERG CA CLIMATE NORMALS FOR TOMORROW
                         NORMAL    RECORD    YEAR
 MAXIMUM TEMPERATURE (F)   74        90      2010
                                             2003
                                             1992
 MINIMUM TEMPERATURE (F)   57        40      1965


SUNRISE AND SUNSET
SEPTEMBER 27 2016.....SUNRISE   647 AM PDT   SUNSET   644 PM PDT
SEPTEMBER 28 2016.....SUNRISE   648 AM PDT   SUNSET   642 PM PDT


-  INDICATES NEGATIVE NUMBERS.
R  INDICATES RECORD WAS SET OR TIED.
MM INDICATES DATA IS MISSING.
T  INDICATES TRACE AMOUNT.




$$
