000
CDUS43 KLMK 010627
CLISDF


CLIMATE REPORT
NATIONAL WEATHER SERVICE LOUISVILLE KY
227 AM EDT SAT OCT 1 2016


...................................

...THE LOUISVILLE KY CLIMATE SUMMARY FOR SEPTEMBER 30 2016...

CLIMATE NORMAL PERIOD 1981 TO 2010
CLIMATE RECORD PERIOD 1871 TO 2016


WEATHER ITEM   OBSERVED TIME   RECORD YEAR NORMAL DEPARTURE LAST
                VALUE   (LST)  VALUE       VALUE  FROM      YEAR
                                                  NORMAL
..................................................................
TEMPERATURE (F)
 YESTERDAY
  MAXIMUM         64    152 PM  94    1953  76    -12       68
  MINIMUM         56   1159 PM  33    1949  54      2       60
  AVERAGE         60                        65     -5       64

PRECIPITATION (IN)
  YESTERDAY        0.49          1.56 1885   0.11   0.38     0.10
  MONTH TO DATE    2.28                      3.05  -0.77     2.45
  SINCE SEP 1      2.28                      3.05  -0.77     2.45
  SINCE JAN 1     35.95                     34.27   1.68    45.51

SNOWFALL (IN)
  YESTERDAY        0.0          MM      MM   0.0    0.0      0.0
  MONTH TO DATE    0.0                       0.0    0.0      0.0
  SINCE SEP 1      0.0                       0.0    0.0      0.0
  SINCE JUL 1      0.0                       0.0    0.0      0.0
  SNOW DEPTH       0

DEGREE DAYS
 HEATING
  YESTERDAY        5                         3      2        1
  MONTH TO DATE   12                        29    -17        5
  SINCE SEP 1     12                        30    -18        5
  SINCE JUL 1     12                        30    -18        5

 COOLING
  YESTERDAY        0                         3     -3        0
  MONTH TO DATE  334                       210    124      276
  SINCE SEP 1    334                       210    124      276
  SINCE JAN 1   1942                      1567    375     1730
..................................................................


WIND (MPH)
  HIGHEST WIND SPEED    15   HIGHEST WIND DIRECTION     S (170)
  HIGHEST GUST SPEED    18   HIGHEST GUST DIRECTION     S (170)
  AVERAGE WIND SPEED     4.3


SKY COVER
  POSSIBLE SUNSHINE  MM
  AVERAGE SKY COVER 0.9


WEATHER CONDITIONS
 THE FOLLOWING WEATHER WAS RECORDED YESTERDAY.
  HEAVY RAIN
  RAIN
  LIGHT RAIN
  FOG
  HAZE


RELATIVE HUMIDITY (PERCENT)
 HIGHEST    93          1200 AM
 LOWEST     72           200 PM
 AVERAGE    83

..........................................................


THE LOUISVILLE KY CLIMATE NORMALS FOR TODAY
                         NORMAL    RECORD    YEAR
 MAXIMUM TEMPERATURE (F)   75        91      1919
                                             1897
 MINIMUM TEMPERATURE (F)   54        36      1947
                                             1895


SUNRISE AND SUNSET
OCTOBER  1 2016.......SUNRISE   739 AM EDT   SUNSET   725 PM EDT
OCTOBER  2 2016.......SUNRISE   740 AM EDT   SUNSET   724 PM EDT


-  INDICATES NEGATIVE NUMBERS.
R  INDICATES RECORD WAS SET OR TIED.
MM INDICATES DATA IS MISSING.
T  INDICATES TRACE AMOUNT.




$$
