000
CDUS43 KLMK 061539
CLISDF


CLIMATE REPORT
NATIONAL WEATHER SERVICE LOUISVILLE KY
1029 AM EST FRI MAR 6 2015


...................................

...THE LOUISVILLE KY CLIMATE SUMMARY FOR MARCH 5 2015...

CLIMATE NORMAL PERIOD 1981 TO 2010
CLIMATE RECORD PERIOD 1871 TO 2015


WEATHER ITEM   OBSERVED TIME   RECORD YEAR NORMAL DEPARTURE LAST
                VALUE   (LST)  VALUE       VALUE  FROM      YEAR
                                                  NORMAL
..................................................................
TEMPERATURE (F)
 YESTERDAY
  MAXIMUM         29    406 PM  77    1983  54    -25       44
  MINIMUM         15   1159 PM   2    1978  35    -20       23
                                      1960
  AVERAGE         22                        44    -22       34

PRECIPITATION (IN)
  YESTERDAY        4.93R         4.93 2015   0.13   4.80     0.00
  MONTH TO DATE    8.06                      0.60   7.46     0.94
  SINCE MAR 1      8.06                      0.60   7.46     0.94
  SINCE JAN 1     11.16                      7.02   4.14     7.10

SNOWFALL (IN)
  YESTERDAY        8.2 R         8.2  2015   0.0    8.2      0.0
  MONTH TO DATE   16.5                       0.3   16.2      3.0
  SINCE MAR 1     16.5                       0.3   16.2      3.0
  SINCE JUL 1     32.2                      11.3   20.9     24.8
  SNOW DEPTH       8

DEGREE DAYS
 HEATING
  YESTERDAY       43                        21     22       31
  MONTH TO DATE  152                       108     44      163
  SINCE MAR 1    152                       108     44      163
  SINCE JUL 1   3772                      3349    423     3817

 COOLING
  YESTERDAY        0                         0      0        0
  MONTH TO DATE    0                         0      0        0
  SINCE MAR 1      0                         0      0        0
  SINCE JAN 1      0                         0      0        0
..................................................................


WIND (MPH)
  HIGHEST WIND SPEED    20   HIGHEST WIND DIRECTION     N (350)
  HIGHEST GUST SPEED    26   HIGHEST GUST DIRECTION     N (360)
  AVERAGE WIND SPEED     9.8


SKY COVER
  POSSIBLE SUNSHINE  MM
  AVERAGE SKY COVER 0.9


WEATHER CONDITIONS
 THE FOLLOWING WEATHER WAS RECORDED YESTERDAY.
  HEAVY SNOW
  SNOW
  LIGHT SNOW
  FOG
  FOG W/VISIBILITY <= 1/4 MILE


RELATIVE HUMIDITY (PERCENT)
 HIGHEST    92           100 AM
 LOWEST     46           500 PM
 AVERAGE    69

..........................................................


THE LOUISVILLE KY CLIMATE NORMALS FOR TODAY
                         NORMAL    RECORD    YEAR
 MAXIMUM TEMPERATURE (F)   54        77      1956
                                             1910
 MINIMUM TEMPERATURE (F)   35        -1      1960


SUNRISE AND SUNSET
MARCH  6 2015.........SUNRISE   708 AM EST   SUNSET   641 PM EST
MARCH  7 2015.........SUNRISE   706 AM EST   SUNSET   642 PM EST


-  INDICATES NEGATIVE NUMBERS.
R  INDICATES RECORD WAS SET OR TIED.
MM INDICATES DATA IS MISSING.
T  INDICATES TRACE AMOUNT.




$$
