000
CDUS43 KLMK 220633
CLISDF


CLIMATE REPORT
NATIONAL WEATHER SERVICE LOUISVILLE KY
233 AM EDT WED OCT 22 2014


...................................

...THE LOUISVILLE KY CLIMATE SUMMARY FOR OCTOBER 21 2014...

CLIMATE NORMAL PERIOD 1981 TO 2010
CLIMATE RECORD PERIOD 1871 TO 2014


WEATHER ITEM   OBSERVED TIME   RECORD YEAR NORMAL DEPARTURE LAST
                VALUE   (LST)  VALUE       VALUE  FROM      YEAR
                                                  NORMAL
..................................................................
TEMPERATURE (F)
 YESTERDAY
  MAXIMUM         64    110 PM  88    1953  68     -4       70
  MINIMUM         48    618 AM  24    1952  47      1       42
  AVERAGE         56                        58     -2       56

PRECIPITATION (IN)
  YESTERDAY        T             2.18 1929   0.10  -0.10     0.00
  MONTH TO DATE    3.22                      2.20   1.02     7.85
  SINCE SEP 1      6.53                      5.25   1.28    10.55
  SINCE JAN 1     37.70                     36.47   1.23    42.36

SNOWFALL (IN)
  YESTERDAY        0.0           T    1913   0.0    0.0      0.0
  MONTH TO DATE    0.0                       0.0    0.0      0.0
  SINCE SEP 1      0.0                       0.0    0.0      0.0
  SINCE JUL 1      0.0                       0.0    0.0      0.0
  SNOW DEPTH       0

DEGREE DAYS
 HEATING
  YESTERDAY        9                         8      1        9
  MONTH TO DATE  102                       118    -16       83
  SINCE SEP 1    115                       148    -33       89
  SINCE JUL 1    115                       148    -33       89

 COOLING
  YESTERDAY        0                         1     -1        0
  MONTH TO DATE   25                        36    -11       53
  SINCE SEP 1    228                       246    -18      288
  SINCE JAN 1   1620                      1603     17     1628
..................................................................


WIND (MPH)
  HIGHEST WIND SPEED    20   HIGHEST WIND DIRECTION     N (350)
  HIGHEST GUST SPEED    24   HIGHEST GUST DIRECTION     N (10)
  AVERAGE WIND SPEED     8.5


SKY COVER
  POSSIBLE SUNSHINE  MM
  AVERAGE SKY COVER 0.7


WEATHER CONDITIONS
 THE FOLLOWING WEATHER WAS RECORDED YESTERDAY.
  LIGHT RAIN


RELATIVE HUMIDITY (PERCENT)
 HIGHEST    89           800 AM
 LOWEST     46           200 PM
 AVERAGE    68

..........................................................


THE LOUISVILLE KY CLIMATE NORMALS FOR TODAY
                         NORMAL    RECORD    YEAR
 MAXIMUM TEMPERATURE (F)   68        88      1947
 MINIMUM TEMPERATURE (F)   47        23      1952


SUNRISE AND SUNSET
OCTOBER 22 2014.......SUNRISE   759 AM EDT   SUNSET   656 PM EDT
OCTOBER 23 2014.......SUNRISE   800 AM EDT   SUNSET   654 PM EDT


-  INDICATES NEGATIVE NUMBERS.
R  INDICATES RECORD WAS SET OR TIED.
MM INDICATES DATA IS MISSING.
T  INDICATES TRACE AMOUNT.




$$
