000
CDUS43 KLMK 110626
CLISDF


CLIMATE REPORT
NATIONAL WEATHER SERVICE LOUISVILLE KY
125 AM EST SUN DEC 11 2016


...................................

...THE LOUISVILLE KY CLIMATE SUMMARY FOR DECEMBER 10 2016...

CLIMATE NORMAL PERIOD 1981 TO 2010
CLIMATE RECORD PERIOD 1871 TO 2016


WEATHER ITEM   OBSERVED TIME   RECORD YEAR NORMAL DEPARTURE LAST
                VALUE   (LST)  VALUE       VALUE  FROM      YEAR
                                                  NORMAL
..................................................................
TEMPERATURE (F)
 YESTERDAY
  MAXIMUM         35    411 PM  71    1971  47    -12       56
  MINIMUM         20    710 AM  -4    1917  31    -11       43
  AVERAGE         28                        39    -11       50

PRECIPITATION (IN)
  YESTERDAY        0.00          1.64 1879   0.12  -0.12     0.00
  MONTH TO DATE    1.01                      1.26  -0.25     0.57
  SINCE DEC 1      1.01                      1.26  -0.25     0.57
  SINCE JAN 1     39.26                     42.34  -3.08    56.40

SNOWFALL (IN)
  YESTERDAY        0.0           1.4  1932   0.0    0.0      0.0
  MONTH TO DATE    T                         0.5   -0.5      0.0
  SINCE DEC 1      T                         0.5   -0.5      0.0
  SINCE JUL 1      T                         0.7   -0.7      0.0
  SNOW DEPTH       0

DEGREE DAYS
 HEATING
  YESTERDAY       37                        26     11       15
  MONTH TO DATE  269                       245     24      197
  SINCE DEC 1    269                       245     24      197
  SINCE JUL 1    736                       980   -244      721

 COOLING
  YESTERDAY        0                         0      0        0
  MONTH TO DATE    0                         0      0        0
  SINCE DEC 1      0                         0      0        0
  SINCE JAN 1   2082                      1613    469     1787
..................................................................


WIND (MPH)
  HIGHEST WIND SPEED    10   HIGHEST WIND DIRECTION     S (200)
  HIGHEST GUST SPEED    15   HIGHEST GUST DIRECTION     S (200)
  AVERAGE WIND SPEED     5.2


SKY COVER
  POSSIBLE SUNSHINE  MM
  AVERAGE SKY COVER 0.7


WEATHER CONDITIONS
 THE FOLLOWING WEATHER WAS RECORDED YESTERDAY.
  NO SIGNIFICANT WEATHER WAS OBSERVED.


RELATIVE HUMIDITY (PERCENT)
 HIGHEST    74           900 AM
 LOWEST     38           400 PM
 AVERAGE    56

..........................................................


THE LOUISVILLE KY CLIMATE NORMALS FOR TODAY
                         NORMAL    RECORD    YEAR
 MAXIMUM TEMPERATURE (F)   47        74      2007
 MINIMUM TEMPERATURE (F)   31        -3      1917


SUNRISE AND SUNSET
DECEMBER 11 2016......SUNRISE   750 AM EST   SUNSET   523 PM EST
DECEMBER 12 2016......SUNRISE   750 AM EST   SUNSET   523 PM EST


-  INDICATES NEGATIVE NUMBERS.
R  INDICATES RECORD WAS SET OR TIED.
MM INDICATES DATA IS MISSING.
T  INDICATES TRACE AMOUNT.




$$
