000
CDUS43 KLMK 280628
CLISDF


CLIMATE REPORT
NATIONAL WEATHER SERVICE LOUISVILLE KY
127 AM EST FRI NOV 28 2014


...................................

...THE LOUISVILLE KY CLIMATE SUMMARY FOR NOVEMBER 27 2014...

CLIMATE NORMAL PERIOD 1981 TO 2010
CLIMATE RECORD PERIOD 1871 TO 2014


WEATHER ITEM   OBSERVED TIME   RECORD YEAR NORMAL DEPARTURE LAST
                VALUE   (LST)  VALUE       VALUE  FROM      YEAR
                                                  NORMAL
..................................................................
TEMPERATURE (F)
 YESTERDAY
  MAXIMUM         37   1253 AM  77    1990  52    -15       36
  MINIMUM         30   1159 PM   8    1930  35     -5       21
  AVERAGE         34                        44    -10       29

PRECIPITATION (IN)
  YESTERDAY        0.03          2.69 1910   0.13  -0.10      T
  MONTH TO DATE    1.71                      3.20  -1.49     3.72
  SINCE SEP 1      8.53                      9.47  -0.94    16.36
  SINCE JAN 1     39.70                     40.69  -0.99    48.17

SNOWFALL (IN)
  YESTERDAY        0.4           4.8  1977   0.0    0.4      0.1
  MONTH TO DATE    3.7                       0.1    3.6      0.5
  SINCE SEP 1      3.7                       0.2    3.5      0.5
  SINCE JUL 1      3.7                       0.2    3.5      0.5
  SNOW DEPTH       T

DEGREE DAYS
 HEATING
  YESTERDAY       31                        21     10       36
  MONTH TO DATE  635                       426    209      511
  SINCE SEP 1    836                       668    168      744
  SINCE JUL 1    836                       668    168      744

 COOLING
  YESTERDAY        0                         0      0        0
  MONTH TO DATE    0                         0      0        0
  SINCE SEP 1    233                       252    -19      288
  SINCE JAN 1   1625                      1609     16     1628
..................................................................


WIND (MPH)
  HIGHEST WIND SPEED    21   HIGHEST WIND DIRECTION     W (290)
  HIGHEST GUST SPEED    25   HIGHEST GUST DIRECTION     W (280)
  AVERAGE WIND SPEED    10.2


SKY COVER
  POSSIBLE SUNSHINE  MM
  AVERAGE SKY COVER 1.0


WEATHER CONDITIONS
 THE FOLLOWING WEATHER WAS RECORDED YESTERDAY.
  LIGHT SNOW
  FOG
  HAZE


RELATIVE HUMIDITY (PERCENT)
 HIGHEST    92           400 AM
 LOWEST     61           400 PM
 AVERAGE    77

..........................................................


THE LOUISVILLE KY CLIMATE NORMALS FOR TODAY
                         NORMAL    RECORD    YEAR
 MAXIMUM TEMPERATURE (F)   52        73      1909
 MINIMUM TEMPERATURE (F)   35         8      1887


SUNRISE AND SUNSET
NOVEMBER 28 2014......SUNRISE   738 AM EST   SUNSET   524 PM EST
NOVEMBER 29 2014......SUNRISE   739 AM EST   SUNSET   524 PM EST


-  INDICATES NEGATIVE NUMBERS.
R  INDICATES RECORD WAS SET OR TIED.
MM INDICATES DATA IS MISSING.
T  INDICATES TRACE AMOUNT.




$$
