000
CDUS46 KSEW 290123
CLISEW


CLIMATE REPORT
NATIONAL WEATHER SERVICE SEATTLE WA
523 PM PST SUN DEC 28 2014


...................................

...THE SEATTLE WA WFO CLIMATE SUMMARY FOR DECEMBER 28 2014...
VALID TODAY AS OF 0500 PM LOCAL TIME.

CLIMATE NORMAL PERIOD 1981 TO 2010
CLIMATE RECORD PERIOD 1986 TO 2014


WEATHER ITEM   OBSERVED TIME   RECORD YEAR     LAST
                VALUE   (LST)  VALUE           YEAR
....................................................
TEMPERATURE (F)
 TODAY
  MAXIMUM         44        MM  55    2011    48
  MINIMUM         38        MM  14    1990    37
  AVERAGE         41                          43

PRECIPITATION (IN)
  TODAY            0.07          0.95 1986     0.00
  MONTH TO DATE    5.38                        1.63
  SINCE OCT 1     16.56                        5.81
  SINCE JAN 1     46.77                       29.72

SNOWFALL (IN)
  TODAY            0.0                         0.0
  MONTH TO DATE    0.0                         0.9
  SINCE OCT 1      T                           0.9
  SINCE JUL 1      T                           0.9
  SNOW DEPTH       0

DEGREE DAYS
 HEATING
  TODAY           24                          22
  MONTH TO DATE  519                         745
  SINCE DEC 1    519                         745
  SINCE JUL 1   1331                        1841

 COOLING
  TODAY            0                           0
  MONTH TO DATE    0                           0
  SINCE DEC 1      0                           0
  SINCE JAN 1    366                         314
....................................................


WIND (MPH)
  HIGHEST WIND SPEED    MM   HIGHEST WIND DIRECTION    MM
  HIGHEST GUST SPEED    MM   HIGHEST GUST DIRECTION    MM
  AVERAGE WIND SPEED    MM



WEATHER CONDITIONS
 THE FOLLOWING WEATHER WAS RECORDED TODAY.
  LIGHT RAIN






-  INDICATES NEGATIVE NUMBERS.
R  INDICATES RECORD WAS SET OR TIED.
MM INDICATES DATA IS MISSING.
T  INDICATES TRACE AMOUNT.




$$
