000
CDUS46 KSEW 270831
CLISEW


CLIMATE REPORT
NATIONAL WEATHER SERVICE SEATTLE WA
1230 AM PST MON FEB 27 2017


...................................

...THE SEATTLE WA WFO CLIMATE SUMMARY FOR FEBRUARY 26 2017...

CLIMATE NORMAL PERIOD 1981 TO 2010
CLIMATE RECORD PERIOD 1986 TO 2017


WEATHER ITEM   OBSERVED TIME   RECORD YEAR     LAST
                VALUE   (LST)  VALUE           YEAR
....................................................
TEMPERATURE (F)
 YESTERDAY
  MAXIMUM         43        MM  66    1992    60
  MINIMUM         36        MM  22    2011    42
  AVERAGE         40                          51

PRECIPITATION (IN)
  YESTERDAY        0.23          0.39 2010     0.23
  MONTH TO DATE    7.66                        3.60
  SINCE OCT 1     33.08                       31.19
  SINCE JAN 1     11.36                       10.79

SNOWFALL (IN)
  YESTERDAY        0.0                         0.0
  MONTH TO DATE    1.0                         0.0
  SINCE OCT 1      2.4                          T
  SINCE JUL 1      2.4                          T
  SNOW DEPTH       0

DEGREE DAYS
 HEATING
  YESTERDAY       25                          14
  MONTH TO DATE  593                         449
  SINCE DEC 1   2215                        1773
  SINCE JUL 1   3026                        2757

 COOLING
  YESTERDAY        0                           0
  MONTH TO DATE    0                           0
  SINCE DEC 1      0                           0
  SINCE JAN 1      0                           0
....................................................


WIND (MPH)
  HIGHEST WIND SPEED    MM   HIGHEST WIND DIRECTION    MM
  HIGHEST GUST SPEED    MM   HIGHEST GUST DIRECTION    MM
  AVERAGE WIND SPEED    MM



WEATHER CONDITIONS
 THE FOLLOWING WEATHER WAS RECORDED YESTERDAY.
  LIGHT RAIN






-  INDICATES NEGATIVE NUMBERS.
R  INDICATES RECORD WAS SET OR TIED.
MM INDICATES DATA IS MISSING.
T  INDICATES TRACE AMOUNT.




$$
