000
CDUS46 KSEW 230828
CLISEW


CLIMATE REPORT
NATIONAL WEATHER SERVICE SEATTLE WA
128 AM PDT SUN APR 23 2017


...................................

...THE SEATTLE WA WFO CLIMATE SUMMARY FOR APRIL 22 2017...

CLIMATE NORMAL PERIOD 1981 TO 2010
CLIMATE RECORD PERIOD 1986 TO 2017


WEATHER ITEM   OBSERVED TIME   RECORD YEAR     LAST
                VALUE   (LST)  VALUE           YEAR
....................................................
TEMPERATURE (F)
 YESTERDAY
  MAXIMUM         62        MM  70    2012    61
  MINIMUM         49        MM  37    2008    54
                                      2006
                                      1999
  AVERAGE         56                          58

PRECIPITATION (IN)
  YESTERDAY        0.05          0.78 1996     0.03
  MONTH TO DATE    3.23                        0.78
  SINCE OCT 1     43.30                       37.66
  SINCE JAN 1     21.58                       17.26

SNOWFALL (IN)
  YESTERDAY        0.0                         0.0
  MONTH TO DATE    0.0                         0.0
  SINCE OCT 1      3.6                          T
  SINCE JUL 1      3.6                          T
  SNOW DEPTH       0

DEGREE DAYS
 HEATING
  YESTERDAY        9                           7
  MONTH TO DATE  304                         171
  SINCE MAR 1    869                         648
  SINCE JUL 1   3949                        3453

 COOLING
  YESTERDAY        0                           0
  MONTH TO DATE    0                           6
  SINCE MAR 1      0                           6
  SINCE JAN 1      0                           6
....................................................


WIND (MPH)
  HIGHEST WIND SPEED    MM   HIGHEST WIND DIRECTION    MM
  HIGHEST GUST SPEED    MM   HIGHEST GUST DIRECTION    MM
  AVERAGE WIND SPEED    MM



WEATHER CONDITIONS
 THE FOLLOWING WEATHER WAS RECORDED YESTERDAY.
  LIGHT RAIN






-  INDICATES NEGATIVE NUMBERS.
R  INDICATES RECORD WAS SET OR TIED.
MM INDICATES DATA IS MISSING.
T  INDICATES TRACE AMOUNT.




$$
