000
CDUS46 KSEW 220832
CLISEW


CLIMATE REPORT
NATIONAL WEATHER SERVICE SEATTLE WA
1231 AM PST MON JAN 22 2018


...................................

...THE SEATTLE WA WFO CLIMATE SUMMARY FOR JANUARY 21 2018...

CLIMATE NORMAL PERIOD 1981 TO 2010
CLIMATE RECORD PERIOD 1986 TO 2018


WEATHER ITEM   OBSERVED TIME   RECORD YEAR     LAST
                VALUE   (LST)  VALUE           YEAR
....................................................
TEMPERATURE (F)
 YESTERDAY
  MAXIMUM         51        MM  60    2005    52
  MINIMUM         41        MM  26    2008    40
  AVERAGE         46                          46

PRECIPITATION (IN)
  YESTERDAY        0.26          1.66 2016     0.01
  MONTH TO DATE    5.38                        3.58
  SINCE OCT 1     22.25                       25.30
  SINCE JAN 1      5.38                        3.58

SNOWFALL (IN)
  YESTERDAY        0.0                         0.0
  MONTH TO DATE    0.0                          T
  SINCE OCT 1      3.2                         1.4
  SINCE JUL 1      3.2                         1.4
  SNOW DEPTH       0

DEGREE DAYS
 HEATING
  YESTERDAY       19                          19
  MONTH TO DATE  412                         585
  SINCE DEC 1   1163                        1397
  SINCE JUL 1   2138                        2208

 COOLING
  YESTERDAY        0                           0
  MONTH TO DATE    0                           0
  SINCE DEC 1      0                           0
  SINCE JAN 1      0                           0
....................................................


WIND (MPH)
  HIGHEST WIND SPEED    MM   HIGHEST WIND DIRECTION    MM
  HIGHEST GUST SPEED    MM   HIGHEST GUST DIRECTION    MM
  AVERAGE WIND SPEED    MM



WEATHER CONDITIONS
 THE FOLLOWING WEATHER WAS RECORDED YESTERDAY.
  RAIN
  LIGHT RAIN






-  INDICATES NEGATIVE NUMBERS.
R  INDICATES RECORD WAS SET OR TIED.
MM INDICATES DATA IS MISSING.
T  INDICATES TRACE AMOUNT.




$$
