000
CDUS46 KMTR 140832
CLISFD


CLIMATE REPORT
NATIONAL WEATHER SERVICE SAN FRANCISCO BAY AREA
132 AM PDT MON JUL 14 2014


...................................

...THE SAN FRANCISCO DWTN CA CLIMATE SUMMARY FOR JULY 13 2014...

CLIMATE NORMAL PERIOD 1981 TO 2010
CLIMATE RECORD PERIOD 1850 TO 2014


WEATHER ITEM   OBSERVED TIME   RECORD YEAR NORMAL DEPARTURE LAST
                VALUE   (LST)  VALUE       VALUE  FROM      YEAR
                                                  NORMAL
..................................................................
TEMPERATURE (F)
 YESTERDAY
  MAXIMUM         67    643 PM  88    1972  67      0       69
  MINIMUM         54    443 AM  48    1901  54      0       54
  AVERAGE         61                        60      1       62

PRECIPITATION (IN)
  YESTERDAY        0.00          0.03 2011   0.00   0.00     0.00
  MONTH TO DATE    0.00                      0.00   0.00     0.00
  SINCE JUL 1      0.00                      0.00   0.00     0.00
  SINCE JAN 1     10.46                     14.54  -4.08     3.51

DEGREE DAYS
 HEATING
  YESTERDAY        4                        MM     MM        3
  MONTH TO DATE   56                        MM     MM       50
  SINCE JUN 1    207                        MM     MM      189
  SINCE JUL 1     56                        MM     MM       50

 COOLING
  YESTERDAY        0                        MM     MM        0
  MONTH TO DATE    0                         0      0        5
  SINCE JUN 1      1                         0      1       12
  SINCE JAN 1     50                         0     50       25
..................................................................







THE SAN FRANCISCO DWTN CA CLIMATE NORMALS FOR TODAY
                         NORMAL    RECORD    YEAR
 MAXIMUM TEMPERATURE (F)   66        92      1972
 MINIMUM TEMPERATURE (F)   54        48      1902


SUNRISE AND SUNSET
JULY 14 2014..........SUNRISE   559 AM PDT   SUNSET   832 PM PDT
JULY 15 2014..........SUNRISE   600 AM PDT   SUNSET   831 PM PDT


-  INDICATES NEGATIVE NUMBERS.
R  INDICATES RECORD WAS SET OR TIED.
MM INDICATES DATA IS MISSING.
T  INDICATES TRACE AMOUNT.




$$
