000
CDUS46 KMTR 210825
CLISFD


CLIMATE REPORT
NATIONAL WEATHER SERVICE SAN FRANCISCO BAY AREA
125 AM PDT TUE OCT 21 2014


...................................

...THE SAN FRANCISCO DWTN CA CLIMATE SUMMARY FOR OCTOBER 20 2014...

CLIMATE NORMAL PERIOD 1981 TO 2010
CLIMATE RECORD PERIOD 1850 TO 2014


WEATHER ITEM   OBSERVED TIME   RECORD YEAR NORMAL DEPARTURE LAST
                VALUE   (LST)  VALUE       VALUE  FROM      YEAR
                                                  NORMAL
..................................................................
TEMPERATURE (F)
 YESTERDAY
  MAXIMUM         67    243 PM  89    1991  69     -2       61
  MINIMUM         59   1143 PM  45    1949  54      5       47
  AVERAGE         63                        61      2       54

PRECIPITATION (IN)
  YESTERDAY        0.05          1.25 1889   0.04   0.01     0.00
  MONTH TO DATE    0.05                      0.51  -0.46     0.00
  SINCE JUL 1      0.69                      0.78  -0.09     0.43
  SINCE JAN 1     11.15                     15.32  -4.17     3.94

DEGREE DAYS
 HEATING
  YESTERDAY        2                        MM     MM       11
  MONTH TO DATE   30                        MM     MM       81
  SINCE SEP 1     61                        MM     MM      134
  SINCE JUL 1    191                        MM     MM      404

 COOLING
  YESTERDAY        0                        MM     MM        0
  MONTH TO DATE   63                         0     63       27
  SINCE SEP 1     89                         0     89       43
  SINCE JAN 1    156                         0    156       71
..................................................................







THE SAN FRANCISCO DWTN CA CLIMATE NORMALS FOR TODAY
                         NORMAL    RECORD    YEAR
 MAXIMUM TEMPERATURE (F)   69        89      1929
 MINIMUM TEMPERATURE (F)   53        47      1892


SUNRISE AND SUNSET
OCTOBER 21 2014.......SUNRISE   724 AM PDT   SUNSET   624 PM PDT
OCTOBER 22 2014.......SUNRISE   725 AM PDT   SUNSET   623 PM PDT


-  INDICATES NEGATIVE NUMBERS.
R  INDICATES RECORD WAS SET OR TIED.
MM INDICATES DATA IS MISSING.
T  INDICATES TRACE AMOUNT.




$$
