000
CDUS46 KMTR 290826
CLISFD


CLIMATE REPORT
NATIONAL WEATHER SERVICE SAN FRANCISCO BAY AREA
126 AM PDT FRI AUG 29 2014


...................................

...THE SAN FRANCISCO DWTN CA CLIMATE SUMMARY FOR AUGUST 28 2014...

CLIMATE NORMAL PERIOD 1981 TO 2010
CLIMATE RECORD PERIOD 1850 TO 2014


WEATHER ITEM   OBSERVED TIME   RECORD YEAR NORMAL DEPARTURE LAST
                VALUE   (LST)  VALUE       VALUE  FROM      YEAR
                                                  NORMAL
..................................................................
TEMPERATURE (F)
 YESTERDAY
  MAXIMUM         68    243 PM  96    2009  69     -1       69
  MINIMUM         59    243 AM  49    1955  55      4       57
  AVERAGE         64                        62      2       63

PRECIPITATION (IN)
  YESTERDAY        0.00          0.07 1916   0.00   0.00     0.00
  MONTH TO DATE    0.01                      0.05  -0.04     0.04
  SINCE JUL 1      0.09                      0.05   0.04     0.04
  SINCE JAN 1     10.55                     14.59  -4.04     3.55

DEGREE DAYS
 HEATING
  YESTERDAY        1                        MM     MM        2
  MONTH TO DATE   55                        MM     MM      106
  SINCE JUN 1    280                        MM     MM      405
  SINCE JUL 1    129                        MM     MM      266

 COOLING
  YESTERDAY        0                        MM     MM        0
  MONTH TO DATE    0                         0      0        0
  SINCE JUN 1     17                         0     17       12
  SINCE JAN 1     66                         0     66       25
..................................................................







THE SAN FRANCISCO DWTN CA CLIMATE NORMALS FOR TODAY
                         NORMAL    RECORD    YEAR
 MAXIMUM TEMPERATURE (F)   69        96      1968
 MINIMUM TEMPERATURE (F)   55        48      1955


SUNRISE AND SUNSET
AUGUST 29 2014........SUNRISE   637 AM PDT   SUNSET   743 PM PDT
AUGUST 30 2014........SUNRISE   638 AM PDT   SUNSET   742 PM PDT


-  INDICATES NEGATIVE NUMBERS.
R  INDICATES RECORD WAS SET OR TIED.
MM INDICATES DATA IS MISSING.
T  INDICATES TRACE AMOUNT.




$$
