000
CDUS46 KMTR 240035
CLISFD


CLIMATE REPORT
NATIONAL WEATHER SERVICE SAN FRANCISCO BAY AREA
535 PM PDT SAT MAY 23 2015


...................................

...THE SAN FRANCISCO DWTN CA CLIMATE SUMMARY FOR MAY 23 2015...
VALID TODAY AS OF 0500 PM LOCAL TIME.

CLIMATE NORMAL PERIOD 1981 TO 2010
CLIMATE RECORD PERIOD 1850 TO 2015


WEATHER ITEM   OBSERVED TIME   RECORD YEAR NORMAL DEPARTURE LAST
                VALUE   (LST)  VALUE       VALUE  FROM      YEAR
                                                  NORMAL
..................................................................
TEMPERATURE (F)
 TODAY
  MAXIMUM         62    143 PM  91    1943  65     -3       63
  MINIMUM         52    643 AM  47    1903  52      0       51
  AVERAGE         57                        58     -1       57

PRECIPITATION (IN)
  TODAY            0.00          0.28 1860   0.02  -0.02     0.00
  MONTH TO DATE    0.06                      0.57  -0.51     0.03
  SINCE OCT 1     17.40                     23.09  -5.69    12.10
  SINCE JAN 1      2.95                     14.25 -11.30    10.45

DEGREE DAYS
 HEATING
  TODAY            8                        MM     MM        8
  MONTH TO DATE  198                        MM     MM      119
  SINCE MAR 1    595                        MM     MM      540
  SINCE JUL 1   1669                        MM     MM     2203

 COOLING
  TODAY            0                        MM     MM        0
  MONTH TO DATE    0                         0      0       32
  SINCE MAR 1     14                         0     14       49
  SINCE JAN 1     14                         0     14       49
..................................................................







THE SAN FRANCISCO DWTN CA CLIMATE NORMALS FOR TOMORROW
                         NORMAL    RECORD    YEAR
 MAXIMUM TEMPERATURE (F)   65        88      1927
 MINIMUM TEMPERATURE (F)   52        46      1911


SUNRISE AND SUNSET
MAY 23 2015...........SUNRISE   554 AM PDT   SUNSET   819 PM PDT
MAY 24 2015...........SUNRISE   553 AM PDT   SUNSET   820 PM PDT


-  INDICATES NEGATIVE NUMBERS.
R  INDICATES RECORD WAS SET OR TIED.
MM INDICATES DATA IS MISSING.
T  INDICATES TRACE AMOUNT.




$$
