000
CDUS46 KMTR 300826
CLISFD


CLIMATE REPORT
NATIONAL WEATHER SERVICE SAN FRANCISCO BAY AREA
125 AM PDT SAT JUL 30 2016


...................................

...THE SAN FRANCISCO DWTN CA CLIMATE SUMMARY FOR JULY 29 2016...

CLIMATE NORMAL PERIOD 1981 TO 2010
CLIMATE RECORD PERIOD 1850 TO 2016


WEATHER ITEM   OBSERVED TIME   RECORD YEAR NORMAL DEPARTURE LAST
                VALUE   (LST)  VALUE       VALUE  FROM      YEAR
                                                  NORMAL
..................................................................
TEMPERATURE (F)
 YESTERDAY
  MAXIMUM         63    243 PM  83    1977  67     -4       70
  MINIMUM         52    243 AM  48    1901  55     -3       58
  AVERAGE         58                        61     -3       64

PRECIPITATION (IN)
  YESTERDAY        0.00          0.01 1932   0.00   0.00     0.00
                                      1932
                                      2015
  MONTH TO DATE    0.02                      0.00   0.02     0.09
  SINCE OCT 1     23.08                     23.38  -0.30    17.64
  SINCE JAN 1     16.47                     14.54   1.93     3.19

DEGREE DAYS
 HEATING
  YESTERDAY        7                        MM     MM        1
  MONTH TO DATE  157                        MM     MM       41
  SINCE JUN 1    297                        MM     MM      177
  SINCE JUL 1    157                        MM     MM       41

 COOLING
  YESTERDAY        0                        MM     MM        0
  MONTH TO DATE    0                         0      0       19
  SINCE JUN 1      5                         0      5       21
  SINCE JAN 1     31                         0     31       35
..................................................................







THE SAN FRANCISCO DWTN CA CLIMATE NORMALS FOR TODAY
                         NORMAL    RECORD    YEAR
 MAXIMUM TEMPERATURE (F)   67        99      1995
 MINIMUM TEMPERATURE (F)   55        48      1893


SUNRISE AND SUNSET
JULY 30 2016..........SUNRISE   612 AM PDT   SUNSET   820 PM PDT
JULY 31 2016..........SUNRISE   613 AM PDT   SUNSET   819 PM PDT


-  INDICATES NEGATIVE NUMBERS.
R  INDICATES RECORD WAS SET OR TIED.
MM INDICATES DATA IS MISSING.
T  INDICATES TRACE AMOUNT.




$$
