000
CDUS46 KMTR 230830
CLISFO


CLIMATE REPORT
NATIONAL WEATHER SERVICE SAN FRANCISCO BAY AREA
130 AM PDT SUN JUL 23 2017


...................................

...THE SAN FRANCISCO AIRPORT CLIMATE SUMMARY FOR JULY 22 2017...

CLIMATE NORMAL PERIOD 1981 TO 2010
CLIMATE RECORD PERIOD 1927 TO 2017


WEATHER ITEM   OBSERVED TIME   RECORD YEAR NORMAL DEPARTURE LAST
                VALUE   (LST)  VALUE       VALUE  FROM      YEAR
                                                  NORMAL
..................................................................
TEMPERATURE (F)
 YESTERDAY
  MAXIMUM         80    352 PM  97    2006  72      8       70
  MINIMUM         55    523 AM  49    1981  56     -1       54
  AVERAGE         68                        64      4       62

PRECIPITATION (IN)
  YESTERDAY        0.00          T    2014   0.00   0.00     0.00
  MONTH TO DATE    0.00                      0.00   0.00      T
  SINCE OCT 1     30.92                     20.44  10.48    17.23
  SINCE JAN 1     21.97                     13.08   8.89    12.44

SNOWFALL (IN)
  YESTERDAY        0.0           0.0
  MONTH TO DATE    0.0
  SINCE JUN 1      0.0
  SINCE JUL 1      0.0

DEGREE DAYS
 HEATING
  YESTERDAY        0                         2     -2        3
  MONTH TO DATE   35                        44     -9       49
  SINCE JUN 1    111                       149    -38      110
  SINCE JUL 1     35                        44     -9       49

 COOLING
  YESTERDAY        3                         1      2        0
  MONTH TO DATE   23                        22      1        1
  SINCE JUN 1     50                        43      7       20
  SINCE JAN 1     73                        62     11       51
..................................................................


WIND (MPH)
  RESULTANT WIND SPEED   8   RESULTANT WIND DIRECTION  NW (300)
  HIGHEST WIND SPEED    22   HIGHEST WIND DIRECTION     W (290)
  HIGHEST GUST SPEED    25   HIGHEST GUST DIRECTION     W (290)
  AVERAGE WIND SPEED     9.2


SKY COVER
  POSSIBLE SUNSHINE  MM
  AVERAGE SKY COVER 0.2


WEATHER CONDITIONS
 THE FOLLOWING WEATHER WAS RECORDED YESTERDAY.
  NO SIGNIFICANT WEATHER WAS OBSERVED.


RELATIVE HUMIDITY (PERCENT)
 HIGHEST    83           300 AM
 LOWEST     38           600 PM
 AVERAGE    61

..........................................................


THE SAN FRANCISCO AIRPORT CLIMATE NORMALS FOR TODAY
                         NORMAL    RECORD    YEAR
 MAXIMUM TEMPERATURE (F)   72        89      2005
 MINIMUM TEMPERATURE (F)   56        50      1981


SUNRISE AND SUNSET
JULY 23 2017..........SUNRISE   606 AM PDT   SUNSET   825 PM PDT
JULY 24 2017..........SUNRISE   607 AM PDT   SUNSET   824 PM PDT


-  INDICATES NEGATIVE NUMBERS.
R  INDICATES RECORD WAS SET OR TIED.
MM INDICATES DATA IS MISSING.
T  INDICATES TRACE AMOUNT.




$$
