006
CDUS43 KSGF 300627
CLISGF


CLIMATE REPORT
NATIONAL WEATHER SERVICE SPRINGFIELD MO
127 AM CDT TUE MAY 30 2017


...................................

...THE SPRINGFIELD MO CLIMATE SUMMARY FOR MAY 29 2017...

CLIMATE NORMAL PERIOD 1981 TO 2010
CLIMATE RECORD PERIOD 1888 TO 2017


WEATHER ITEM   OBSERVED TIME   RECORD YEAR NORMAL DEPARTURE LAST
                VALUE   (LST)  VALUE       VALUE  FROM      YEAR
                                                  NORMAL
..................................................................
TEMPERATURE (F)
 YESTERDAY
  MAXIMUM         83    345 PM  90    2012  79      4       85
                                      1926
                                      1913
  MINIMUM         59    523 AM  38    1947  58      1       59
  AVERAGE         71                        69      2       72

PRECIPITATION (IN)
  YESTERDAY        0.00          2.07 1950   0.14  -0.14     0.00
  MONTH TO DATE    7.30                      4.80   2.50     4.51
  SINCE MAR 1     24.12                     12.74  11.38     9.95
  SINCE JAN 1     28.58                     17.73  10.85    11.23

SNOWFALL (IN)
  YESTERDAY        0.0
  MONTH TO DATE    0.0
  SINCE MAR 1      0.1
  SINCE JUL 1      1.8
  SNOW DEPTH       0

DEGREE DAYS
 HEATING
  YESTERDAY        0                         1     -1        0
  MONTH TO DATE   75                        92    -17      129
  SINCE MAR 1    666                       973   -307      716
  SINCE JUL 1   3355                      4566  -1211     3629

 COOLING
  YESTERDAY        6                         5      1        7
  MONTH TO DATE   93                        79     14       77
  SINCE MAR 1    134                       104     30      104
  SINCE JAN 1    143                       104     39      104
..................................................................


WIND (MPH)
  HIGHEST WIND SPEED    23   HIGHEST WIND DIRECTION     W (270)
  HIGHEST GUST SPEED    29   HIGHEST GUST DIRECTION     W (270)
  AVERAGE WIND SPEED     7.7


SKY COVER
  AVERAGE SKY COVER 0.0


WEATHER CONDITIONS
 THE FOLLOWING WEATHER WAS RECORDED YESTERDAY.
  NO SIGNIFICANT WEATHER WAS OBSERVED.


RELATIVE HUMIDITY (PERCENT)
 HIGHEST    84           100 AM
 LOWEST     34           200 PM
 AVERAGE    59

..........................................................


THE SPRINGFIELD MO CLIMATE NORMALS FOR TODAY
                         NORMAL    RECORD    YEAR
 MAXIMUM TEMPERATURE (F)   79        94      1934
 MINIMUM TEMPERATURE (F)   59        38      1984
                                             1889


SUNRISE AND SUNSET
MAY 30 2017...........SUNRISE   555 AM CDT   SUNSET   827 PM CDT
MAY 31 2017...........SUNRISE   555 AM CDT   SUNSET   828 PM CDT


-  INDICATES NEGATIVE NUMBERS.
R  INDICATES RECORD WAS SET OR TIED.
MM INDICATES DATA IS MISSING.
T  INDICATES TRACE AMOUNT.




$$
