000
CDUS43 KSGF 140626
CLISGF


CLIMATE REPORT
NATIONAL WEATHER SERVICE SPRINGFIELD MO
1226 AM CST SUN FEB 14 2016


...................................

...THE SPRINGFIELD MO CLIMATE SUMMARY FOR FEBRUARY 13 2016...

CLIMATE NORMAL PERIOD 1981 TO 2010
CLIMATE RECORD PERIOD 1888 TO 2016


WEATHER ITEM   OBSERVED TIME   RECORD YEAR NORMAL DEPARTURE LAST
                VALUE   (LST)  VALUE       VALUE  FROM      YEAR
                                                  NORMAL
..................................................................
TEMPERATURE (F)
 YESTERDAY
  MAXIMUM         38    403 PM  79    1962  48    -10       49
  MINIMUM         21    745 AM -22    1905  25     -4       25
  AVERAGE         30                        36     -6       37

PRECIPITATION (IN)
  YESTERDAY        0.00          1.54 1946   0.09  -0.09     0.00
  MONTH TO DATE    0.05                      1.07  -1.02     0.40
  SINCE DEC 1     12.40                      6.58   5.82     2.98
  SINCE JAN 1      0.97                      3.54  -2.57     1.21

SNOWFALL (IN)
  YESTERDAY        0.0
  MONTH TO DATE    T
  SINCE DEC 1      3.0
  SINCE JUL 1      3.0
  SNOW DEPTH       0

DEGREE DAYS
 HEATING
  YESTERDAY       35                        28      7       28
  MONTH TO DATE  371                       389    -18      370
  SINCE DEC 1   1965                      2323   -358     2128
  SINCE JUL 1   2610                      3202   -592     3078

 COOLING
  YESTERDAY        0                         0      0        0
  MONTH TO DATE    0                         0      0        0
  SINCE DEC 1      0                         0      0        0
  SINCE JAN 1      0                         0      0        0
..................................................................


WIND (MPH)
  HIGHEST WIND SPEED    23   HIGHEST WIND DIRECTION    SE (140)
  HIGHEST GUST SPEED    29   HIGHEST GUST DIRECTION    SE (150)
  AVERAGE WIND SPEED    12.2


SKY COVER
  AVERAGE SKY COVER 0.6


WEATHER CONDITIONS
 THE FOLLOWING WEATHER WAS RECORDED YESTERDAY.
  NO SIGNIFICANT WEATHER WAS OBSERVED.


RELATIVE HUMIDITY (PERCENT)
 HIGHEST    46           100 AM
 LOWEST     19           400 PM
 AVERAGE    33

..........................................................


THE SPRINGFIELD MO CLIMATE NORMALS FOR TODAY
                         NORMAL    RECORD    YEAR
 MAXIMUM TEMPERATURE (F)   48        75      1954
                                             1921
 MINIMUM TEMPERATURE (F)   26         0      1905


SUNRISE AND SUNSET
FEBRUARY 14 2016......SUNRISE   704 AM CST   SUNSET   552 PM CST
FEBRUARY 15 2016......SUNRISE   703 AM CST   SUNSET   553 PM CST


-  INDICATES NEGATIVE NUMBERS.
R  INDICATES RECORD WAS SET OR TIED.
MM INDICATES DATA IS MISSING.
T  INDICATES TRACE AMOUNT.




$$
