051
CDUS43 KSGF 190627
CLISGF


CLIMATE REPORT
NATIONAL WEATHER SERVICE SPRINGFIELD MO
1226 AM CST FRI JAN 19 2018


...................................

...THE SPRINGFIELD MO CLIMATE SUMMARY FOR JANUARY 18 2018...

CLIMATE NORMAL PERIOD 1981 TO 2010
CLIMATE RECORD PERIOD 1888 TO 2018


WEATHER ITEM   OBSERVED TIME   RECORD YEAR NORMAL DEPARTURE LAST
                VALUE   (LST)  VALUE       VALUE  FROM      YEAR
                                                  NORMAL
..................................................................
TEMPERATURE (F)
 YESTERDAY
  MAXIMUM         42    359 PM  68    1974  43     -1       50
  MINIMUM          7    506 AM -17    1930  22    -15       35
  AVERAGE         25                        32     -7       43

PRECIPITATION (IN)
  YESTERDAY        0.00          1.40 1973   0.08  -0.08      T
  MONTH TO DATE    0.79                      1.50  -0.71     3.50
  SINCE DEC 1      2.31                      4.54  -2.23     4.12
  SINCE JAN 1      0.79                      1.50  -0.71     3.50

SNOWFALL (IN)
  YESTERDAY        0.0
  MONTH TO DATE    2.7
  SINCE DEC 1      4.5
  SINCE JUL 1      4.5
  SNOW DEPTH       2

DEGREE DAYS
 HEATING
  YESTERDAY       40                        33      7       22
  MONTH TO DATE  742                       591    151      526
  SINCE DEC 1   1612                      1522     90     1423
  SINCE JUL 1   2296                      2401   -105     1939

 COOLING
  YESTERDAY        0                         0      0        0
  MONTH TO DATE    0                         0      0        0
  SINCE DEC 1      0                         0      0        0
  SINCE JAN 1      0                         0      0        0
..................................................................


WIND (MPH)
  HIGHEST WIND SPEED    21   HIGHEST WIND DIRECTION    SW (210)
  HIGHEST GUST SPEED    25   HIGHEST GUST DIRECTION    SW (210)
  AVERAGE WIND SPEED    10.6


SKY COVER
  AVERAGE SKY COVER 0.0


WEATHER CONDITIONS
 THE FOLLOWING WEATHER WAS RECORDED YESTERDAY.
  NO SIGNIFICANT WEATHER WAS OBSERVED.


RELATIVE HUMIDITY (PERCENT)
 HIGHEST    73          1200 AM
 LOWEST     43           400 PM
 AVERAGE    58

..........................................................


THE SPRINGFIELD MO CLIMATE NORMALS FOR TODAY
                         NORMAL    RECORD    YEAR
 MAXIMUM TEMPERATURE (F)   43        72      1951
 MINIMUM TEMPERATURE (F)   22       -13      1984


SUNRISE AND SUNSET
JANUARY 19 2018.......SUNRISE   725 AM CST   SUNSET   524 PM CST
JANUARY 20 2018.......SUNRISE   724 AM CST   SUNSET   525 PM CST


-  INDICATES NEGATIVE NUMBERS.
R  INDICATES RECORD WAS SET OR TIED.
MM INDICATES DATA IS MISSING.
T  INDICATES TRACE AMOUNT.




$$
