000
CDUS45 KBYZ 192326
CLISHR


CLIMATE REPORT
NATIONAL WEATHER SERVICE BILLINGS MT
425 PM MST THU JAN 19 2017


...................................

...THE SHERIDAN WY CLIMATE SUMMARY FOR JANUARY 19 2017...
VALID TODAY AS OF 0400 PM LOCAL TIME.

CLIMATE NORMAL PERIOD 1981 TO 2010
CLIMATE RECORD PERIOD 1907 TO 2017


WEATHER ITEM   OBSERVED TIME   RECORD YEAR NORMAL DEPARTURE LAST
                VALUE   (LST)  VALUE       VALUE  FROM      YEAR
                                                  NORMAL
..................................................................
TEMPERATURE (F)
 TODAY
  MAXIMUM         42    154 PM  61    2005  36      6       39
                                      2003
  MINIMUM         11    749 AM -35    1963  12     -1       10
  AVERAGE         27                        24      3       25

PRECIPITATION (IN)
  TODAY            0.00          0.36 1920   0.01  -0.01     0.00
  MONTH TO DATE    0.32                      0.32   0.00     0.34
  SINCE OCT 1      4.05                      3.00   1.05     2.49
  SINCE JAN 1      0.32                      0.32   0.00     0.34

DEGREE DAYS
 HEATING
  TODAY           38                        41     -3       40
  MONTH TO DATE 1046                       788    258      786
  SINCE DEC 1   2574                      2093    481     1999
  SINCE JUL 1   4051                      3971     80     3551

 COOLING
  TODAY            0                         0      0        0
  MONTH TO DATE    0                         0      0        0
  SINCE DEC 1      0                         0      0        0
  SINCE JAN 1      0                         0      0        0
..................................................................


WIND (MPH)
  HIGHEST WIND SPEED    15   HIGHEST WIND DIRECTION    SW (210)
  HIGHEST GUST SPEED    16   HIGHEST GUST DIRECTION    SE (130)
  AVERAGE WIND SPEED     4.3


SKY COVER
  POSSIBLE SUNSHINE  MM
  AVERAGE SKY COVER 0.0


WEATHER CONDITIONS
 THE FOLLOWING WEATHER WAS RECORDED TODAY.
  NO SIGNIFICANT WEATHER WAS OBSERVED.


RELATIVE HUMIDITY (PERCENT)
 HIGHEST    92           400 AM
 LOWEST     45           200 PM
 AVERAGE    69

..........................................................


THE SHERIDAN WY CLIMATE NORMALS FOR TOMORROW
                         NORMAL    RECORD    YEAR
 MAXIMUM TEMPERATURE (F)   36        61      2009
 MINIMUM TEMPERATURE (F)   12       -28      1985


SUNRISE AND SUNSET
JANUARY 19 2017.......SUNRISE   739 AM MST   SUNSET   459 PM MST
JANUARY 20 2017.......SUNRISE   738 AM MST   SUNSET   500 PM MST


-  INDICATES NEGATIVE NUMBERS.
R  INDICATES RECORD WAS SET OR TIED.
MM INDICATES DATA IS MISSING.
T  INDICATES TRACE AMOUNT.




$$
