000
CDUS45 KBYZ 290931
CLISHR


CLIMATE REPORT
NATIONAL WEATHER SERVICE BILLINGS MT
330 AM MDT SUN MAY 29 2016


...................................

...THE SHERIDAN WY CLIMATE SUMMARY FOR MAY 28 2016...

CLIMATE NORMAL PERIOD 1981 TO 2010
CLIMATE RECORD PERIOD 1907 TO 2016


WEATHER ITEM   OBSERVED TIME   RECORD YEAR NORMAL DEPARTURE LAST
                VALUE   (LST)  VALUE       VALUE  FROM      YEAR
                                                  NORMAL
..................................................................
TEMPERATURE (F)
 YESTERDAY
  MAXIMUM         68    511 PM  93    2014  70     -2       64
                                      1934
  MINIMUM         45   1105 PM  28    1947  42      3       46
  AVERAGE         57                        56      1       55

PRECIPITATION (IN)
  YESTERDAY        T             1.25 1956   0.08  -0.08     0.23
  MONTH TO DATE    0.97                      2.12  -1.15     4.58
  SINCE OCT 1      9.52                      8.48   1.04    10.53
  SINCE JAN 1      7.37                      5.80   1.57     8.14

DEGREE DAYS
 HEATING
  YESTERDAY        8                         9     -1       10
  MONTH TO DATE  344                       366    -22      425
  SINCE MAR 1   1661                      1932   -271     1744
  SINCE JUL 1   6407                      7467  -1060     6974

 COOLING
  YESTERDAY        0                         0      0        0
  MONTH TO DATE    2                         0      2        0
  SINCE MAR 1      2                         0      2        0
  SINCE JAN 1      2                         0      2        0
..................................................................


WIND (MPH)
  HIGHEST WIND SPEED    17   HIGHEST WIND DIRECTION    NW (330)
  HIGHEST GUST SPEED    21   HIGHEST GUST DIRECTION    NW (330)
  AVERAGE WIND SPEED     5.5


SKY COVER
  POSSIBLE SUNSHINE  MM
  AVERAGE SKY COVER 0.6


WEATHER CONDITIONS
 THE FOLLOWING WEATHER WAS RECORDED YESTERDAY.
  LIGHT RAIN


RELATIVE HUMIDITY (PERCENT)
 HIGHEST    93           100 AM
 LOWEST     42           500 PM
 AVERAGE    68

..........................................................


THE SHERIDAN WY CLIMATE NORMALS FOR TODAY
                         NORMAL    RECORD    YEAR
 MAXIMUM TEMPERATURE (F)   70        94      1919
 MINIMUM TEMPERATURE (F)   42        26      1982


SUNRISE AND SUNSET
MAY 29 2016...........SUNRISE   527 AM MDT   SUNSET   845 PM MDT
MAY 30 2016...........SUNRISE   526 AM MDT   SUNSET   845 PM MDT


-  INDICATES NEGATIVE NUMBERS.
R  INDICATES RECORD WAS SET OR TIED.
MM INDICATES DATA IS MISSING.
T  INDICATES TRACE AMOUNT.




$$
