000
CDUS45 KBYZ 292223
CLISHR


CLIMATE REPORT
NATIONAL WEATHER SERVICE BILLINGS MT
422 PM MDT SAT AUG 29 2015


...................................

...THE SHERIDAN WY CLIMATE SUMMARY FOR AUGUST 29 2015...
VALID TODAY AS OF 0400 PM LOCAL TIME.

CLIMATE NORMAL PERIOD 1981 TO 2010
CLIMATE RECORD PERIOD 1907 TO 2015


WEATHER ITEM   OBSERVED TIME   RECORD YEAR NORMAL DEPARTURE LAST
                VALUE   (LST)  VALUE       VALUE  FROM      YEAR
                                                  NORMAL
..................................................................
TEMPERATURE (F)
 TODAY
  MAXIMUM        101    233 PM 102    2012  83     18       77
  MINIMUM         49    538 AM  32    1920  48      1       53
  AVERAGE         75                        66      9       65

PRECIPITATION (IN)
  TODAY            0.00          0.74 1964   0.03  -0.03     0.01
  MONTH TO DATE    0.59                      0.66  -0.07     0.90
  SINCE OCT 1     15.85                     12.67   3.18    14.68
  SINCE JAN 1     13.46                      9.99   3.47    10.92

DEGREE DAYS
 HEATING
  TODAY            0                         3     -3        0
  MONTH TO DATE   44                        30     14       34
  SINCE JUN 1    108                       205    -97      225
  SINCE JUL 1     64                        56      8       43

 COOLING
  TODAY           10                         3      7        0
  MONTH TO DATE  172                       153     19      127
  SINCE JUN 1    398                       381     17      310
  SINCE JAN 1    398                       385     13      318
..................................................................


WIND (MPH)
  HIGHEST WIND SPEED    13   HIGHEST WIND DIRECTION     E (100)
  HIGHEST GUST SPEED    17   HIGHEST GUST DIRECTION    SE (130)
  AVERAGE WIND SPEED     3.4


SKY COVER
  POSSIBLE SUNSHINE  MM
  AVERAGE SKY COVER 0.0


WEATHER CONDITIONS
 THE FOLLOWING WEATHER WAS RECORDED TODAY.
  NO SIGNIFICANT WEATHER WAS OBSERVED.


RELATIVE HUMIDITY (PERCENT)
 HIGHEST    77           100 AM
 LOWEST      9           200 PM
 AVERAGE    43

..........................................................


THE SHERIDAN WY CLIMATE NORMALS FOR TOMORROW
                         NORMAL    RECORD    YEAR
 MAXIMUM TEMPERATURE (F)   82       101      1948
 MINIMUM TEMPERATURE (F)   48        32      1910


SUNRISE AND SUNSET
AUGUST 29 2015........SUNRISE   626 AM MDT   SUNSET   750 PM MDT
AUGUST 30 2015........SUNRISE   628 AM MDT   SUNSET   749 PM MDT


-  INDICATES NEGATIVE NUMBERS.
R  INDICATES RECORD WAS SET OR TIED.
MM INDICATES DATA IS MISSING.
T  INDICATES TRACE AMOUNT.




$$
