000
CDUS45 KBYZ 150723
CLISHR


CLIMATE REPORT
NATIONAL WEATHER SERVICE BILLINGS MT
1223 AM MST FRI DEC 15 2017


...................................

...THE SHERIDAN WY CLIMATE SUMMARY FOR DECEMBER 14 2017...

CLIMATE NORMAL PERIOD 1981 TO 2010
CLIMATE RECORD PERIOD 1907 TO 2017


WEATHER ITEM   OBSERVED TIME   RECORD YEAR NORMAL DEPARTURE LAST
                VALUE   (LST)  VALUE       VALUE  FROM      YEAR
                                                  NORMAL
..................................................................
TEMPERATURE (F)
 YESTERDAY
  MAXIMUM         43    206 PM  66    1924  35      8       16
  MINIMUM         19    839 PM -17    1926  10      9        3
  AVERAGE         31                        22      9       10

PRECIPITATION (IN)
  YESTERDAY        0.00          0.68 1989   0.02  -0.02      T
  MONTH TO DATE    0.02                      0.27  -0.25     0.28
  SINCE OCT 1      1.90                      2.39  -0.49     3.01
  SINCE JAN 1     17.68                     13.87   3.81    16.23

DEGREE DAYS
 HEATING
  YESTERDAY       34                        43     -9       55
  MONTH TO DATE  399                       579   -180      688
  SINCE DEC 1    399                       579   -180      688
  SINCE JUL 1   2189                      2457   -268     2165

 COOLING
  YESTERDAY        0                         0      0        0
  MONTH TO DATE    0                         0      0        0
  SINCE DEC 1      0                         0      0        0
  SINCE JAN 1    481                       419     62      549
..................................................................


WIND (MPH)
  HIGHEST WIND SPEED    33   HIGHEST WIND DIRECTION    NW (310)
  HIGHEST GUST SPEED    41   HIGHEST GUST DIRECTION    NW (320)
  AVERAGE WIND SPEED    14.3


SKY COVER
  POSSIBLE SUNSHINE  MM
  AVERAGE SKY COVER 0.4


WEATHER CONDITIONS
 THE FOLLOWING WEATHER WAS RECORDED YESTERDAY.
  NO SIGNIFICANT WEATHER WAS OBSERVED.


RELATIVE HUMIDITY (PERCENT)
 HIGHEST    84           700 PM
 LOWEST     43           200 PM
 AVERAGE    64

..........................................................


THE SHERIDAN WY CLIMATE NORMALS FOR TODAY
                         NORMAL    RECORD    YEAR
 MAXIMUM TEMPERATURE (F)   35        63      2006
 MINIMUM TEMPERATURE (F)   10       -19      1964


SUNRISE AND SUNSET
DECEMBER 15 2017......SUNRISE   739 AM MST   SUNSET   428 PM MST
DECEMBER 16 2017......SUNRISE   739 AM MST   SUNSET   428 PM MST


-  INDICATES NEGATIVE NUMBERS.
R  INDICATES RECORD WAS SET OR TIED.
MM INDICATES DATA IS MISSING.
T  INDICATES TRACE AMOUNT.




$$
