000
CDUS45 KBYZ 230936
CLISHR


CLIMATE REPORT
NATIONAL WEATHER SERVICE BILLINGS MT
334 AM MDT TUE SEP 23 2014


...................................

...THE SHERIDAN WY CLIMATE SUMMARY FOR SEPTEMBER 22 2014...

CLIMATE NORMAL PERIOD 1981 TO 2010
CLIMATE RECORD PERIOD 1907 TO 2014


WEATHER ITEM   OBSERVED TIME   RECORD YEAR NORMAL DEPARTURE LAST
                VALUE   (LST)  VALUE       VALUE  FROM      YEAR
                                                  NORMAL
..................................................................
TEMPERATURE (F)
 YESTERDAY
  MAXIMUM         80    144 PM  92    1936  71      9       70
  MINIMUM         50    532 AM  24    1995  39     11       46
  AVERAGE         65                        55     10       58

PRECIPITATION (IN)
  YESTERDAY        0.00          0.71 2000   0.05  -0.05      T
  MONTH TO DATE    1.54                      0.99   0.55     2.76
  SINCE OCT 1     16.37                     13.72   2.65    15.29
  SINCE JAN 1     12.61                     11.04   1.57    12.75

SNOWFALL (IN)
  YESTERDAY       MM             7.0  2000   0.1   MM       MM
  MONTH TO DATE   MM                         1.5   MM       MM
  SINCE SEP 1     MM                         1.5   MM       MM
  SINCE JUL 1     MM                         1.5   MM       MM
  SNOW DEPTH      MM

DEGREE DAYS
 HEATING
  YESTERDAY        0                        10    -10        7
  MONTH TO DATE  195                       143     52       44
  SINCE SEP 1    195                       143     52       44
  SINCE JUL 1    245                       205     40       45

 COOLING
  YESTERDAY        0                         0      0        0
  MONTH TO DATE   15                        26    -11       82
  SINCE SEP 1     15                        26    -11       82
  SINCE JAN 1    333                       416    -83      592
..................................................................


WIND (MPH)
  HIGHEST WIND SPEED    21   HIGHEST WIND DIRECTION    SW (210)
  HIGHEST GUST SPEED    27   HIGHEST GUST DIRECTION    SW (220)
  AVERAGE WIND SPEED     4.7


SKY COVER
  POSSIBLE SUNSHINE  MM
  AVERAGE SKY COVER 0.2


WEATHER CONDITIONS
 THE FOLLOWING WEATHER WAS RECORDED YESTERDAY.
  NO SIGNIFICANT WEATHER WAS OBSERVED.


RELATIVE HUMIDITY (PERCENT)
 HIGHEST    83           500 AM
 LOWEST     32           200 PM
 AVERAGE    58

..........................................................


THE SHERIDAN WY CLIMATE NORMALS FOR TODAY
                         NORMAL    RECORD    YEAR
 MAXIMUM TEMPERATURE (F)   70        94      1992
 MINIMUM TEMPERATURE (F)   39        21      1926


SUNRISE AND SUNSET
SEPTEMBER 23 2014.....SUNRISE   656 AM MDT   SUNSET   703 PM MDT
SEPTEMBER 24 2014.....SUNRISE   657 AM MDT   SUNSET   701 PM MDT


-  INDICATES NEGATIVE NUMBERS.
R  INDICATES RECORD WAS SET OR TIED.
MM INDICATES DATA IS MISSING.
T  INDICATES TRACE AMOUNT.




$$
