000
CDUS45 KBYZ 230934
CLISHR


CLIMATE REPORT
NATIONAL WEATHER SERVICE BILLINGS MT
332 AM MDT THU OCT 23 2014


...................................

...THE SHERIDAN WY CLIMATE SUMMARY FOR OCTOBER 22 2014...

CLIMATE NORMAL PERIOD 1981 TO 2010
CLIMATE RECORD PERIOD 1907 TO 2014


WEATHER ITEM   OBSERVED TIME   RECORD YEAR NORMAL DEPARTURE LAST
                VALUE   (LST)  VALUE       VALUE  FROM      YEAR
                                                  NORMAL
..................................................................
TEMPERATURE (F)
 YESTERDAY
  MAXIMUM         64    401 PM  84    2003  58      6       65
  MINIMUM         31   1159 PM  12    1936  29      2       36
  AVERAGE         48                        43      5       51

PRECIPITATION (IN)
  YESTERDAY        0.00          0.91 1916   0.04  -0.04     0.00
  MONTH TO DATE    0.16                      1.11  -0.95     2.36
  SINCE OCT 1      0.16                      1.11  -0.95     2.36
  SINCE JAN 1     12.86                     12.59   0.27    16.61

SNOWFALL (IN)
  YESTERDAY       MM             5.4  1955   0.2   MM       MM
  MONTH TO DATE   MM                         3.7   MM       MM
  SINCE SEP 1     MM                         6.5   MM       MM
  SINCE JUL 1     MM                         6.5   MM       MM
  SNOW DEPTH      MM

DEGREE DAYS
 HEATING
  YESTERDAY       17                        22     -5       14
  MONTH TO DATE  285                       394   -109      498
  SINCE SEP 1    515                       635   -120      652
  SINCE JUL 1    565                       697   -132      653

 COOLING
  YESTERDAY        0                         0      0        0
  MONTH TO DATE    0                         0      0        0
  SINCE SEP 1     28                        28      0       82
  SINCE JAN 1    346                       418    -72      592
..................................................................


WIND (MPH)
  HIGHEST WIND SPEED    25   HIGHEST WIND DIRECTION    NW (310)
  HIGHEST GUST SPEED    30   HIGHEST GUST DIRECTION    NW (300)
  AVERAGE WIND SPEED     5.5


SKY COVER
  POSSIBLE SUNSHINE  MM
  AVERAGE SKY COVER 0.0


WEATHER CONDITIONS
 THE FOLLOWING WEATHER WAS RECORDED YESTERDAY.
  NO SIGNIFICANT WEATHER WAS OBSERVED.


RELATIVE HUMIDITY (PERCENT)
 HIGHEST    75           400 AM
 LOWEST     21           400 PM
 AVERAGE    48

..........................................................


THE SHERIDAN WY CLIMATE NORMALS FOR TODAY
                         NORMAL    RECORD    YEAR
 MAXIMUM TEMPERATURE (F)   57        81      1915
 MINIMUM TEMPERATURE (F)   29         9      1916


SUNRISE AND SUNSET
OCTOBER 23 2014.......SUNRISE   734 AM MDT   SUNSET   610 PM MDT
OCTOBER 24 2014.......SUNRISE   735 AM MDT   SUNSET   608 PM MDT


-  INDICATES NEGATIVE NUMBERS.
R  INDICATES RECORD WAS SET OR TIED.
MM INDICATES DATA IS MISSING.
T  INDICATES TRACE AMOUNT.




$$
