000
CDUS45 KBYZ 261031
CLISHR


CLIMATE REPORT
NATIONAL WEATHER SERVICE BILLINGS MT
330 AM MST MON JAN 26 2015


...................................

...THE SHERIDAN WY CLIMATE SUMMARY FOR JANUARY 25 2015...

CLIMATE NORMAL PERIOD 1981 TO 2010
CLIMATE RECORD PERIOD 1907 TO 2015


WEATHER ITEM   OBSERVED TIME   RECORD YEAR NORMAL DEPARTURE LAST
                VALUE   (LST)  VALUE       VALUE  FROM      YEAR
                                                  NORMAL
..................................................................
TEMPERATURE (F)
 YESTERDAY
  MAXIMUM         55    357 PM  60    2002  37     18       59
  MINIMUM         28    209 AM -30    1940  12     16       35
  AVERAGE         42                        24     18       47

PRECIPITATION (IN)
  YESTERDAY        0.00          0.49        0.02  -0.02     0.00
  MONTH TO DATE    0.45                      0.44   0.01     0.42
  SINCE OCT 1      2.84                      3.12  -0.28     4.18
  SINCE JAN 1      0.45                      0.44   0.01     0.42

DEGREE DAYS
 HEATING
  YESTERDAY       23                        41    -18       18
  MONTH TO DATE 1044                      1034     10      900
  SINCE DEC 1   2273                      2339    -66     2315
  SINCE JUL 1   4099                      4217   -118     4120

 COOLING
  YESTERDAY        0                         0      0        0
  MONTH TO DATE    0                         0      0        0
  SINCE DEC 1      0                         0      0        0
  SINCE JAN 1      0                         0      0        0
..................................................................


WIND (MPH)
  HIGHEST WIND SPEED    10   HIGHEST WIND DIRECTION     S (200)
  HIGHEST GUST SPEED    15   HIGHEST GUST DIRECTION     N (340)
  AVERAGE WIND SPEED     5.1


SKY COVER
  POSSIBLE SUNSHINE  MM
  AVERAGE SKY COVER 0.2


WEATHER CONDITIONS
 THE FOLLOWING WEATHER WAS RECORDED YESTERDAY.
  NO SIGNIFICANT WEATHER WAS OBSERVED.


RELATIVE HUMIDITY (PERCENT)
 HIGHEST    89           500 AM
 LOWEST     41           400 PM
 AVERAGE    65

..........................................................


THE SHERIDAN WY CLIMATE NORMALS FOR TODAY
                         NORMAL    RECORD    YEAR
 MAXIMUM TEMPERATURE (F)   37        61      2002
 MINIMUM TEMPERATURE (F)   12       -28      1972


SUNRISE AND SUNSET
JANUARY 26 2015.......SUNRISE   734 AM MST   SUNSET   508 PM MST
JANUARY 27 2015.......SUNRISE   733 AM MST   SUNSET   509 PM MST


-  INDICATES NEGATIVE NUMBERS.
R  INDICATES RECORD WAS SET OR TIED.
MM INDICATES DATA IS MISSING.
T  INDICATES TRACE AMOUNT.




$$
