000
CDUS45 KBYZ 191041
CLISHR


CLIMATE REPORT
NATIONAL WEATHER SERVICE BILLINGS MT
340 AM MST SUN FEB 19 2017


...................................

...THE SHERIDAN WY CLIMATE SUMMARY FOR FEBRUARY 18 2017...

CLIMATE NORMAL PERIOD 1981 TO 2010
CLIMATE RECORD PERIOD 1907 TO 2017


WEATHER ITEM   OBSERVED TIME   RECORD YEAR NORMAL DEPARTURE LAST
                VALUE   (LST)  VALUE       VALUE  FROM      YEAR
                                                  NORMAL
..................................................................
TEMPERATURE (F)
 YESTERDAY
  MAXIMUM         54    311 PM  69    1930  40     14       67
  MINIMUM         30    719 AM -29    1936  15     15       34
  AVERAGE         42                        27     15       51

PRECIPITATION (IN)
  YESTERDAY        0.00          0.60 1912   0.02  -0.02     0.01
  MONTH TO DATE    0.43                      0.34   0.09     0.88
  SINCE OCT 1      5.20                      3.58   1.62     3.59
  SINCE JAN 1      1.47                      0.90   0.57     1.44

DEGREE DAYS
 HEATING
  YESTERDAY       23                        38    -15       14
  MONTH TO DATE  673                       709    -36      519
  SINCE DEC 1   3717                      3291    426     2902
  SINCE JUL 1   5194                      5169     25     4454

 COOLING
  YESTERDAY        0                         0      0        0
  MONTH TO DATE    0                         0      0        0
  SINCE DEC 1      0                         0      0        0
  SINCE JAN 1      0                         0      0        0
..................................................................


WIND (MPH)
  HIGHEST WIND SPEED    16   HIGHEST WIND DIRECTION    SW (210)
  HIGHEST GUST SPEED    19   HIGHEST GUST DIRECTION    SE (150)
  AVERAGE WIND SPEED     6.2


SKY COVER
  POSSIBLE SUNSHINE  MM
  AVERAGE SKY COVER 0.2


WEATHER CONDITIONS
 THE FOLLOWING WEATHER WAS RECORDED YESTERDAY.
  NO SIGNIFICANT WEATHER WAS OBSERVED.


RELATIVE HUMIDITY (PERCENT)
 HIGHEST    89           900 PM
 LOWEST     46           100 PM
 AVERAGE    68

..........................................................


THE SHERIDAN WY CLIMATE NORMALS FOR TODAY
                         NORMAL    RECORD    YEAR
 MAXIMUM TEMPERATURE (F)   40        66      1981
 MINIMUM TEMPERATURE (F)   15       -23      1929


SUNRISE AND SUNSET
FEBRUARY 19 2017......SUNRISE   702 AM MST   SUNSET   542 PM MST
FEBRUARY 20 2017......SUNRISE   700 AM MST   SUNSET   544 PM MST


-  INDICATES NEGATIVE NUMBERS.
R  INDICATES RECORD WAS SET OR TIED.
MM INDICATES DATA IS MISSING.
T  INDICATES TRACE AMOUNT.




$$
