673
CDUS45 KBYZ 170723
CLISHR


CLIMATE REPORT
NATIONAL WEATHER SERVICE BILLINGS MT
123 AM MDT THU AUG 17 2017


...................................

...THE SHERIDAN WY CLIMATE SUMMARY FOR AUGUST 16 2017...

CLIMATE NORMAL PERIOD 1981 TO 2010
CLIMATE RECORD PERIOD 1907 TO 2017


WEATHER ITEM   OBSERVED TIME   RECORD YEAR NORMAL DEPARTURE LAST
                VALUE   (LST)  VALUE       VALUE  FROM      YEAR
                                                  NORMAL
..................................................................
TEMPERATURE (F)
 YESTERDAY
  MAXIMUM         87    324 PM 102    2003  87      0       91
  MINIMUM         44    459 AM  37    1925  52     -8       52
  AVERAGE         66                        69     -3       72

PRECIPITATION (IN)
  YESTERDAY        0.00          0.64 1960   0.02  -0.02     0.00
  MONTH TO DATE    0.42                      0.37   0.05     0.65
  SINCE OCT 1     17.61                     12.38   5.23    10.87
  SINCE JAN 1     13.88                      9.70   4.18     8.72

DEGREE DAYS
 HEATING
  YESTERDAY        0                         1     -1        0
  MONTH TO DATE   24                        10     14        1
  SINCE JUN 1    102                       185    -83       23
  SINCE JUL 1     24                        36    -12        7

 COOLING
  YESTERDAY        1                         5     -4        7
  MONTH TO DATE   23                       101    -78      108
  SINCE JUN 1    348                       329     19      469
  SINCE JAN 1    348                       333     15      471
..................................................................


WIND (MPH)
  HIGHEST WIND SPEED    15   HIGHEST WIND DIRECTION     W (250)
  HIGHEST GUST SPEED    17   HIGHEST GUST DIRECTION     W (250)
  AVERAGE WIND SPEED     4.4


SKY COVER
  POSSIBLE SUNSHINE  MM
  AVERAGE SKY COVER 0.0


WEATHER CONDITIONS
 THE FOLLOWING WEATHER WAS RECORDED YESTERDAY.
  NO SIGNIFICANT WEATHER WAS OBSERVED.


RELATIVE HUMIDITY (PERCENT)
 HIGHEST    89           500 AM
 LOWEST     16           100 PM
 AVERAGE    53

..........................................................


THE SHERIDAN WY CLIMATE NORMALS FOR TODAY
                         NORMAL    RECORD    YEAR
 MAXIMUM TEMPERATURE (F)   87       100      1934
 MINIMUM TEMPERATURE (F)   52        32      2002


SUNRISE AND SUNSET
AUGUST 17 2017........SUNRISE   613 AM MDT   SUNSET   810 PM MDT
AUGUST 18 2017........SUNRISE   614 AM MDT   SUNSET   808 PM MDT


-  INDICATES NEGATIVE NUMBERS.
R  INDICATES RECORD WAS SET OR TIED.
MM INDICATES DATA IS MISSING.
T  INDICATES TRACE AMOUNT.




$$
