000
CDUS45 KBYZ 290933
CLISHR


CLIMATE REPORT
NATIONAL WEATHER SERVICE BILLINGS MT
332 AM MDT SAT APR 29 2017


...................................

...THE SHERIDAN WY CLIMATE SUMMARY FOR APRIL 28 2017...

CLIMATE NORMAL PERIOD 1981 TO 2010
CLIMATE RECORD PERIOD 1907 TO 2017


WEATHER ITEM   OBSERVED TIME   RECORD YEAR NORMAL DEPARTURE LAST
                VALUE   (LST)  VALUE       VALUE  FROM      YEAR
                                                  NORMAL
..................................................................
TEMPERATURE (F)
 YESTERDAY
  MAXIMUM         39   1208 PM  85    1910  61    -22       41
  MINIMUM         29   1156 PM  15    1984  33     -4       32
  AVERAGE         34                        47    -13       37

PRECIPITATION (IN)
  YESTERDAY        0.37          0.85 1963   0.07   0.30     0.04
  MONTH TO DATE    4.60                      1.45   3.15     3.36
  SINCE OCT 1     13.46                      6.21   7.25     8.55
  SINCE JAN 1      9.73                      3.53   6.20     6.40

DEGREE DAYS
 HEATING
  YESTERDAY       31                        18     13       28
  MONTH TO DATE  557                       607    -50      505
  SINCE MAR 1   1292                      1531   -239     1275
  SINCE JUL 1   6814                      7066   -252     6021

 COOLING
  YESTERDAY        0                         0      0        0
  MONTH TO DATE    0                         0      0        0
  SINCE MAR 1      0                         0      0        0
  SINCE JAN 1      0                         0      0        0
..................................................................


WIND (MPH)
  HIGHEST WIND SPEED    16   HIGHEST WIND DIRECTION     W (270)
  HIGHEST GUST SPEED    20   HIGHEST GUST DIRECTION     W (270)
  AVERAGE WIND SPEED     5.6


SKY COVER
  POSSIBLE SUNSHINE  MM
  AVERAGE SKY COVER 0.8


WEATHER CONDITIONS
 THE FOLLOWING WEATHER WAS RECORDED YESTERDAY.
  LIGHT RAIN
  LIGHT SNOW
  FOG


RELATIVE HUMIDITY (PERCENT)
 HIGHEST   100           200 PM
 LOWEST     76          1200 PM
 AVERAGE    88

..........................................................


THE SHERIDAN WY CLIMATE NORMALS FOR TODAY
                         NORMAL    RECORD    YEAR
 MAXIMUM TEMPERATURE (F)   62        86      1992
 MINIMUM TEMPERATURE (F)   33        17      1950


SUNRISE AND SUNSET
APRIL 29 2017.........SUNRISE   600 AM MDT   SUNSET   811 PM MDT
APRIL 30 2017.........SUNRISE   559 AM MDT   SUNSET   812 PM MDT


-  INDICATES NEGATIVE NUMBERS.
R  INDICATES RECORD WAS SET OR TIED.
MM INDICATES DATA IS MISSING.
T  INDICATES TRACE AMOUNT.




$$
