000
CDUS44 KSHV 292245
CLISHV


CLIMATE REPORT
NATIONAL WEATHER SERVICE SHREVEPORT, LA
545 PM CDT SUN MAR 29 2015


...................................

...THE SHREVEPORT CLIMATE SUMMARY FOR MARCH 29 2015...
VALID TODAY AS OF 0500 PM LOCAL TIME.

CLIMATE NORMAL PERIOD 1981 TO 2010
CLIMATE RECORD PERIOD 1874 TO 2015


WEATHER ITEM   OBSERVED TIME   RECORD YEAR NORMAL DEPARTURE LAST
                VALUE   (LST)  VALUE       VALUE  FROM      YEAR
                                                  NORMAL
..................................................................
TEMPERATURE (F)
 TODAY
  MAXIMUM         84    359 PM  89    1875  73     11       73
  MINIMUM         48    452 AM  32    1994  49     -1       48
                                      1894
  AVERAGE         66                        61      5       61

PRECIPITATION (IN)
  TODAY            0.00          3.78 1922   0.15  -0.15     0.00
  MONTH TO DATE    8.02                      3.85   4.17     4.02
  SINCE DEC 1     23.50                     17.57   5.93    12.44
  SINCE JAN 1     19.75                     12.80   6.95     7.46

SNOWFALL (IN)
  TODAY            0.0
  MONTH TO DATE    0.4
  SINCE MAR 1      0.4
  SINCE JUL 1      4.5
  SNOW DEPTH       0

DEGREE DAYS
 HEATING
  TODAY            0                         5     -5        4
  MONTH TO DATE  254                       240     14      315
  SINCE MAR 1    254                       240     14      315
  SINCE JUL 1   2254                      2122    132     2426

 COOLING
  TODAY            1                         1      0        0
  MONTH TO DATE   16                        27    -11       13
  SINCE MAR 1     16                        27    -11       13
  SINCE JAN 1     16                        37    -21       19
..................................................................


WIND (MPH)
  HIGHEST WIND SPEED    23   HIGHEST WIND DIRECTION    SW (220)
  HIGHEST GUST SPEED    32   HIGHEST GUST DIRECTION    SW (240)
  AVERAGE WIND SPEED    11.2


SKY COVER
  POSSIBLE SUNSHINE  MM
  AVERAGE SKY COVER 0.3


WEATHER CONDITIONS
 THE FOLLOWING WEATHER WAS RECORDED TODAY.
  NO SIGNIFICANT WEATHER WAS OBSERVED.


RELATIVE HUMIDITY (PERCENT)
 HIGHEST    80           800 AM
 LOWEST     34           300 PM
 AVERAGE    57

..........................................................


THE SHREVEPORT CLIMATE NORMALS FOR TOMORROW
                         NORMAL    RECORD    YEAR
 MAXIMUM TEMPERATURE (F)   73        91      1946
 MINIMUM TEMPERATURE (F)   49        32      1987


SUNRISE AND SUNSET
MARCH 29 2015.........SUNRISE   708 AM CDT   SUNSET   733 PM CDT
MARCH 30 2015.........SUNRISE   706 AM CDT   SUNSET   734 PM CDT


-  INDICATES NEGATIVE NUMBERS.
R  INDICATES RECORD WAS SET OR TIED.
MM INDICATES DATA IS MISSING.
T  INDICATES TRACE AMOUNT.




$$
