000
CDUS44 KSHV 060902
CLISHV


CLIMATE REPORT
NATIONAL WEATHER SERVICE SHREVEPORT, LA
302 AM CST FRI MAR 6 2015


...................................

...THE SHREVEPORT CLIMATE SUMMARY FOR MARCH 5 2015...

CLIMATE NORMAL PERIOD 1981 TO 2010
CLIMATE RECORD PERIOD 1874 TO 2015


WEATHER ITEM   OBSERVED TIME   RECORD YEAR NORMAL DEPARTURE LAST
                VALUE   (LST)  VALUE       VALUE  FROM      YEAR
                                                  NORMAL
..................................................................
TEMPERATURE (F)
 YESTERDAY
  MAXIMUM         41    451 PM  87    1918  66    -25       45
  MINIMUM         28   1152 PM  21    1978  44    -16       29
  AVERAGE         35                        55    -20       37

PRECIPITATION (IN)
  YESTERDAY        0.38          1.27 1912   0.14   0.24      T
  MONTH TO DATE    1.18                      0.72   0.46     0.41
  SINCE DEC 1     16.66                     14.44   2.22     8.83
  SINCE JAN 1     12.91                      9.67   3.24     3.85

SNOWFALL (IN)
  YESTERDAY        0.4
  MONTH TO DATE    0.4
  SINCE MAR 1      0.4
  SINCE JUL 1      4.5
  SNOW DEPTH       T

DEGREE DAYS
 HEATING
  YESTERDAY       30                        10     20       28
  MONTH TO DATE   92                        54     38      105
  SINCE MAR 1     92                        54     38      105
  SINCE JUL 1   2092                      1936    156     2216

 COOLING
  YESTERDAY        0                         1     -1        0
  MONTH TO DATE    0                         3     -3        1
  SINCE MAR 1      0                         3     -3        1
  SINCE JAN 1      0                        13    -13        7
..................................................................


WIND (MPH)
  HIGHEST WIND SPEED    26   HIGHEST WIND DIRECTION     N (20)
  HIGHEST GUST SPEED    34   HIGHEST GUST DIRECTION     N (10)
  AVERAGE WIND SPEED    13.5


SKY COVER
  POSSIBLE SUNSHINE  MM
  AVERAGE SKY COVER 0.5


WEATHER CONDITIONS
 THE FOLLOWING WEATHER WAS RECORDED YESTERDAY.
  HEAVY RAIN
  RAIN
  LIGHT RAIN
  LT FREEZING RAIN
  LIGHT SNOW
  SLEET
  FOG


RELATIVE HUMIDITY (PERCENT)
 HIGHEST    96           300 AM
 LOWEST     48           200 PM
 AVERAGE    72

..........................................................


THE SHREVEPORT CLIMATE NORMALS FOR TODAY
                         NORMAL    RECORD    YEAR
 MAXIMUM TEMPERATURE (F)   67        86      1991
 MINIMUM TEMPERATURE (F)   44        24      1989


SUNRISE AND SUNSET
MARCH  6 2015.........SUNRISE   637 AM CST   SUNSET   616 PM CST
MARCH  7 2015.........SUNRISE   636 AM CST   SUNSET   617 PM CST


-  INDICATES NEGATIVE NUMBERS.
R  INDICATES RECORD WAS SET OR TIED.
MM INDICATES DATA IS MISSING.
T  INDICATES TRACE AMOUNT.




$$
