000
CDUS44 KSHV 230738
CLISHV


CLIMATE REPORT
NATIONAL WEATHER SERVICE SHREVEPORT, LA
238 AM CDT WED APR 23 2014


...................................

...THE SHREVEPORT CLIMATE SUMMARY FOR APRIL 22 2014...

CLIMATE NORMAL PERIOD 1981 TO 2010
CLIMATE RECORD PERIOD 1874 TO 2014


WEATHER ITEM   OBSERVED TIME   RECORD YEAR NORMAL DEPARTURE LAST
                VALUE   (LST)  VALUE       VALUE  FROM      YEAR
                                                  NORMAL
..................................................................
TEMPERATURE (F)
 YESTERDAY
  MAXIMUM         83    445 PM  90    2011  78      5       79
  MINIMUM         61    532 AM  38    1931  56      5       47
  AVERAGE         72                        67      5       63

PRECIPITATION (IN)
  YESTERDAY        0.00          4.08 1995   0.13  -0.13     0.00
  MONTH TO DATE    3.96                      3.04   0.92     3.18
  SINCE DEC 1     16.40                     20.90  -4.50    19.86
  SINCE JAN 1     11.42                     16.13  -4.71    14.20

SNOWFALL (IN)
  YESTERDAY        0.0
  MONTH TO DATE    0.0
  SINCE MAR 1      T
  SINCE JUL 1      1.0
  SNOW DEPTH       0

DEGREE DAYS
 HEATING
  YESTERDAY        0                         2     -2        2
  MONTH TO DATE  102                        76     26      110
  SINCE MAR 1    424                       327     97      416
  SINCE JUL 1   2535                      2209    326     2030

 COOLING
  YESTERDAY        7                         4      3        0
  MONTH TO DATE   60                        59      1       64
  SINCE MAR 1     73                        90    -17       81
  SINCE JAN 1     79                       100    -21       89
..................................................................


WIND (MPH)
  HIGHEST WIND SPEED    13   HIGHEST WIND DIRECTION     N (360)
  HIGHEST GUST SPEED    18   HIGHEST GUST DIRECTION     N (360)
  AVERAGE WIND SPEED     4.6


SKY COVER
  POSSIBLE SUNSHINE  MM
  AVERAGE SKY COVER 0.4


WEATHER CONDITIONS
 THE FOLLOWING WEATHER WAS RECORDED YESTERDAY.
  NO SIGNIFICANT WEATHER WAS OBSERVED.


RELATIVE HUMIDITY (PERCENT)
 HIGHEST    93           100 AM
 LOWEST     40           500 PM
 AVERAGE    67

..........................................................


THE SHREVEPORT CLIMATE NORMALS FOR TODAY
                         NORMAL    RECORD    YEAR
 MAXIMUM TEMPERATURE (F)   79        89      2011
                                             1988
 MINIMUM TEMPERATURE (F)   56        40      1884


SUNRISE AND SUNSET
APRIL 23 2014.........SUNRISE   637 AM CDT   SUNSET   751 PM CDT
APRIL 24 2014.........SUNRISE   636 AM CDT   SUNSET   751 PM CDT


-  INDICATES NEGATIVE NUMBERS.
R  INDICATES RECORD WAS SET OR TIED.
MM INDICATES DATA IS MISSING.
T  INDICATES TRACE AMOUNT.




$$
