000
CDUS44 KSHV 240750
CLISHV


CLIMATE REPORT
NATIONAL WEATHER SERVICE SHREVEPORT, LA
246 AM CDT MON JUL 24 2017


...................................

...THE SHREVEPORT CLIMATE SUMMARY FOR JULY 23 2017...

CLIMATE NORMAL PERIOD 1981 TO 2010
CLIMATE RECORD PERIOD 1874 TO 2017


WEATHER ITEM   OBSERVED TIME   RECORD YEAR NORMAL DEPARTURE LAST
                VALUE   (LST)  VALUE       VALUE  FROM      YEAR
                                                  NORMAL
..................................................................
TEMPERATURE (F)
 YESTERDAY
  MAXIMUM         95   1147 AM 102    2011  94      1      101
                                      1998
                                      1943
  MINIMUM         75   1124 PM  62    1947  73      2       77
  AVERAGE         85                        83      2       89

PRECIPITATION (IN)
  YESTERDAY        T             8.00 1905   0.10  -0.10     0.04
  MONTH TO DATE    1.74                      2.78  -1.04     2.05
  SINCE DEC 1     25.38                     35.16  -9.78    43.61
  SINCE JAN 1     22.24                     30.39  -8.15    40.72

SNOWFALL (IN)
  YESTERDAY        0.0
  MONTH TO DATE    0.0
  SINCE JUN 1      0.0
  SINCE JUL 1      0.0
  SNOW DEPTH       0

DEGREE DAYS
 HEATING
  YESTERDAY        0                         0      0        0
  MONTH TO DATE    0                         0      0        0
  SINCE JUN 1      0                         0      0        0
  SINCE JUL 1      0                         0      0        0

 COOLING
  YESTERDAY       20                        18      2       24
  MONTH TO DATE  439                       409     30      494
  SINCE JUN 1    887                       853     34     1021
  SINCE JAN 1   1429                      1251    178     1481
..................................................................


WIND (MPH)
  HIGHEST WIND SPEED    18   HIGHEST WIND DIRECTION     S (190)
  HIGHEST GUST SPEED    23   HIGHEST GUST DIRECTION     S (180)
  AVERAGE WIND SPEED     6.0


SKY COVER
  POSSIBLE SUNSHINE  MM
  AVERAGE SKY COVER 0.7


WEATHER CONDITIONS
 THE FOLLOWING WEATHER WAS RECORDED YESTERDAY.
  THUNDERSTORM
  LIGHT RAIN


RELATIVE HUMIDITY (PERCENT)
 HIGHEST    97           600 AM
 LOWEST     60           100 PM
 AVERAGE    79

..........................................................


THE SHREVEPORT CLIMATE NORMALS FOR TODAY
                         NORMAL    RECORD    YEAR
 MAXIMUM TEMPERATURE (F)   94       106      1954
 MINIMUM TEMPERATURE (F)   73        63      1947


SUNRISE AND SUNSET
JULY 24 2017..........SUNRISE   625 AM CDT   SUNSET   819 PM CDT
JULY 25 2017..........SUNRISE   625 AM CDT   SUNSET   818 PM CDT


-  INDICATES NEGATIVE NUMBERS.
R  INDICATES RECORD WAS SET OR TIED.
MM INDICATES DATA IS MISSING.
T  INDICATES TRACE AMOUNT.




$$
