000
CDUS44 KSHV 280731
CLISHV


CLIMATE REPORT
NATIONAL WEATHER SERVICE SHREVEPORT, LA
231 AM CDT SUN MAY 28 2017


...................................

...THE SHREVEPORT CLIMATE SUMMARY FOR MAY 27 2017...

CLIMATE NORMAL PERIOD 1981 TO 2010
CLIMATE RECORD PERIOD 1874 TO 2017


WEATHER ITEM   OBSERVED TIME   RECORD YEAR NORMAL DEPARTURE LAST
                VALUE   (LST)  VALUE       VALUE  FROM      YEAR
                                                  NORMAL
..................................................................
TEMPERATURE (F)
 YESTERDAY
  MAXIMUM         90    430 PM  97    1886  86      4       74
  MINIMUM         75    520 AM  47    1961  66      9       66
  AVERAGE         83                        76      7       70

PRECIPITATION (IN)
  YESTERDAY        0.00          2.38 2000   0.17  -0.17     1.23
  MONTH TO DATE    4.27                      4.32  -0.05     3.08
  SINCE DEC 1     17.26                     26.37  -9.11    37.12
  SINCE JAN 1     14.12                     21.60  -7.48    34.23

SNOWFALL (IN)
  YESTERDAY        0.0
  MONTH TO DATE    0.0
  SINCE MAR 1      0.0
  SINCE JUL 1      0.0
  SNOW DEPTH       0

DEGREE DAYS
 HEATING
  YESTERDAY        0                         0      0        0
  MONTH TO DATE    6                         5      1        2
  SINCE MAR 1    170                       342   -172      148
  SINCE JUL 1   1201                      2224  -1023     1451

 COOLING
  YESTERDAY       18                        11      7        5
  MONTH TO DATE  171                       217    -46      207
  SINCE MAR 1    427                       342     85      388
  SINCE JAN 1    497                       352    145      406
..................................................................


WIND (MPH)
  HIGHEST WIND SPEED    18   HIGHEST WIND DIRECTION     S (200)
  HIGHEST GUST SPEED    24   HIGHEST GUST DIRECTION     S (190)
  AVERAGE WIND SPEED     9.8


SKY COVER
  POSSIBLE SUNSHINE  MM
  AVERAGE SKY COVER 0.7


WEATHER CONDITIONS
 THE FOLLOWING WEATHER WAS RECORDED YESTERDAY.
  NO SIGNIFICANT WEATHER WAS OBSERVED.


RELATIVE HUMIDITY (PERCENT)
 HIGHEST    94           200 AM
 LOWEST     64           400 PM
 AVERAGE    79

..........................................................


THE SHREVEPORT CLIMATE NORMALS FOR TODAY
                         NORMAL    RECORD    YEAR
 MAXIMUM TEMPERATURE (F)   87        97      1886
 MINIMUM TEMPERATURE (F)   66        46      1961


SUNRISE AND SUNSET
MAY 28 2017...........SUNRISE   610 AM CDT   SUNSET   815 PM CDT
MAY 29 2017...........SUNRISE   610 AM CDT   SUNSET   816 PM CDT


-  INDICATES NEGATIVE NUMBERS.
R  INDICATES RECORD WAS SET OR TIED.
MM INDICATES DATA IS MISSING.
T  INDICATES TRACE AMOUNT.




$$
