000
CDUS44 KSHV 300738
CLISHV


CLIMATE REPORT
NATIONAL WEATHER SERVICE SHREVEPORT, LA
235 AM CDT TUE JUN 30 2015


...................................

...THE SHREVEPORT CLIMATE SUMMARY FOR JUNE 29 2015...

CLIMATE NORMAL PERIOD 1981 TO 2010
CLIMATE RECORD PERIOD 1874 TO 2015


WEATHER ITEM   OBSERVED TIME   RECORD YEAR NORMAL DEPARTURE LAST
                VALUE   (LST)  VALUE       VALUE  FROM      YEAR
                                                  NORMAL
..................................................................
TEMPERATURE (F)
 YESTERDAY
  MAXIMUM         94    803 AM 101    1988  92      2       92
                                      1882
  MINIMUM         73    545 AM  62    1974  72      1       77
  AVERAGE         84                        82      2       85

PRECIPITATION (IN)
  YESTERDAY        0.45          0.98 1898   0.16   0.29      T
  MONTH TO DATE    5.60                      5.23   0.37     3.10
  SINCE DEC 1     45.52                     32.21  13.31    26.15
  SINCE JAN 1     41.77                     27.44  14.33    21.17

SNOWFALL (IN)
  YESTERDAY        0.0
  MONTH TO DATE    0.0
  SINCE JUN 1      0.0
  SINCE JUL 1      4.5
  SNOW DEPTH       0

DEGREE DAYS
 HEATING
  YESTERDAY        0                         0      0        0
  MONTH TO DATE    0                         0      0        0
  SINCE JUN 1      0                         0      0        0
  SINCE JUL 1   2291                      2226     65     2567

 COOLING
  YESTERDAY       19                        17      2       20
  MONTH TO DATE  498                       428     70      450
  SINCE JUN 1    498                       428     70      450
  SINCE JAN 1    970                       826    144      820
..................................................................


WIND (MPH)
  HIGHEST WIND SPEED    16   HIGHEST WIND DIRECTION     S (190)
  HIGHEST GUST SPEED    20   HIGHEST GUST DIRECTION     S (180)
  AVERAGE WIND SPEED     6.4


SKY COVER
  POSSIBLE SUNSHINE  MM
  AVERAGE SKY COVER 0.5


WEATHER CONDITIONS
 THE FOLLOWING WEATHER WAS RECORDED YESTERDAY.
  THUNDERSTORM
  HEAVY RAIN
  RAIN
  LIGHT RAIN
  HAIL
  FOG


RELATIVE HUMIDITY (PERCENT)
 HIGHEST    97           500 PM
 LOWEST     56          1200 PM
 AVERAGE    77

..........................................................


THE SHREVEPORT CLIMATE NORMALS FOR TODAY
                         NORMAL    RECORD    YEAR
 MAXIMUM TEMPERATURE (F)   92       102      1917
 MINIMUM TEMPERATURE (F)   72        61      1923


SUNRISE AND SUNSET
JUNE 30 2015..........SUNRISE   611 AM CDT   SUNSET   827 PM CDT
JULY  1 2015..........SUNRISE   612 AM CDT   SUNSET   827 PM CDT


-  INDICATES NEGATIVE NUMBERS.
R  INDICATES RECORD WAS SET OR TIED.
MM INDICATES DATA IS MISSING.
T  INDICATES TRACE AMOUNT.




$$
