000
CDUS46 KMFR 280037
CLISIY


CLIMATE REPORT
NATIONAL WEATHER SERVICE MEDFORD, OR
537 PM PDT FRI MAY 27 2016


...................................

...THE MONTAGUE CA CLIMATE SUMMARY FOR MAY 27 2016...
VALID TODAY AS OF 0500 PM LOCAL TIME.

CLIMATE NORMAL PERIOD 1981 TO 2010
CLIMATE RECORD PERIOD 1948 TO 2016


WEATHER ITEM   OBSERVED TIME   RECORD YEAR NORMAL DEPARTURE LAST
                VALUE   (LST)  VALUE       VALUE  FROM      YEAR
                                                  NORMAL
..................................................................
TEMPERATURE (F)
 TODAY
  MAXIMUM         72    203 PM  96    1983  75     -3       85
  MINIMUM         39    510 AM  30    1977  43     -4       43
  AVERAGE         56                        59     -3       64

PRECIPITATION (IN)
  TODAY            T             0.33 2008   0.02  -0.02     0.00
  MONTH TO DATE    0.78                      1.33  -0.55     0.92
  SINCE OCT 1     13.89                     16.24  -2.35    11.96
  SINCE JAN 1      8.80                      9.41  -0.61     6.05

SNOWFALL (IN)
  TODAY           MM                        MM     MM       MM
  MONTH TO DATE   MM                        MM     MM       MM
  SINCE JUL 1     MM                        MM     MM       MM
  SNOW DEPTH      MM

DEGREE DAYS
 HEATING
  TODAY            9                         7      2        1
  MONTH TO DATE  198                       263    -65      217
  SINCE MAR 1   1142                      1484   -342     1197
  SINCE JUL 1   4559                      5361   -802     4339

 COOLING
  TODAY            0                         1     -1        0
  MONTH TO DATE    1                        12    -11        0
  SINCE MAR 1      1                        12    -11        0
  SINCE JAN 1      1                        12    -11        0
..................................................................


WIND (MPH)
  HIGHEST WIND SPEED    21   HIGHEST WIND DIRECTION    NE (30)
  HIGHEST GUST SPEED    27   HIGHEST GUST DIRECTION    NE (40)
  AVERAGE WIND SPEED     8.7


SKY COVER
  POSSIBLE SUNSHINE  MM
  AVERAGE SKY COVER 0.0


WEATHER CONDITIONS
 THE FOLLOWING WEATHER WAS RECORDED TODAY.
  NO SIGNIFICANT WEATHER WAS OBSERVED.


RELATIVE HUMIDITY (PERCENT)
 HIGHEST    79           500 AM
 LOWEST     19          1200 PM

..........................................................


THE MONTAGUE CA CLIMATE NORMALS FOR TOMORROW
                         NORMAL    RECORD    YEAR
 MAXIMUM TEMPERATURE (F)   75       103      1983
 MINIMUM TEMPERATURE (F)   43        31      2011


SUNRISE AND SUNSET
MAY 27 2016...........SUNRISE   540 AM PDT   SUNSET   835 PM PDT
MAY 28 2016...........SUNRISE   539 AM PDT   SUNSET   836 PM PDT


-  INDICATES NEGATIVE NUMBERS.
R  INDICATES RECORD WAS SET OR TIED.
MM INDICATES DATA IS MISSING.
T  INDICATES TRACE AMOUNT.




$$
