000
CDUS46 KMFR 200840
CLISIY


CLIMATE REPORT
NATIONAL WEATHER SERVICE MEDFORD, OR
140 AM PDT SUN AUG 20 2017


...................................

...THE MONTAGUE CA CLIMATE SUMMARY FOR AUGUST 19 2017...

CLIMATE NORMAL PERIOD 1981 TO 2010
CLIMATE RECORD PERIOD 1948 TO 2017


WEATHER ITEM   OBSERVED TIME   RECORD YEAR NORMAL DEPARTURE LAST
                VALUE   (LST)  VALUE       VALUE  FROM      YEAR
                                                  NORMAL
..................................................................
TEMPERATURE (F)
 YESTERDAY
  MAXIMUM         91    304 PM 106    2016  89      2      106
  MINIMUM         50    611 AM  43    1990  51     -1       59
  AVERAGE         71                        70      1       83

PRECIPITATION (IN)
  YESTERDAY        0.00          0.66 1948   0.00   0.00     0.00
  MONTH TO DATE    0.02                      0.29  -0.27     0.02
  SINCE OCT 1     15.91                     17.78  -1.87    15.14
  SINCE JAN 1      7.70                     10.95  -3.25    10.05

SNOWFALL (IN)
  YESTERDAY       MM                        MM     MM       MM
  MONTH TO DATE   MM                        MM     MM       MM
  SINCE JUL 1     MM                        MM     MM       MM
  SNOW DEPTH      MM

DEGREE DAYS
 HEATING
  YESTERDAY        0                         0      0        0
  MONTH TO DATE    0                         0      0        0
  SINCE JUN 1     88                        97     -9       85
  SINCE JUL 1      0                         4     -4       12

 COOLING
  YESTERDAY        6                         5      1       18
  MONTH TO DATE  219                       139     80      183
  SINCE JUN 1    692                       439    253      561
  SINCE JAN 1    707                       452    255      565
..................................................................


WIND (MPH)
  HIGHEST WIND SPEED    24   HIGHEST WIND DIRECTION     N (350)
  HIGHEST GUST SPEED    29   HIGHEST GUST DIRECTION     N (340)
  AVERAGE WIND SPEED     8.3


SKY COVER
  POSSIBLE SUNSHINE  MM
  AVERAGE SKY COVER 0.4


WEATHER CONDITIONS
 THE FOLLOWING WEATHER WAS RECORDED YESTERDAY.
  HAZE


RELATIVE HUMIDITY (PERCENT)
 HIGHEST    54           500 AM
 LOWEST     14           200 PM

..........................................................


THE MONTAGUE CA CLIMATE NORMALS FOR TODAY
                         NORMAL    RECORD    YEAR
 MAXIMUM TEMPERATURE (F)   89       103      2016
                                             1967
 MINIMUM TEMPERATURE (F)   51        41      1974


SUNRISE AND SUNSET
AUGUST 20 2017........SUNRISE   624 AM PDT   SUNSET   802 PM PDT
AUGUST 21 2017........SUNRISE   625 AM PDT   SUNSET   800 PM PDT


-  INDICATES NEGATIVE NUMBERS.
R  INDICATES RECORD WAS SET OR TIED.
MM INDICATES DATA IS MISSING.
T  INDICATES TRACE AMOUNT.




$$
