000
CDUS46 KMFR 260839
CLISIY


CLIMATE REPORT
NATIONAL WEATHER SERVICE MEDFORD, OR
139 AM PDT TUE MAY 26 2015


...................................

...THE MONTAGUE CA CLIMATE SUMMARY FOR MAY 25 2015...

CLIMATE NORMAL PERIOD 1981 TO 2010
CLIMATE RECORD PERIOD 1948 TO 2015


WEATHER ITEM   OBSERVED TIME   RECORD YEAR NORMAL DEPARTURE LAST
                VALUE   (LST)  VALUE       VALUE  FROM      YEAR
                                                  NORMAL
..................................................................
TEMPERATURE (F)
 YESTERDAY
  MAXIMUM         81    249 PM  95    1983  74      7       85
  MINIMUM         48    522 AM  32    1989  42      6       47
  AVERAGE         65                        58      7       66

PRECIPITATION (IN)
  YESTERDAY        0.00          0.51 2011   0.02  -0.02     0.00
  MONTH TO DATE    0.92                      1.29  -0.37     0.42
  SINCE OCT 1     11.96                     16.20  -4.24     6.47
  SINCE JAN 1      6.05                      9.37  -3.32     5.83

SNOWFALL (IN)
  YESTERDAY       MM                        MM     MM       MM
  MONTH TO DATE   MM                        MM     MM       MM
  SINCE JUL 1     MM                        MM     MM        0.0
  SNOW DEPTH      MM

DEGREE DAYS
 HEATING
  YESTERDAY        0                         8     -8        0
  MONTH TO DATE  214                       249    -35      185
  SINCE MAR 1   1194                      1470   -276     1153
  SINCE JUL 1   4336                      5347  -1011     5201

 COOLING
  YESTERDAY        0                         1     -1        1
  MONTH TO DATE    0                        10    -10        5
  SINCE MAR 1      0                        10    -10        7
  SINCE JAN 1      0                        10    -10        7
..................................................................


WIND (MPH)
  HIGHEST WIND SPEED    22   HIGHEST WIND DIRECTION     N (20)
  HIGHEST GUST SPEED    29   HIGHEST GUST DIRECTION    NE (30)
  AVERAGE WIND SPEED     7.6


SKY COVER
  POSSIBLE SUNSHINE  MM
  AVERAGE SKY COVER 0.2


WEATHER CONDITIONS
 THE FOLLOWING WEATHER WAS RECORDED YESTERDAY.
  NO SIGNIFICANT WEATHER WAS OBSERVED.


RELATIVE HUMIDITY (PERCENT)
 HIGHEST    93           400 AM
 LOWEST     23           200 PM

..........................................................


THE MONTAGUE CA CLIMATE NORMALS FOR TODAY
                         NORMAL    RECORD    YEAR
 MAXIMUM TEMPERATURE (F)   75        93      1983
 MINIMUM TEMPERATURE (F)   42        31      1989


SUNRISE AND SUNSET
MAY 26 2015...........SUNRISE   541 AM PDT   SUNSET   833 PM PDT
MAY 27 2015...........SUNRISE   540 AM PDT   SUNSET   834 PM PDT


-  INDICATES NEGATIVE NUMBERS.
R  INDICATES RECORD WAS SET OR TIED.
MM INDICATES DATA IS MISSING.
T  INDICATES TRACE AMOUNT.




$$
