001
CDUS46 KMFR 210836
CLISIY


CLIMATE REPORT
NATIONAL WEATHER SERVICE MEDFORD, OR
1236 AM PST SAT JAN 21 2017


...................................

...THE MONTAGUE CA CLIMATE SUMMARY FOR JANUARY 20 2017...

CLIMATE NORMAL PERIOD 1981 TO 2010
CLIMATE RECORD PERIOD 1948 TO 2017


WEATHER ITEM   OBSERVED TIME   RECORD YEAR NORMAL DEPARTURE LAST
                VALUE   (LST)  VALUE       VALUE  FROM      YEAR
                                                  NORMAL
..................................................................
TEMPERATURE (F)
 YESTERDAY
  MAXIMUM         46    301 PM  58    1970  45      1       45
  MINIMUM         32   1038 PM   7    1949  26      6       30
  AVERAGE         39                        35      4       38

PRECIPITATION (IN)
  YESTERDAY        T             1.40 1993   0.05  -0.05      T
  MONTH TO DATE    1.49                      1.72  -0.23     2.17
  SINCE OCT 1      9.70                      8.55   1.15     7.26
  SINCE JAN 1      1.49                      1.72  -0.23     2.17

SNOWFALL (IN)
  YESTERDAY       MM                        MM     MM       MM
  MONTH TO DATE   MM                        MM     MM       MM
  SINCE JUL 1     MM                        MM     MM       MM
  SNOW DEPTH      MM

DEGREE DAYS
 HEATING
  YESTERDAY       26                        30     -4       27
  MONTH TO DATE  718                       600    118      564
  SINCE DEC 1   1732                      1527    205     1424
  SINCE JUL 1   2862                      2833     29     2507

 COOLING
  YESTERDAY        0                         0      0        0
  MONTH TO DATE    0                         0      0        0
  SINCE DEC 1      0                         0      0        0
  SINCE JAN 1      0                         0      0        0
..................................................................


WIND (MPH)
  HIGHEST WIND SPEED    39   HIGHEST WIND DIRECTION     S (160)
  HIGHEST GUST SPEED    51   HIGHEST GUST DIRECTION     S (170)
  AVERAGE WIND SPEED    14.9


SKY COVER
  POSSIBLE SUNSHINE  MM
  AVERAGE SKY COVER 0.8


WEATHER CONDITIONS
 THE FOLLOWING WEATHER WAS RECORDED YESTERDAY.
  NO SIGNIFICANT WEATHER WAS OBSERVED.


RELATIVE HUMIDITY (PERCENT)
 HIGHEST    89           900 PM
 LOWEST     58          1200 PM

..........................................................


THE MONTAGUE CA CLIMATE NORMALS FOR TODAY
                         NORMAL    RECORD    YEAR
 MAXIMUM TEMPERATURE (F)   45        59      1961
 MINIMUM TEMPERATURE (F)   26         1      1962


SUNRISE AND SUNSET
JANUARY 21 2017.......SUNRISE   731 AM PST   SUNSET   512 PM PST
JANUARY 22 2017.......SUNRISE   730 AM PST   SUNSET   513 PM PST


-  INDICATES NEGATIVE NUMBERS.
R  INDICATES RECORD WAS SET OR TIED.
MM INDICATES DATA IS MISSING.
T  INDICATES TRACE AMOUNT.




$$
