000
CDUS46 KMFR 130838
CLISIY


CLIMATE REPORT
NATIONAL WEATHER SERVICE MEDFORD, OR
1238 AM PST SAT FEB 13 2016


...................................

...THE MONTAGUE CA CLIMATE SUMMARY FOR FEBRUARY 12 2016...

CLIMATE NORMAL PERIOD 1981 TO 2010
CLIMATE RECORD PERIOD 1948 TO 2016


WEATHER ITEM   OBSERVED TIME   RECORD YEAR NORMAL DEPARTURE LAST
                VALUE   (LST)  VALUE       VALUE  FROM      YEAR
                                                  NORMAL
..................................................................
TEMPERATURE (F)
 YESTERDAY
  MAXIMUM         67R   400 PM  66    1971  50     17       55
  MINIMUM         35    731 AM  13    1949  27      8       27
  AVERAGE         51                        38     13       41

PRECIPITATION (IN)
  YESTERDAY        0.00          0.76 1975   0.07  -0.07     0.00
  MONTH TO DATE    0.01                      0.78  -0.77     3.04
  SINCE OCT 1      8.67                      9.81  -1.14     9.66
  SINCE JAN 1      3.58                      2.98   0.60     3.75

SNOWFALL (IN)
  YESTERDAY       MM                        MM     MM       MM
  MONTH TO DATE   MM                        MM     MM       MM
  SINCE JUL 1     MM                        MM     MM       MM
  SNOW DEPTH      MM

DEGREE DAYS
 HEATING
  YESTERDAY       14                        26    -12       24
  MONTH TO DATE  273                       331    -58      236
  SINCE DEC 1   1966                      2177   -211     1779
  SINCE JUL 1   3049                      3483   -434     2784

 COOLING
  YESTERDAY        0                         0      0        0
  MONTH TO DATE    0                         0      0        0
  SINCE DEC 1      0                         0      0        0
  SINCE JAN 1      0                         0      0        0
..................................................................


WIND (MPH)
  HIGHEST WIND SPEED    21   HIGHEST WIND DIRECTION     N (350)
  HIGHEST GUST SPEED    27   HIGHEST GUST DIRECTION     N (340)
  AVERAGE WIND SPEED     8.9


SKY COVER
  POSSIBLE SUNSHINE  MM
  AVERAGE SKY COVER 0.1


WEATHER CONDITIONS
 THE FOLLOWING WEATHER WAS RECORDED YESTERDAY.
  NO SIGNIFICANT WEATHER WAS OBSERVED.


RELATIVE HUMIDITY (PERCENT)
 HIGHEST    85           800 AM
 LOWEST     37           400 PM

..........................................................


THE MONTAGUE CA CLIMATE NORMALS FOR TODAY
                         NORMAL    RECORD    YEAR
 MAXIMUM TEMPERATURE (F)   50        67      1996
 MINIMUM TEMPERATURE (F)   28        10      1949


SUNRISE AND SUNSET
FEBRUARY 13 2016......SUNRISE   709 AM PST   SUNSET   540 PM PST
FEBRUARY 14 2016......SUNRISE   707 AM PST   SUNSET   541 PM PST


-  INDICATES NEGATIVE NUMBERS.
R  INDICATES RECORD WAS SET OR TIED.
MM INDICATES DATA IS MISSING.
T  INDICATES TRACE AMOUNT.




$$
