000
CDUS46 KMFR 190836
CLISIY


CLIMATE REPORT
NATIONAL WEATHER SERVICE MEDFORD, OR
136 AM PDT FRI SEP 19 2014


...................................

...THE MONTAGUE CA CLIMATE SUMMARY FOR SEPTEMBER 18 2014...

CLIMATE NORMAL PERIOD 1981 TO 2010
CLIMATE RECORD PERIOD 1948 TO 2014


WEATHER ITEM   OBSERVED TIME   RECORD YEAR NORMAL DEPARTURE LAST
                VALUE   (LST)  VALUE       VALUE  FROM      YEAR
                                                  NORMAL
..................................................................
TEMPERATURE (F)
 YESTERDAY
  MAXIMUM         80    409 PM  97    1991  81     -1       75
  MINIMUM         57    223 AM  31    1988  42     15       38
  AVERAGE         69                        62      7       57

PRECIPITATION (IN)
  YESTERDAY        0.00          1.22 1989   0.03  -0.03     0.00
  MONTH TO DATE    T                         0.27  -0.27     0.02
  SINCE SEP 1      T                         0.27  -0.27     0.02
  SINCE JAN 1      6.17                     11.27  -5.10     4.35

SNOWFALL (IN)
  YESTERDAY       MM                        MM     MM       MM
  MONTH TO DATE   MM                        MM     MM       MM
  SINCE JUL 1     MM                        MM     MM       MM
  SNOW DEPTH      MM

DEGREE DAYS
 HEATING
  YESTERDAY        0                         4     -4        8
  MONTH TO DATE    0                        51    -51       21
  SINCE SEP 1      0                        51    -51       21
  SINCE JUL 1      0                        68    -68       21

 COOLING
  YESTERDAY        4                         1      3        0
  MONTH TO DATE   84                        34     50       87
  SINCE SEP 1     84                        34     50       87
  SINCE JAN 1    885                       535    350      776
..................................................................


WIND (MPH)
  HIGHEST WIND SPEED    16   HIGHEST WIND DIRECTION     N (340)
  HIGHEST GUST SPEED    22   HIGHEST GUST DIRECTION     S (170)
  AVERAGE WIND SPEED     7.5


SKY COVER
  POSSIBLE SUNSHINE  MM
  AVERAGE SKY COVER 0.3


WEATHER CONDITIONS
 THE FOLLOWING WEATHER WAS RECORDED YESTERDAY.
  NO SIGNIFICANT WEATHER WAS OBSERVED.


RELATIVE HUMIDITY (PERCENT)
 HIGHEST    72           300 AM
 LOWEST     28           400 PM

..........................................................


THE MONTAGUE CA CLIMATE NORMALS FOR TODAY
                         NORMAL    RECORD    YEAR
 MAXIMUM TEMPERATURE (F)   81        99      1952
 MINIMUM TEMPERATURE (F)   42        32      1978


SUNRISE AND SUNSET
SEPTEMBER 19 2014.....SUNRISE   654 AM PDT   SUNSET   712 PM PDT
SEPTEMBER 20 2014.....SUNRISE   655 AM PDT   SUNSET   710 PM PDT


-  INDICATES NEGATIVE NUMBERS.
R  INDICATES RECORD WAS SET OR TIED.
MM INDICATES DATA IS MISSING.
T  INDICATES TRACE AMOUNT.




$$
