000
CDUS46 KMFR 220855
CLISIY


CLIMATE REPORT
NATIONAL WEATHER SERVICE MEDFORD, OR
1255 AM PST THU FEB 22 2018


...................................

...THE MONTAGUE CA CLIMATE SUMMARY FOR FEBRUARY 21 2018...

CLIMATE NORMAL PERIOD 1981 TO 2010
CLIMATE RECORD PERIOD 1948 TO 2018


WEATHER ITEM   OBSERVED TIME   RECORD YEAR NORMAL DEPARTURE LAST
                VALUE   (LST)  VALUE       VALUE  FROM      YEAR
                                                  NORMAL
..................................................................
TEMPERATURE (F)
 YESTERDAY
  MAXIMUM         44    410 PM  69    1995  53     -9       51
  MINIMUM         24    219 AM  17    2006  29     -5       34
  AVERAGE         34                        40     -6       43

PRECIPITATION (IN)
  YESTERDAY        0.00          1.52 1982   0.08  -0.08     0.07
  MONTH TO DATE    0.01                      1.47  -1.46     2.65
  SINCE OCT 1      3.57                     10.50  -6.93    12.49
  SINCE JAN 1      1.30                      3.67  -2.37     4.28

SNOWFALL (IN)
  YESTERDAY       MM                        MM     MM       MM
  MONTH TO DATE   MM                        MM     MM       MM
  SINCE JUL 1     MM                        MM     MM       MM
  SNOW DEPTH      MM

DEGREE DAYS
 HEATING
  YESTERDAY       31                        24      7       22
  MONTH TO DATE  569                       559     10      461
  SINCE DEC 1   2365                      2405    -40     2538
  SINCE JUL 1   3595                      3711   -116     3668

 COOLING
  YESTERDAY        0                         0      0        0
  MONTH TO DATE    0                         0      0        0
  SINCE DEC 1      0                         0      0        0
  SINCE JAN 1      0                         0      0        0
..................................................................


WIND (MPH)
  HIGHEST WIND SPEED    20   HIGHEST WIND DIRECTION     N (10)
  HIGHEST GUST SPEED    22   HIGHEST GUST DIRECTION     N (10)
  AVERAGE WIND SPEED     4.9


SKY COVER
  POSSIBLE SUNSHINE  MM
  AVERAGE SKY COVER 0.7


WEATHER CONDITIONS
 THE FOLLOWING WEATHER WAS RECORDED YESTERDAY.
  NO SIGNIFICANT WEATHER WAS OBSERVED.


RELATIVE HUMIDITY (PERCENT)
 HIGHEST    88           700 AM
 LOWEST     43           200 PM

..........................................................


THE MONTAGUE CA CLIMATE NORMALS FOR TODAY
                         NORMAL    RECORD    YEAR
 MAXIMUM TEMPERATURE (F)   53        69      1995
 MINIMUM TEMPERATURE (F)   29        19      2010
                                             2006


SUNRISE AND SUNSET
FEBRUARY 22 2018......SUNRISE   655 AM PST   SUNSET   552 PM PST
FEBRUARY 23 2018......SUNRISE   654 AM PST   SUNSET   553 PM PST


-  INDICATES NEGATIVE NUMBERS.
R  INDICATES RECORD WAS SET OR TIED.
MM INDICATES DATA IS MISSING.
T  INDICATES TRACE AMOUNT.




$$
