000
CDUS46 KMFR 210836
CLISIY


CLIMATE REPORT
NATIONAL WEATHER SERVICE MEDFORD, OR
136 AM PDT SAT OCT 21 2017


...................................

...THE MONTAGUE CA CLIMATE SUMMARY FOR OCTOBER 20 2017...

CLIMATE NORMAL PERIOD 1981 TO 2010
CLIMATE RECORD PERIOD 1948 TO 2017


WEATHER ITEM   OBSERVED TIME   RECORD YEAR NORMAL DEPARTURE LAST
                VALUE   (LST)  VALUE       VALUE  FROM      YEAR
                                                  NORMAL
..................................................................
TEMPERATURE (F)
 YESTERDAY
  MAXIMUM         53    216 PM  81    1991  65    -12       66
  MINIMUM         32   1142 PM  20    1949  35     -3       34
  AVERAGE         43                        50     -7       50

PRECIPITATION (IN)
  YESTERDAY        T             0.33 1979   0.04  -0.04     0.00
  MONTH TO DATE    0.40                      0.54  -0.14     2.57
  SINCE OCT 1      0.40                      0.54  -0.14     2.57
  SINCE JAN 1      8.17                     12.18  -4.01    12.80

SNOWFALL (IN)
  YESTERDAY       MM                        MM     MM       MM
  MONTH TO DATE   MM                        MM     MM       MM
  SINCE JUL 1     MM                        MM     MM       MM
  SNOW DEPTH      MM

DEGREE DAYS
 HEATING
  YESTERDAY       22                        15      7       15
  MONTH TO DATE  301                       223     78      262
  SINCE SEP 1    429                       348     81      362
  SINCE JUL 1    429                       365     64      375

 COOLING
  YESTERDAY        0                         0      0        0
  MONTH TO DATE    0                         0      0        0
  SINCE SEP 1     85                        41     44       35
  SINCE JAN 1    902                       542    360      689
..................................................................


WIND (MPH)
  HIGHEST WIND SPEED    23   HIGHEST WIND DIRECTION    SW (240)
  HIGHEST GUST SPEED    26   HIGHEST GUST DIRECTION     W (250)
  AVERAGE WIND SPEED     7.2


SKY COVER
  POSSIBLE SUNSHINE  MM
  AVERAGE SKY COVER 0.5


WEATHER CONDITIONS
 THE FOLLOWING WEATHER WAS RECORDED YESTERDAY.
  LIGHT RAIN


RELATIVE HUMIDITY (PERCENT)
 HIGHEST   100           300 AM
 LOWEST     50           200 PM

..........................................................


THE MONTAGUE CA CLIMATE NORMALS FOR TODAY
                         NORMAL    RECORD    YEAR
 MAXIMUM TEMPERATURE (F)   65        86      2003
 MINIMUM TEMPERATURE (F)   35        25      2012
                                             1996


SUNRISE AND SUNSET
OCTOBER 21 2017.......SUNRISE   729 AM PDT   SUNSET   619 PM PDT
OCTOBER 22 2017.......SUNRISE   731 AM PDT   SUNSET   617 PM PDT


-  INDICATES NEGATIVE NUMBERS.
R  INDICATES RECORD WAS SET OR TIED.
MM INDICATES DATA IS MISSING.
T  INDICATES TRACE AMOUNT.




$$
