000
CDUS46 KMTR 240830
CLISJC


CLIMATE REPORT
NATIONAL WEATHER SERVICE SAN FRANCISCO BAY AREA
130 AM PDT SAT SEP 24 2016


...................................

...THE SAN JOSE AIRPORT CLIMATE SUMMARY FOR SEPTEMBER 23 2016...

CLIMATE NORMAL PERIOD 1981 TO 2010
CLIMATE RECORD PERIOD 1893 TO 2016


WEATHER ITEM   OBSERVED TIME   RECORD YEAR NORMAL DEPARTURE LAST
                VALUE   (LST)  VALUE       VALUE  FROM      YEAR
                                                  NORMAL
..................................................................
TEMPERATURE (F)
 YESTERDAY
  MAXIMUM         80    150 PM 100    1939  79      1       82
  MINIMUM         52    538 AM  35    1903  56     -4       53
  AVERAGE         66                        68     -2       68

PRECIPITATION (IN)
  YESTERDAY        0.00          1.15 1904   0.01  -0.01     0.00
  MONTH TO DATE    T                         0.11  -0.11      T
  SINCE OCT 1     14.91                     15.75  -0.84    13.38
  SINCE JAN 1     10.21                     10.66  -0.45     3.43

SNOWFALL (IN)
  YESTERDAY        0.0                       0.0    0.0      0.0
  MONTH TO DATE    0.0                       0.0    0.0      0.0
  SINCE SEP 1      0.0                       0.0    0.0      0.0
  SINCE JUL 1      0.0                       0.0    0.0      0.0

DEGREE DAYS
 HEATING
  YESTERDAY        0                         1     -1        0
  MONTH TO DATE    0                         3     -3        1
  SINCE SEP 1      0                         3     -3        1
  SINCE JUL 1      0                         9     -9        1

 COOLING
  YESTERDAY        1                         3     -2        3
  MONTH TO DATE   92                        96     -4      140
  SINCE SEP 1     92                        96     -4      140
  SINCE JAN 1    613                       579     34      639
..................................................................


WIND (MPH)
  RESULTANT WIND SPEED   4   RESULTANT WIND DIRECTION  NW (310)
  HIGHEST WIND SPEED    23   HIGHEST WIND DIRECTION    NW (320)
  HIGHEST GUST SPEED    28   HIGHEST GUST DIRECTION    NW (310)
  AVERAGE WIND SPEED     7.0


SKY COVER
  POSSIBLE SUNSHINE  MM
  AVERAGE SKY COVER 0.3


WEATHER CONDITIONS
 THE FOLLOWING WEATHER WAS RECORDED YESTERDAY.
  NO SIGNIFICANT WEATHER WAS OBSERVED.


RELATIVE HUMIDITY (PERCENT)
 HIGHEST    78          1100 PM
 LOWEST     21           100 PM
 AVERAGE    50

..........................................................


THE SAN JOSE AIRPORT CLIMATE NORMALS FOR TODAY
                         NORMAL    RECORD    YEAR
 MAXIMUM TEMPERATURE (F)   79        98      1964
 MINIMUM TEMPERATURE (F)   56        40      1895


SUNRISE AND SUNSET
SEPTEMBER 24 2016.....SUNRISE   658 AM PDT   SUNSET   701 PM PDT
SEPTEMBER 25 2016.....SUNRISE   659 AM PDT   SUNSET   659 PM PDT


-  INDICATES NEGATIVE NUMBERS.
R  INDICATES RECORD WAS SET OR TIED.
MM INDICATES DATA IS MISSING.
T  INDICATES TRACE AMOUNT.




$$
