000
CDUS46 KMTR 280034
CLISJC


CLIMATE REPORT
NATIONAL WEATHER SERVICE SAN FRANCISCO BAY AREA
534 PM PDT SUN JUL 27 2014


...................................

...THE SAN JOSE CA CLIMATE SUMMARY FOR JULY 27 2014...
VALID TODAY AS OF 0500 PM LOCAL TIME.

CLIMATE NORMAL PERIOD 1981 TO 2010
CLIMATE RECORD PERIOD 1893 TO 2014


WEATHER ITEM   OBSERVED TIME   RECORD YEAR NORMAL DEPARTURE LAST
                VALUE   (LST)  VALUE       VALUE  FROM      YEAR
                                                  NORMAL
..................................................................
TEMPERATURE (F)
 TODAY
  MAXIMUM         86    208 PM  96    1954  83      3       79
  MINIMUM         64    548 AM  44    1894  59      5       57
  AVERAGE         75                        71      4       68

PRECIPITATION (IN)
  TODAY            0.00          0.00 1947   0.00   0.00     0.00
  MONTH TO DATE    T                         0.00   0.00      T
  SINCE JUL 1      T                         0.00   0.00      T
  SINCE JAN 1      4.79                      9.89  -5.10     2.24

SNOWFALL (IN)
  TODAY            0.0           0.0  1947
  MONTH TO DATE    0.0
  SINCE JUN 1      0.0
  SINCE JUL 1      0.0

DEGREE DAYS
 HEATING
  TODAY            0                         0      0        0
  MONTH TO DATE    0                         0      0        0
  SINCE JUN 1      9                        15     -6       12
  SINCE JUL 1      0                         0      0        0

 COOLING
  TODAY           10                         6      4        3
  MONTH TO DATE  150                       162    -12      118
  SINCE JUN 1    236                       277    -41      223
  SINCE JAN 1    327                       347    -20      290
..................................................................


WIND (MPH)
  RESULTANT WIND SPEED   5   RESULTANT WIND DIRECTION  NW (310)
  HIGHEST WIND SPEED    13   HIGHEST WIND DIRECTION    NW (300)
  HIGHEST GUST SPEED    16   HIGHEST GUST DIRECTION    NW (300)
  AVERAGE WIND SPEED     5.3


SKY COVER
  POSSIBLE SUNSHINE  MM
  AVERAGE SKY COVER 0.4


WEATHER CONDITIONS
 THE FOLLOWING WEATHER WAS RECORDED TODAY.
  NO SIGNIFICANT WEATHER WAS OBSERVED.


RELATIVE HUMIDITY (PERCENT)
 HIGHEST    87           600 AM
 LOWEST     37           200 PM
 AVERAGE    62

..........................................................


THE SAN JOSE CA CLIMATE NORMALS FOR TOMORROW
                         NORMAL    RECORD    YEAR
 MAXIMUM TEMPERATURE (F)   83       100      1954
 MINIMUM TEMPERATURE (F)   59        40      1893


SUNRISE AND SUNSET
JULY 27 2014..........SUNRISE   608 AM PDT   SUNSET   820 PM PDT
JULY 28 2014..........SUNRISE   609 AM PDT   SUNSET   819 PM PDT


-  INDICATES NEGATIVE NUMBERS.
R  INDICATES RECORD WAS SET OR TIED.
MM INDICATES DATA IS MISSING.
T  INDICATES TRACE AMOUNT.




$$
