000
CDUS46 KMTR 010027
CLISJC


CLIMATE REPORT
NATIONAL WEATHER SERVICE SAN FRANCISCO BAY AREA
527 PM PDT SAT APR 30 2016


...................................

...THE SAN JOSE CA CLIMATE SUMMARY FOR APRIL 30 2016...
VALID TODAY AS OF 0500 PM LOCAL TIME.

CLIMATE NORMAL PERIOD 1981 TO 2010
CLIMATE RECORD PERIOD 1893 TO 2016


WEATHER ITEM   OBSERVED TIME   RECORD YEAR NORMAL DEPARTURE LAST
                VALUE   (LST)  VALUE       VALUE  FROM      YEAR
                                                  NORMAL
..................................................................
TEMPERATURE (F)
 TODAY
  MAXIMUM         78    305 PM  95    1996  73      5       88
  MINIMUM         50    528 AM  32    1896  50      0       50
  AVERAGE         64                        62      2       69

PRECIPITATION (IN)
  TODAY            0.00          0.58 1983   0.02  -0.02     0.00
  MONTH TO DATE    1.53                      1.06   0.47     0.88
  SINCE OCT 1     14.59                     14.19   0.40    12.76
  SINCE JAN 1      9.89                      9.41   0.48     2.81

SNOWFALL (IN)
  TODAY            0.0           0.0  1947
  MONTH TO DATE    0.0
  SINCE MAR 1      0.0
  SINCE JUL 1      0.0

DEGREE DAYS
 HEATING
  TODAY            1                         4     -3        0
  MONTH TO DATE  112                       185    -73      165
  SINCE MAR 1    317                       441   -124      301
  SINCE JUL 1   1687                      1904   -217     1521

 COOLING
  TODAY            0                         1     -1        4
  MONTH TO DATE   29                        15     14        7
  SINCE MAR 1     29                        19     10       21
  SINCE JAN 1     29                        19     10       21
..................................................................


WIND (MPH)
  RESULTANT WIND SPEED  11   RESULTANT WIND DIRECTION  NW (300)
  HIGHEST WIND SPEED    23   HIGHEST WIND DIRECTION     W (280)
  HIGHEST GUST SPEED    29   HIGHEST GUST DIRECTION     W (280)
  AVERAGE WIND SPEED    11.0


SKY COVER
  POSSIBLE SUNSHINE  MM
  AVERAGE SKY COVER 0.1


WEATHER CONDITIONS
 THE FOLLOWING WEATHER WAS RECORDED TODAY.
  NO SIGNIFICANT WEATHER WAS OBSERVED.


RELATIVE HUMIDITY (PERCENT)
 HIGHEST    77          1200 AM
 LOWEST     26           100 PM
 AVERAGE    52

..........................................................


THE SAN JOSE CA CLIMATE NORMALS FOR TOMORROW
                         NORMAL    RECORD    YEAR
 MAXIMUM TEMPERATURE (F)   73        96      1947
 MINIMUM TEMPERATURE (F)   51        34      1893


SUNRISE AND SUNSET
APRIL 30 2016.........SUNRISE   613 AM PDT   SUNSET   757 PM PDT
MAY  1 2016...........SUNRISE   612 AM PDT   SUNSET   758 PM PDT


-  INDICATES NEGATIVE NUMBERS.
R  INDICATES RECORD WAS SET OR TIED.
MM INDICATES DATA IS MISSING.
T  INDICATES TRACE AMOUNT.




$$
