000
CDUS44 KSJT 300657
CLISJT


CLIMATE REPORT
NATIONAL WEATHER SERVICE SAN ANGELO TX
156 AM CDT TUE JUN 30 2015


...................................

...THE SAN ANGELO CLIMATE SUMMARY FOR JUNE 29 2015...

CLIMATE NORMAL PERIOD 1981 TO 2010
CLIMATE RECORD PERIOD 1907 TO 2015


WEATHER ITEM   OBSERVED TIME   RECORD YEAR NORMAL DEPARTURE LAST
                VALUE   (LST)  VALUE       VALUE  FROM      YEAR
                                                  NORMAL
..................................................................
TEMPERATURE (F)
 YESTERDAY
  MAXIMUM         93    418 PM 108    1994  94     -1       94
  MINIMUM         70    604 AM  54    1985  70      0       76
  AVERAGE         82                        82      0       85

PRECIPITATION (IN)
  YESTERDAY        0.09          2.70 1913   0.06   0.03     0.00
  MONTH TO DATE    3.25                      2.53   0.72     2.29
  SINCE JUN 1      3.25                      2.53   0.72     2.29
  SINCE JAN 1     18.11                     10.55   7.56    10.56

DEGREE DAYS
 HEATING
  YESTERDAY        0                         0      0        0
  MONTH TO DATE    0                         0      0        0
  SINCE JUN 1      0                         0      0        0
  SINCE JUL 1   2185                      2316   -131     2497

 COOLING
  YESTERDAY       17                        17      0       20
  MONTH TO DATE  429                       446    -17      464
  SINCE JUN 1    429                       446    -17      464
  SINCE JAN 1    896                       906    -10     1066
..................................................................


WIND (MPH)
  HIGHEST WIND SPEED    21   HIGHEST WIND DIRECTION    SE (120)
  HIGHEST GUST SPEED    28   HIGHEST GUST DIRECTION    SE (120)
  AVERAGE WIND SPEED     5.9


SKY COVER
  POSSIBLE SUNSHINE  MM
  AVERAGE SKY COVER 0.1


WEATHER CONDITIONS
 THE FOLLOWING WEATHER WAS RECORDED YESTERDAY.
  THUNDERSTORM
  HEAVY RAIN


RELATIVE HUMIDITY (PERCENT)
 HIGHEST    97           400 AM
 LOWEST     44           500 PM
 AVERAGE    71

..........................................................


THE SAN ANGELO CLIMATE NORMALS FOR TODAY
                         NORMAL    RECORD    YEAR
 MAXIMUM TEMPERATURE (F)   94       106      1928
 MINIMUM TEMPERATURE (F)   71        59      1985


SUNRISE AND SUNSET
JUNE 30 2015..........SUNRISE   641 AM CDT   SUNSET   850 PM CDT
JULY  1 2015..........SUNRISE   641 AM CDT   SUNSET   850 PM CDT


-  INDICATES NEGATIVE NUMBERS.
R  INDICATES RECORD WAS SET OR TIED.
MM INDICATES DATA IS MISSING.
T  INDICATES TRACE AMOUNT.




$$
