000
CDUS44 KSJT 040752
CLISJT


CLIMATE REPORT
NATIONAL WEATHER SERVICE SAN ANGELO TX
151 AM CST WED MAR 4 2015


...................................

...THE SAN ANGELO CLIMATE SUMMARY FOR MARCH 3 2015...

CLIMATE NORMAL PERIOD 1981 TO 2010
CLIMATE RECORD PERIOD 1907 TO 2015


WEATHER ITEM   OBSERVED TIME   RECORD YEAR NORMAL DEPARTURE LAST
                VALUE   (LST)  VALUE       VALUE  FROM      YEAR
                                                  NORMAL
..................................................................
TEMPERATURE (F)
 YESTERDAY
  MAXIMUM         68    545 PM  91    2011  67      1       37
                                      1974
  MINIMUM         39    600 AM  10    1922  41     -2       17
  AVERAGE         54                        54      0       27

PRECIPITATION (IN)
  YESTERDAY        0.00          0.50 2008   0.05  -0.05      T
  MONTH TO DATE    0.01                      0.15  -0.14     0.02
  SINCE MAR 1      0.01                      0.15  -0.14     0.02
  SINCE JAN 1      2.27                      2.43  -0.16     0.08

SNOWFALL (IN)
  YESTERDAY        0.0           0.6  1978   0.0    0.0       T
  MONTH TO DATE    0.0                       0.0    0.0       T
  SINCE NOV 1      1.2                       2.1   -0.9      1.6
  SINCE JUL 1      1.2                       2.1   -0.9      1.6
  SNOW DEPTH       0

DEGREE DAYS
 HEATING
  YESTERDAY       11                        11      0       38
  MONTH TO DATE   70                        34     36       56
  SINCE MAR 1     70                        34     36       56
  SINCE JUL 1   1917                      1995    -78     2176

 COOLING
  YESTERDAY        0                         0      0        0
  MONTH TO DATE    0                         0      0        1
  SINCE MAR 1      0                         0      0        1
  SINCE JAN 1      2                         5     -3        4
..................................................................


WIND (MPH)
  HIGHEST WIND SPEED    16   HIGHEST WIND DIRECTION    SW (220)
  HIGHEST GUST SPEED    21   HIGHEST GUST DIRECTION     S (170)
  AVERAGE WIND SPEED     3.7


SKY COVER
  POSSIBLE SUNSHINE  MM
  AVERAGE SKY COVER 0.6


WEATHER CONDITIONS
 THE FOLLOWING WEATHER WAS RECORDED YESTERDAY.
  FOG


RELATIVE HUMIDITY (PERCENT)
 HIGHEST   100           600 AM
 LOWEST     56           500 PM
 AVERAGE    78

..........................................................


THE SAN ANGELO CLIMATE NORMALS FOR TODAY
                         NORMAL    RECORD    YEAR
 MAXIMUM TEMPERATURE (F)   68        89      2009
 MINIMUM TEMPERATURE (F)   41        12      1922


SUNRISE AND SUNSET
MARCH  4 2015.........SUNRISE   706 AM CST   SUNSET   642 PM CST
MARCH  5 2015.........SUNRISE   704 AM CST   SUNSET   643 PM CST


-  INDICATES NEGATIVE NUMBERS.
R  INDICATES RECORD WAS SET OR TIED.
MM INDICATES DATA IS MISSING.
T  INDICATES TRACE AMOUNT.


$$
