000
CDUS44 KSJT 230756
CLISJT


CLIMATE REPORT
NATIONAL WEATHER SERVICE SAN ANGELO TX
255 AM CDT SAT SEP 23 2017


...................................

...THE SAN ANGELO CLIMATE SUMMARY FOR SEPTEMBER 22 2017...

CLIMATE NORMAL PERIOD 1981 TO 2010
CLIMATE RECORD PERIOD 1907 TO 2017


WEATHER ITEM   OBSERVED TIME   RECORD YEAR NORMAL DEPARTURE LAST
                VALUE   (LST)  VALUE       VALUE  FROM      YEAR
                                                  NORMAL
..................................................................
TEMPERATURE (F)
 YESTERDAY
  MAXIMUM         96    254 PM 101    1926  86     10       95
  MINIMUM         75    701 AM  36    1913  61     14       68
  AVERAGE         86                        74     12       82

PRECIPITATION (IN)
  YESTERDAY        0.00          1.52 1990   0.08  -0.08     0.00
  MONTH TO DATE    0.81                      1.86  -1.05     2.49
  SINCE SEP 1      0.81                      1.86  -1.05     2.49
  SINCE JAN 1     12.91                     15.93  -3.02    28.01

DEGREE DAYS
 HEATING
  YESTERDAY        0                         0      0        0
  MONTH TO DATE    0                         0      0        0
  SINCE SEP 1      0                         0      0        0
  SINCE JUL 1      0                         0      0        0

 COOLING
  YESTERDAY       21                         9     12       17
  MONTH TO DATE  317                       266     51      346
  SINCE SEP 1    317                       266     51      346
  SINCE JAN 1   2591                      2302    289     2506
..................................................................


WIND (MPH)
  HIGHEST WIND SPEED    22   HIGHEST WIND DIRECTION     S (170)
  HIGHEST GUST SPEED    29   HIGHEST GUST DIRECTION    SE (150)
  AVERAGE WIND SPEED    12.3


SKY COVER
  POSSIBLE SUNSHINE  MM
  AVERAGE SKY COVER 0.2


WEATHER CONDITIONS
 THE FOLLOWING WEATHER WAS RECORDED YESTERDAY.
  NO SIGNIFICANT WEATHER WAS OBSERVED.


RELATIVE HUMIDITY (PERCENT)
 HIGHEST    74           400 AM
 LOWEST     30           400 PM
 AVERAGE    52

..........................................................


THE SAN ANGELO CLIMATE NORMALS FOR TODAY
                         NORMAL    RECORD    YEAR
 MAXIMUM TEMPERATURE (F)   86       102      1926
 MINIMUM TEMPERATURE (F)   61        35      1913


SUNRISE AND SUNSET
SEPTEMBER 23 2017.....SUNRISE   731 AM CDT   SUNSET   737 PM CDT
SEPTEMBER 24 2017.....SUNRISE   732 AM CDT   SUNSET   736 PM CDT


-  INDICATES NEGATIVE NUMBERS.
R  INDICATES RECORD WAS SET OR TIED.
MM INDICATES DATA IS MISSING.
T  INDICATES TRACE AMOUNT.




$$
