000
CDUS44 KSJT 050700
CLISJT


CLIMATE REPORT
NATIONAL WEATHER SERVICE SAN ANGELO TX
159 AM CDT THU MAY 5 2016


...................................

...THE SAN ANGELO CLIMATE SUMMARY FOR MAY 4 2016...

CLIMATE NORMAL PERIOD 1981 TO 2010
CLIMATE RECORD PERIOD 1907 TO 2016


WEATHER ITEM   OBSERVED TIME   RECORD YEAR NORMAL DEPARTURE LAST
                VALUE   (LST)  VALUE       VALUE  FROM      YEAR
                                                  NORMAL
..................................................................
TEMPERATURE (F)
 YESTERDAY
  MAXIMUM         83    507 PM 102    2012  85     -2       85
                                      1984
  MINIMUM         49    618 AM  39    1945  58     -9       66
  AVERAGE         66                        71     -5       76

PRECIPITATION (IN)
  YESTERDAY        0.00          1.55 2001   0.07  -0.07      T
  MONTH TO DATE    T                         0.28  -0.28      T
  SINCE MAR 1      8.43                      3.20   5.23     3.48
  SINCE JAN 1      9.23                      5.48   3.75     5.74

DEGREE DAYS
 HEATING
  YESTERDAY        0                         1     -1        0
  MONTH TO DATE   14                         4     10        0
  SINCE MAR 1    224                       349   -125      330
  SINCE JUL 1   1817                      2310   -493     2177

 COOLING
  YESTERDAY        1                         7     -6       11
  MONTH TO DATE    1                        27    -26       25
  SINCE MAR 1    125                       178    -53      219
  SINCE JAN 1    135                       183    -48      221
..................................................................


WIND (MPH)
  HIGHEST WIND SPEED    17   HIGHEST WIND DIRECTION     N (350)
  HIGHEST GUST SPEED    22   HIGHEST GUST DIRECTION     N (360)
  AVERAGE WIND SPEED     7.2


SKY COVER
  POSSIBLE SUNSHINE  MM
  AVERAGE SKY COVER 0.0


WEATHER CONDITIONS
 THE FOLLOWING WEATHER WAS RECORDED YESTERDAY.
  NO SIGNIFICANT WEATHER WAS OBSERVED.


RELATIVE HUMIDITY (PERCENT)
 HIGHEST    93           200 AM
 LOWEST     20           100 PM
 AVERAGE    57

..........................................................


THE SAN ANGELO CLIMATE NORMALS FOR TODAY
                         NORMAL    RECORD    YEAR
 MAXIMUM TEMPERATURE (F)   85       103      2014
                                             1984
                                             1947
 MINIMUM TEMPERATURE (F)   58        39      1945


SUNRISE AND SUNSET
MAY  5 2016...........SUNRISE   653 AM CDT   SUNSET   825 PM CDT
MAY  6 2016...........SUNRISE   652 AM CDT   SUNSET   825 PM CDT


-  INDICATES NEGATIVE NUMBERS.
R  INDICATES RECORD WAS SET OR TIED.
MM INDICATES DATA IS MISSING.
T  INDICATES TRACE AMOUNT.




$$
