000
CDUS44 KSJT 300720
CLISJT


CLIMATE REPORT
NATIONAL WEATHER SERVICE SAN ANGELO TX
220 AM CDT SAT MAY 30 2015


...................................

...THE SAN ANGELO CLIMATE SUMMARY FOR MAY 29 2015...

CLIMATE NORMAL PERIOD 1981 TO 2010
CLIMATE RECORD PERIOD 1907 TO 2015


WEATHER ITEM   OBSERVED TIME   RECORD YEAR NORMAL DEPARTURE LAST
                VALUE   (LST)  VALUE       VALUE  FROM      YEAR
                                                  NORMAL
..................................................................
TEMPERATURE (F)
 YESTERDAY
  MAXIMUM         85    548 PM 107    1927  90     -5       88
  MINIMUM         61    634 AM  48    1947  66     -5       63
  AVERAGE         73                        78     -5       76

PRECIPITATION (IN)
  YESTERDAY        0.01          2.40 1932   0.11  -0.10     0.00
  MONTH TO DATE    8.81                      2.60   6.21     7.75
  SINCE MAR 1     12.29                      5.52   6.77     8.21
  SINCE JAN 1     14.55                      7.80   6.75     8.27

DEGREE DAYS
 HEATING
  YESTERDAY        0                         0      0        0
  MONTH TO DATE    8                         8      0       28
  SINCE MAR 1    338                       353    -15      377
  SINCE JUL 1   2185                      2314   -129     2497

 COOLING
  YESTERDAY        8                        13     -5       11
  MONTH TO DATE  261                       279    -18      320
  SINCE MAR 1    455                       430     25      570
  SINCE JAN 1    457                       435     22      573
..................................................................


WIND (MPH)
  HIGHEST WIND SPEED    18   HIGHEST WIND DIRECTION     S (180)
  HIGHEST GUST SPEED    22   HIGHEST GUST DIRECTION     S (180)
  AVERAGE WIND SPEED     6.4


SKY COVER
  POSSIBLE SUNSHINE  MM
  AVERAGE SKY COVER 0.3


WEATHER CONDITIONS
 THE FOLLOWING WEATHER WAS RECORDED YESTERDAY.
  LIGHT RAIN


RELATIVE HUMIDITY (PERCENT)
 HIGHEST    97           500 AM
 LOWEST     55           400 PM
 AVERAGE    76

..........................................................


THE SAN ANGELO CLIMATE NORMALS FOR TODAY
                         NORMAL    RECORD    YEAR
 MAXIMUM TEMPERATURE (F)   90       107      1927
 MINIMUM TEMPERATURE (F)   66        46      1947


SUNRISE AND SUNSET
MAY 30 2015...........SUNRISE   639 AM CDT   SUNSET   840 PM CDT
MAY 31 2015...........SUNRISE   639 AM CDT   SUNSET   841 PM CDT


-  INDICATES NEGATIVE NUMBERS.
R  INDICATES RECORD WAS SET OR TIED.
MM INDICATES DATA IS MISSING.
T  INDICATES TRACE AMOUNT.




$$
