342
CDUS44 KSJT 070721
CLISJT


CLIMATE REPORT
NATIONAL WEATHER SERVICE SAN ANGELO TX
121 AM CST WED DEC 7 2016


...................................

...THE SAN ANGELO CLIMATE SUMMARY FOR DECEMBER 6 2016...

CLIMATE NORMAL PERIOD 1981 TO 2010
CLIMATE RECORD PERIOD 1907 TO 2016


WEATHER ITEM   OBSERVED TIME   RECORD YEAR NORMAL DEPARTURE LAST
                VALUE   (LST)  VALUE       VALUE  FROM      YEAR
                                                  NORMAL
..................................................................
TEMPERATURE (F)
 YESTERDAY
  MAXIMUM         49    534 AM  81    2012  61    -12       67
                                      1966
  MINIMUM         33   1045 PM  11    1950  35     -2       36
  AVERAGE         41                        48     -7       52

PRECIPITATION (IN)
  YESTERDAY        0.00          2.10 1926   0.02  -0.02     0.00
  MONTH TO DATE    0.73                      0.14   0.59     0.00
  SINCE DEC 1      0.73                      0.14   0.59     0.00
  SINCE JAN 1     35.71                     20.54  15.17    24.52

SNOWFALL (IN)
  YESTERDAY        0.0           T    1969   0.1   -0.1      0.0
  MONTH TO DATE    0.0                       0.1   -0.1      0.0
  SINCE NOV 1      0.0                       0.4   -0.4      0.0
  SINCE JUL 1      0.0                       0.4   -0.4      0.0
  SNOW DEPTH       0

DEGREE DAYS
 HEATING
  YESTERDAY       24                        17      7       13
  MONTH TO DATE  107                        98      9       97
  SINCE DEC 1    107                        98      9       97
  SINCE JUL 1    275                       498   -223      383

 COOLING
  YESTERDAY        0                         0      0        0
  MONTH TO DATE    0                         0      0        0
  SINCE DEC 1      0                         0      0        0
  SINCE JAN 1   2829                      2502    327     2928
..................................................................


WIND (MPH)
  HIGHEST WIND SPEED    20   HIGHEST WIND DIRECTION     N (360)
  HIGHEST GUST SPEED    25   HIGHEST GUST DIRECTION     N (360)
  AVERAGE WIND SPEED     8.1


SKY COVER
  POSSIBLE SUNSHINE  MM
  AVERAGE SKY COVER 0.5


WEATHER CONDITIONS
 THE FOLLOWING WEATHER WAS RECORDED YESTERDAY.
  NO SIGNIFICANT WEATHER WAS OBSERVED.


RELATIVE HUMIDITY (PERCENT)
 HIGHEST    96           100 AM
 LOWEST     65           900 AM
 AVERAGE    81

..........................................................


THE SAN ANGELO CLIMATE NORMALS FOR TODAY
                         NORMAL    RECORD    YEAR
 MAXIMUM TEMPERATURE (F)   61        83      1966
 MINIMUM TEMPERATURE (F)   35        19      2013


SUNRISE AND SUNSET
DECEMBER  7 2016......SUNRISE   728 AM CST   SUNSET   539 PM CST
DECEMBER  8 2016......SUNRISE   729 AM CST   SUNSET   539 PM CST


-  INDICATES NEGATIVE NUMBERS.
R  INDICATES RECORD WAS SET OR TIED.
MM INDICATES DATA IS MISSING.
T  INDICATES TRACE AMOUNT.




$$
