000
CDUS44 KSJT 212225
CLISJT


CLIMATE REPORT
NATIONAL WEATHER SERVICE SAN ANGELO TX
525 PM CDT FRI JUL 21 2017


...................................

...THE SAN ANGELO CLIMATE SUMMARY FOR JULY 21 2017...
VALID TODAY AS OF 0500 PM LOCAL TIME.

CLIMATE NORMAL PERIOD 1981 TO 2010
CLIMATE RECORD PERIOD 1907 TO 2017


WEATHER ITEM   OBSERVED TIME   RECORD YEAR NORMAL DEPARTURE LAST
                VALUE   (LST)  VALUE       VALUE  FROM      YEAR
                                                  NORMAL
..................................................................
TEMPERATURE (F)
 TODAY
  MAXIMUM        103    346 PM 104    1936  96      7      101
                                      1925
                                      1912
  MINIMUM         73    558 AM  61    1917  71      2       75
  AVERAGE         88                        84      4       88

PRECIPITATION (IN)
  TODAY            0.00          1.19 1919   0.03  -0.03     0.00
  MONTH TO DATE    1.69                      0.84   0.85     0.00
  SINCE JUN 1      3.21                      3.43  -0.22     7.02
  SINCE JAN 1      9.69                     11.45  -1.76    22.65

DEGREE DAYS
 HEATING
  TODAY            0                         0      0        0
  MONTH TO DATE    0                         0      0        0
  SINCE JUN 1      0                         0      0        0
  SINCE JUL 1      0                         0      0        0

 COOLING
  TODAY           23                        18      5       23
  MONTH TO DATE  391                       374     17      483
  SINCE JUN 1    953                       838    115      929
  SINCE JAN 1   1529                      1298    231     1340
..................................................................


WIND (MPH)
  HIGHEST WIND SPEED    18   HIGHEST WIND DIRECTION     S (180)
  HIGHEST GUST SPEED    27   HIGHEST GUST DIRECTION    SE (120)
  AVERAGE WIND SPEED     9.0


SKY COVER
  POSSIBLE SUNSHINE  MM
  AVERAGE SKY COVER 0.0


WEATHER CONDITIONS
 THE FOLLOWING WEATHER WAS RECORDED TODAY.
  NO SIGNIFICANT WEATHER WAS OBSERVED.


RELATIVE HUMIDITY (PERCENT)
 HIGHEST    69           700 AM
 LOWEST     24           400 PM
 AVERAGE    47

..........................................................


THE SAN ANGELO CLIMATE NORMALS FOR TOMORROW
                         NORMAL    RECORD    YEAR
 MAXIMUM TEMPERATURE (F)   96       105      2012
 MINIMUM TEMPERATURE (F)   72        59      1988


SUNRISE AND SUNSET
JULY 21 2017..........SUNRISE   652 AM CDT   SUNSET   845 PM CDT
JULY 22 2017..........SUNRISE   652 AM CDT   SUNSET   844 PM CDT


-  INDICATES NEGATIVE NUMBERS.
R  INDICATES RECORD WAS SET OR TIED.
MM INDICATES DATA IS MISSING.
T  INDICATES TRACE AMOUNT.




$$
