000
CDUS44 KSJT 272328
CLISJT


CLIMATE REPORT
NATIONAL WEATHER SERVICE SAN ANGELO TX
527 PM CST THU NOV 27 2014


...................................

...THE SAN ANGELO CLIMATE SUMMARY FOR NOVEMBER 27 2014...
VALID TODAY AS OF 0500 PM LOCAL TIME.

CLIMATE NORMAL PERIOD 1981 TO 2010
CLIMATE RECORD PERIOD 1907 TO 2014


WEATHER ITEM   OBSERVED TIME   RECORD YEAR NORMAL DEPARTURE LAST
                VALUE   (LST)  VALUE       VALUE  FROM      YEAR
                                                  NORMAL
..................................................................
TEMPERATURE (F)
 TODAY
  MAXIMUM         66    442 PM  86    1949  64      2       50
  MINIMUM         30    734 AM  19    2010  38     -8       25
  AVERAGE         48                        51     -3       38

PRECIPITATION (IN)
  TODAY            0.00          0.90 1908   0.03  -0.03     0.00
  MONTH TO DATE    3.04                      1.06   1.98     0.81
  SINCE SEP 1      4.37                      6.25  -1.88     6.89
  SINCE JAN 1     16.35                     20.32  -3.97    18.65

SNOWFALL (IN)
  TODAY            0.0           2.5  1918   0.1   -0.1      0.0
  MONTH TO DATE    T                         0.3   -0.3       T
  SINCE NOV 1      T                         0.3   -0.3       T
  SINCE JUL 1      T                         0.3   -0.3       T

DEGREE DAYS
 HEATING
  TODAY           17                        14      3       27
  MONTH TO DATE  344                       264     80      343
  SINCE SEP 1    365                       355     10      425
  SINCE JUL 1    365                       355     10      425

 COOLING
  TODAY            0                         0      0        0
  MONTH TO DATE   10                        15     -5        9
  SINCE SEP 1    614                       463    151      534
  SINCE JAN 1   2872                      2499    373     2860
..................................................................


WIND (MPH)
  HIGHEST WIND SPEED    13   HIGHEST WIND DIRECTION     E (100)
  HIGHEST GUST SPEED    16   HIGHEST GUST DIRECTION    SE (140)
  AVERAGE WIND SPEED     4.8


SKY COVER
  POSSIBLE SUNSHINE  MM
  AVERAGE SKY COVER 0.0


WEATHER CONDITIONS
 THE FOLLOWING WEATHER WAS RECORDED TODAY.
  NO SIGNIFICANT WEATHER WAS OBSERVED.


RELATIVE HUMIDITY (PERCENT)
 HIGHEST    89           400 AM
 LOWEST     26           400 PM
 AVERAGE    58

..........................................................


THE SAN ANGELO CLIMATE NORMALS FOR TOMORROW
                         NORMAL    RECORD    YEAR
 MAXIMUM TEMPERATURE (F)   64        89      1949
 MINIMUM TEMPERATURE (F)   37        20      1942
                                             1911


SUNRISE AND SUNSET
NOVEMBER 27 2014......SUNRISE   720 AM CST   SUNSET   539 PM CST
NOVEMBER 28 2014......SUNRISE   721 AM CST   SUNSET   539 PM CST


-  INDICATES NEGATIVE NUMBERS.
R  INDICATES RECORD WAS SET OR TIED.
MM INDICATES DATA IS MISSING.
T  INDICATES TRACE AMOUNT.




$$
