000
CDUS44 KSJT 010700
CLISJT


CLIMATE REPORT
NATIONAL WEATHER SERVICE SAN ANGELO TX
159 AM CDT FRI AUG 1 2014


...................................

...THE SAN ANGELO CLIMATE SUMMARY FOR JULY 31 2014...

CLIMATE NORMAL PERIOD 1981 TO 2010
CLIMATE RECORD PERIOD 1907 TO 2014


WEATHER ITEM   OBSERVED TIME   RECORD YEAR NORMAL DEPARTURE LAST
                VALUE   (LST)  VALUE       VALUE  FROM      YEAR
                                                  NORMAL
..................................................................
TEMPERATURE (F)
 YESTERDAY
  MAXIMUM         87    418 PM 110    1912  96     -9      102
  MINIMUM         73   1159 PM  59    1984  72      1       77
  AVERAGE         80                        84     -4       90

PRECIPITATION (IN)
  YESTERDAY        0.00          1.00 1925   0.04  -0.04     0.00
  MONTH TO DATE    0.77                      1.20  -0.43     3.17
  SINCE JUN 1      3.06                      3.79  -0.73     4.57
  SINCE JAN 1     11.33                     11.81  -0.48    10.95

DEGREE DAYS
 HEATING
  YESTERDAY        0                         0      0        0
  MONTH TO DATE    0                         0      0        0
  SINCE JUN 1      0                         0      0        0
  SINCE JUL 1      0                         0      0        0

 COOLING
  YESTERDAY       15                        19     -4       25
  MONTH TO DATE  579                       563     16      554
  SINCE JUN 1   1063                      1027     36     1115
  SINCE JAN 1   1665                      1487    178     1711
..................................................................


WIND (MPH)
  HIGHEST WIND SPEED    20   HIGHEST WIND DIRECTION     N (20)
  HIGHEST GUST SPEED    23   HIGHEST GUST DIRECTION     N (20)
  AVERAGE WIND SPEED    10.2


SKY COVER
  POSSIBLE SUNSHINE  MM
  AVERAGE SKY COVER 0.5


WEATHER CONDITIONS
 THE FOLLOWING WEATHER WAS RECORDED YESTERDAY.
  NO SIGNIFICANT WEATHER WAS OBSERVED.


RELATIVE HUMIDITY (PERCENT)
 HIGHEST    82           400 AM
 LOWEST     26          1200 AM
 AVERAGE    54

..........................................................


THE SAN ANGELO CLIMATE NORMALS FOR TODAY
                         NORMAL    RECORD    YEAR
 MAXIMUM TEMPERATURE (F)   96       107      2010
 MINIMUM TEMPERATURE (F)   72        58      1925


SUNRISE AND SUNSET
AUGUST  1 2014........SUNRISE   659 AM CDT   SUNSET   838 PM CDT
AUGUST  2 2014........SUNRISE   659 AM CDT   SUNSET   837 PM CDT


-  INDICATES NEGATIVE NUMBERS.
R  INDICATES RECORD WAS SET OR TIED.
MM INDICATES DATA IS MISSING.
T  INDICATES TRACE AMOUNT.




$$
