000
CDUS44 KSJT 222343
CLISJT


CLIMATE REPORT
NATIONAL WEATHER SERVICE SAN ANGELO TX
543 PM CST THU FEB 22 2018


...................................

...THE SAN ANGELO CLIMATE SUMMARY FOR FEBRUARY 22 2018...
VALID TODAY AS OF 0500 PM LOCAL TIME.

CLIMATE NORMAL PERIOD 1981 TO 2010
CLIMATE RECORD PERIOD 1907 TO 2018


WEATHER ITEM   OBSERVED TIME   RECORD YEAR NORMAL DEPARTURE LAST
                VALUE   (LST)  VALUE       VALUE  FROM      YEAR
                                                  NORMAL
..................................................................
TEMPERATURE (F)
 TODAY
  MAXIMUM         39    459 PM  97    1996  65    -26       88
  MINIMUM         29    151 AM  18    1939  39    -10       40
  AVERAGE         34                        52    -18       64

PRECIPITATION (IN)
  TODAY            0.00          1.20 1958   0.05  -0.05     0.00
  MONTH TO DATE    1.21                      1.04   0.17     1.23
  SINCE DEC 1      2.35                      2.82  -0.47     3.45
  SINCE JAN 1      1.22                      1.97  -0.75     2.71

SNOWFALL (IN)
  TODAY            0.0           3.0  1966   0.0    0.0      0.0
  MONTH TO DATE    T                         0.2   -0.2      0.0
  SINCE NOV 1      T                         2.0   -2.0       T
  SINCE JUL 1      T                         2.0   -2.0       T

DEGREE DAYS
 HEATING
  TODAY           31                        13     18        1
  MONTH TO DATE  310                       341    -31      171
  SINCE DEC 1   1494                      1485      9     1120
  SINCE JUL 1   1794                      1885    -91     1288

 COOLING
  TODAY            0                         0      0        0
  MONTH TO DATE   16                         0     16       11
  SINCE DEC 1     19                         2     17       13
  SINCE JAN 1     16                         1     15       12
..................................................................


WIND (MPH)
  HIGHEST WIND SPEED    12   HIGHEST WIND DIRECTION     N (350)
  HIGHEST GUST SPEED    13   HIGHEST GUST DIRECTION     N (10)
  AVERAGE WIND SPEED     4.9


SKY COVER
  POSSIBLE SUNSHINE  MM
  AVERAGE SKY COVER 1.0


WEATHER CONDITIONS
 THE FOLLOWING WEATHER WAS RECORDED TODAY.
  FOG
  HAZE


RELATIVE HUMIDITY (PERCENT)
 HIGHEST    92          1200 AM
 LOWEST     79           500 PM
 AVERAGE    86

..........................................................


THE SAN ANGELO CLIMATE NORMALS FOR TOMORROW
                         NORMAL    RECORD    YEAR
 MAXIMUM TEMPERATURE (F)   65        92      2017
 MINIMUM TEMPERATURE (F)   39        15      1966


SUNRISE AND SUNSET
FEBRUARY 22 2018......SUNRISE   716 AM CST   SUNSET   635 PM CST
FEBRUARY 23 2018......SUNRISE   715 AM CST   SUNSET   636 PM CST


-  INDICATES NEGATIVE NUMBERS.
R  INDICATES RECORD WAS SET OR TIED.
MM INDICATES DATA IS MISSING.
T  INDICATES TRACE AMOUNT.




$$
