000
CDUS44 KSJT 310703
CLISJT


CLIMATE REPORT
NATIONAL WEATHER SERVICE SAN ANGELO TX
202 AM CDT WED AUG 31 2016


...................................

...THE SAN ANGELO CLIMATE SUMMARY FOR AUGUST 30 2016...

CLIMATE NORMAL PERIOD 1981 TO 2010
CLIMATE RECORD PERIOD 1907 TO 2016


WEATHER ITEM   OBSERVED TIME   RECORD YEAR NORMAL DEPARTURE LAST
                VALUE   (LST)  VALUE       VALUE  FROM      YEAR
                                                  NORMAL
..................................................................
TEMPERATURE (F)
 YESTERDAY
  MAXIMUM         89    314 PM 106    2011  93     -4       93
                                      1959
  MINIMUM         69    434 AM  57    1917  69      0       69
  AVERAGE         79                        81     -2       81

PRECIPITATION (IN)
  YESTERDAY        0.00          1.62 2003   0.10  -0.10     0.00
  MONTH TO DATE    2.87                      2.15   0.72     1.28
  SINCE JUN 1      9.89                      5.94   3.95     5.38
  SINCE JAN 1     25.52                     13.96  11.56    20.24

DEGREE DAYS
 HEATING
  YESTERDAY        0                         0      0        0
  MONTH TO DATE    0                         0      0        0
  SINCE JUN 1      0                         0      0        0
  SINCE JUL 1      0                         0      0        0

 COOLING
  YESTERDAY       14                        16     -2       16
  MONTH TO DATE  584                       536     48      658
  SINCE JUN 1   1731                      1563    168     1732
  SINCE JAN 1   2142                      2023    119     2199
..................................................................


WIND (MPH)
  HIGHEST WIND SPEED    17   HIGHEST WIND DIRECTION     E (80)
  HIGHEST GUST SPEED    23   HIGHEST GUST DIRECTION     E (90)
  AVERAGE WIND SPEED     5.9


SKY COVER
  POSSIBLE SUNSHINE  MM
  AVERAGE SKY COVER 0.7


WEATHER CONDITIONS
 THE FOLLOWING WEATHER WAS RECORDED YESTERDAY.
  FOG


RELATIVE HUMIDITY (PERCENT)
 HIGHEST    97           300 AM
 LOWEST     47           300 PM
 AVERAGE    72

..........................................................


THE SAN ANGELO CLIMATE NORMALS FOR TODAY
                         NORMAL    RECORD    YEAR
 MAXIMUM TEMPERATURE (F)   92       104      1952
                                             1927
                                             1924
 MINIMUM TEMPERATURE (F)   69        45      1915


SUNRISE AND SUNSET
AUGUST 31 2016........SUNRISE   718 AM CDT   SUNSET   806 PM CDT
SEPTEMBER  1 2016.....SUNRISE   718 AM CDT   SUNSET   805 PM CDT


-  INDICATES NEGATIVE NUMBERS.
R  INDICATES RECORD WAS SET OR TIED.
MM INDICATES DATA IS MISSING.
T  INDICATES TRACE AMOUNT.




$$
