000
CDCA42 TJSJ 240426
CLISJU


CLIMATE REPORT
NATIONAL WEATHER SERVICE SAN JUAN, PR
1226 AM AST THU APR 24 2014


...................................

...THE SAN JUAN/P.R. CLIMATE SUMMARY FOR APRIL 23 2014...

CLIMATE NORMAL PERIOD 1981 TO 2010
CLIMATE RECORD PERIOD 1898 TO 2014


WEATHER ITEM   OBSERVED TIME   RECORD YEAR NORMAL DEPARTURE LAST
                VALUE   (LST)  VALUE       VALUE  FROM      YEAR
                                                  NORMAL
..................................................................
TEMPERATURE (F)
 YESTERDAY
  MAXIMUM         92R   423 PM  92    2008  86      6       86
                                      1989
  MINIMUM         79    615 AM  66    1968  75      4       72
  AVERAGE         86                        81      5       79

PRECIPITATION (IN)
  YESTERDAY        0.00          4.67 1973   0.18  -0.18     0.05
  MONTH TO DATE    3.06                      3.30  -0.24     3.20
  SINCE MAR 1      3.57                      5.25  -1.68     5.12
  SINCE JAN 1      9.61                     11.40  -1.79     9.22

SNOWFALL (IN)
  YESTERDAY        0.0
  MONTH TO DATE    0.0
  SINCE MAR 1      0.0
  SINCE JUL 1      0.0

DEGREE DAYS
 HEATING
  YESTERDAY        0                         0      0        0
  MONTH TO DATE    0                         0      0        0
  SINCE MAR 1      0                         0      0        0
  SINCE JUL 1      0                         0      0        0

 COOLING
  YESTERDAY       21                        16      5       14
  MONTH TO DATE  395                       349     46      379
  SINCE MAR 1    873                       780     93      834
  SINCE JAN 1   1761                      1531    230     1630
..................................................................


WIND (MPH)
  RESULTANT WIND SPEED   3   RESULTANT WIND DIRECTION  SE (130)
  HIGHEST WIND SPEED    16   HIGHEST WIND DIRECTION    NE (30)
  HIGHEST GUST SPEED    21   HIGHEST GUST DIRECTION     N (10)
  AVERAGE WIND SPEED     5.9


SKY COVER
  POSSIBLE SUNSHINE  MM
  AVERAGE SKY COVER 0.4


WEATHER CONDITIONS
 THE FOLLOWING WEATHER WAS RECORDED YESTERDAY.
  NO SIGNIFICANT WEATHER WAS OBSERVED.


RELATIVE HUMIDITY (PERCENT)
 HIGHEST    74
 LOWEST     44
 AVERAGE    59

..........................................................


THE SAN JUAN/P.R. CLIMATE NORMALS FOR TODAY
                         NORMAL    RECORD    YEAR
 MAXIMUM TEMPERATURE (F)   87        95      1983
 MINIMUM TEMPERATURE (F)   75        65      1963


SUNRISE AND SUNSET
APRIL 24 2014.........SUNRISE   601 AM AST   SUNSET   643 PM AST
APRIL 25 2014.........SUNRISE   600 AM AST   SUNSET   644 PM AST


-  INDICATES NEGATIVE NUMBERS.
R  INDICATES RECORD WAS SET OR TIED.
MM INDICATES DATA IS MISSING.
T  INDICATES TRACE AMOUNT.




$$
