000
CDCA42 TJSJ 250430
CLISJU


CLIMATE REPORT
NATIONAL WEATHER SERVICE SAN JUAN, PR
1229 AM AST SAT OCT 25 2014


...................................

...THE SAN JUAN/P.R. CLIMATE SUMMARY FOR OCTOBER 24 2014...

CLIMATE NORMAL PERIOD 1981 TO 2010
CLIMATE RECORD PERIOD 1898 TO 2014


WEATHER ITEM   OBSERVED TIME   RECORD YEAR NORMAL DEPARTURE LAST
                VALUE   (LST)  VALUE       VALUE  FROM      YEAR
                                                  NORMAL
..................................................................
TEMPERATURE (F)
 YESTERDAY
  MAXIMUM         93    134 PM  94    1979  88      5       92
  MINIMUM         80    704 AM  70    1961  77      3       79
  AVERAGE         87                        82      5       86

PRECIPITATION (IN)
  YESTERDAY        0.00          3.34 1918   0.20  -0.20     0.00
  MONTH TO DATE    1.87                      4.15  -2.28     1.63
  SINCE SEP 1      8.15                      9.92  -1.77     9.24
  SINCE JAN 1     40.87                     43.54  -2.67    66.87

SNOWFALL (IN)
  YESTERDAY        0.0
  MONTH TO DATE    0.0
  SINCE SEP 1      0.0
  SINCE JUL 1      0.0

DEGREE DAYS
 HEATING
  YESTERDAY        0                         0      0        0
  MONTH TO DATE    0                         0      0        0
  SINCE SEP 1      0                         0      0        0
  SINCE JUL 1      0                         0      0        0

 COOLING
  YESTERDAY       22                        17      5       21
  MONTH TO DATE  468                       428     40      461
  SINCE SEP 1   1021                       983     38     1050
  SINCE JAN 1   5236                      4840    396     4966
..................................................................


WIND (MPH)
  RESULTANT WIND SPEED   4   RESULTANT WIND DIRECTION  SE (130)
  HIGHEST WIND SPEED    13   HIGHEST WIND DIRECTION     E (100)
  HIGHEST GUST SPEED    18   HIGHEST GUST DIRECTION     E (100)
  AVERAGE WIND SPEED     3.9


SKY COVER
  AVERAGE SKY COVER 0.3


WEATHER CONDITIONS
 THE FOLLOWING WEATHER WAS RECORDED YESTERDAY.
  NO SIGNIFICANT WEATHER WAS OBSERVED.


RELATIVE HUMIDITY (PERCENT)
 HIGHEST    85
 LOWEST     56
 AVERAGE    71

..........................................................


THE SAN JUAN/P.R. CLIMATE NORMALS FOR TODAY
                         NORMAL    RECORD    YEAR
 MAXIMUM TEMPERATURE (F)   88        93      1973
 MINIMUM TEMPERATURE (F)   77        68      1957


SUNRISE AND SUNSET
OCTOBER 25 2014.......SUNRISE   621 AM AST   SUNSET   555 PM AST
OCTOBER 26 2014.......SUNRISE   621 AM AST   SUNSET   554 PM AST


-  INDICATES NEGATIVE NUMBERS.
R  INDICATES RECORD WAS SET OR TIED.
MM INDICATES DATA IS MISSING.
T  INDICATES TRACE AMOUNT.




$$
