000
CDCA42 TJSJ 290431
CLISJU


CLIMATE REPORT
NATIONAL WEATHER SERVICE SAN JUAN, PR
1230 AM AST FRI MAY 29 2015


...................................

...THE SAN JUAN AREA/PR CLIMATE SUMMARY FOR MAY 28 2015...

CLIMATE NORMAL PERIOD 1981 TO 2010
CLIMATE RECORD PERIOD 1898 TO 2015


WEATHER ITEM   OBSERVED TIME   RECORD YEAR NORMAL DEPARTURE LAST
                VALUE   (LST)  VALUE       VALUE  FROM      YEAR
                                                  NORMAL
..................................................................
TEMPERATURE (F)
 YESTERDAY
  MAXIMUM         89    446 PM  93    1990  88      1       87
  MINIMUM         77    643 AM  67    1929  77      0       76
  AVERAGE         83                        83      0       82

PRECIPITATION (IN)
  YESTERDAY        T             4.07 1933   0.18  -0.18     0.03
  MONTH TO DATE    1.31                      5.37  -4.06     8.74
  SINCE MAR 1      4.19                     12.00  -7.81    12.40
  SINCE JAN 1     12.42                     18.15  -5.73    18.44

SNOWFALL (IN)
  YESTERDAY        0.0                       0.0    0.0      0.0
  MONTH TO DATE    0.0                       0.0    0.0      0.0
  SINCE MAR 1      0.0                       0.0    0.0      0.0
  SINCE JUL 1      0.0                       0.0    0.0      0.0

DEGREE DAYS
 HEATING
  YESTERDAY        0                         0      0        0
  MONTH TO DATE    0                         0      0        0
  SINCE MAR 1      0                         0      0        0
  SINCE JUL 1      0                         0      0        0

 COOLING
  YESTERDAY       18                        18      0       17
  MONTH TO DATE  515                       470     45      460
  SINCE MAR 1   1448                      1360     88     1467
  SINCE JAN 1   2288                      2111    177     2355
..................................................................


WIND (MPH)
  HIGHEST WIND SPEED    21   HIGHEST WIND DIRECTION     E (70)
  HIGHEST GUST SPEED    24   HIGHEST GUST DIRECTION     E (70)
  AVERAGE WIND SPEED     5.1


SKY COVER
  AVERAGE SKY COVER 0.4


WEATHER CONDITIONS
 THE FOLLOWING WEATHER WAS RECORDED YESTERDAY.
  NO SIGNIFICANT WEATHER WAS OBSERVED.


RELATIVE HUMIDITY (PERCENT)
 HIGHEST    82
 LOWEST     55
 AVERAGE    69

..........................................................


THE SAN JUAN AREA/PR CLIMATE NORMALS FOR TODAY
                         NORMAL    RECORD    YEAR
 MAXIMUM TEMPERATURE (F)   88        94      1990
 MINIMUM TEMPERATURE (F)   77        67      1929


SUNRISE AND SUNSET
MAY 29 2015...........SUNRISE   547 AM AST   SUNSET   656 PM AST
MAY 30 2015...........SUNRISE   547 AM AST   SUNSET   656 PM AST


-  INDICATES NEGATIVE NUMBERS.
R  INDICATES RECORD WAS SET OR TIED.
MM INDICATES DATA IS MISSING.
T  INDICATES TRACE AMOUNT.




$$
