000
CDUS45 KSLC 031227
CLISLC


CLIMATE REPORT
NATIONAL WEATHER SERVICE SALT LAKE CITY UT
527 AM MST SAT DEC 3 2016


...................................

...THE SALT LAKE CITY UT CLIMATE SUMMARY FOR DECEMBER 2 2016...

CLIMATE NORMAL PERIOD 1981 TO 2010
CLIMATE RECORD PERIOD 1874 TO 2016


WEATHER ITEM   OBSERVED TIME   RECORD YEAR NORMAL DEPARTURE LAST
                VALUE   (LST)  VALUE       VALUE  FROM      YEAR
                                                  NORMAL
..................................................................
TEMPERATURE (F)
 YESTERDAY
  MAXIMUM         37    332 PM  61    1939  41     -4       39
  MINIMUM         25    755 AM   6    1934  25      0       19
                                      1931
  AVERAGE         31                        33     -2       29

PRECIPITATION (IN)
  YESTERDAY        0.00          0.73 1942   0.05  -0.05     0.00
  MONTH TO DATE    0.02                      0.10  -0.08     0.00
  SINCE OCT 1      2.68                      3.07  -0.39     1.02
  SINCE JAN 1     12.88                     14.79  -1.91    13.91

SNOWFALL (IN)
  YESTERDAY        0.0           4.5  1952   0.4   -0.4      0.0
  MONTH TO DATE    0.2                       0.8   -0.6      0.0
  SINCE OCT 1      5.9                       9.8   -3.9      1.4
  SINCE JUL 1      5.9                       9.8   -3.9      1.4
  SNOW DEPTH       1

DEGREE DAYS
 HEATING
  YESTERDAY       34                        32      2       36
  MONTH TO DATE   65                        64      1       72
  SINCE DEC 1     65                        64      1       72
  SINCE JUL 1    864                      1282   -418     1014

 COOLING
  YESTERDAY        0                         0      0        0
  MONTH TO DATE    0                         0      0        0
  SINCE DEC 1      0                         0      0        0
  SINCE JAN 1   1619                      1160    459     1444
..................................................................


WIND (MPH)
  RESULTANT WIND SPEED   3   RESULTANT WIND DIRECTION  NW (310)
  HIGHEST WIND SPEED    14   HIGHEST WIND DIRECTION    NW (310)
  HIGHEST GUST SPEED    20   HIGHEST GUST DIRECTION    NW (310)
  AVERAGE WIND SPEED     5.2


SKY COVER
  POSSIBLE SUNSHINE  MM
  AVERAGE SKY COVER 0.1


WEATHER CONDITIONS
 THE FOLLOWING WEATHER WAS RECORDED YESTERDAY.
  NO SIGNIFICANT WEATHER WAS OBSERVED.


RELATIVE HUMIDITY (PERCENT)
 HIGHEST    92          1200 AM
 LOWEST     52          1200 PM
 AVERAGE    72

..........................................................


THE SALT LAKE CITY UT CLIMATE NORMALS FOR TODAY
                         NORMAL    RECORD    YEAR
 MAXIMUM TEMPERATURE (F)   41        63      1998
 MINIMUM TEMPERATURE (F)   25         5      1931


SUNRISE AND SUNSET
DECEMBER  3 2016......SUNRISE   735 AM MST   SUNSET   500 PM MST
DECEMBER  4 2016......SUNRISE   736 AM MST   SUNSET   500 PM MST


-  INDICATES NEGATIVE NUMBERS.
R  INDICATES RECORD WAS SET OR TIED.
MM INDICATES DATA IS MISSING.
T  INDICATES TRACE AMOUNT.




$$
