000
CDUS45 KSLC 271231
CLISLC


CLIMATE REPORT
NATIONAL WEATHER SERVICE SALT LAKE CITY UT
530 AM MST THU NOV 27 2014


...................................

...THE SALT LAKE CITY UT CLIMATE SUMMARY FOR NOVEMBER 26 2014...

CLIMATE NORMAL PERIOD 1981 TO 2010
CLIMATE RECORD PERIOD 1874 TO 2014


WEATHER ITEM   OBSERVED TIME   RECORD YEAR NORMAL DEPARTURE LAST
                VALUE   (LST)  VALUE       VALUE  FROM      YEAR
                                                  NORMAL
..................................................................
TEMPERATURE (F)
 YESTERDAY
  MAXIMUM         61    255 PM  68    1949  44     17       51
  MINIMUM         35    526 AM   2    1952  27      8       29
  AVERAGE         48                        35     13       40

PRECIPITATION (IN)
  YESTERDAY        0.00          0.60 1896   0.05  -0.05     0.00
  MONTH TO DATE    0.60                      1.27  -0.67     0.62
  SINCE OCT 1      0.61                      2.79  -2.18     1.36
  SINCE JAN 1     13.06                     14.51  -1.45     9.97

SNOWFALL (IN)
  YESTERDAY        0.0           7.0  1973   0.4   -0.4      0.0
  MONTH TO DATE    0.8                       6.1   -5.3      3.5
  SINCE OCT 1      0.8                       7.5   -6.7      3.5
  SINCE JUL 1      0.8                       7.5   -6.7      3.5
  SNOW DEPTH       0

DEGREE DAYS
 HEATING
  YESTERDAY       17                        30    -13       25
  MONTH TO DATE  652                       627     25      514
  SINCE SEP 1    918                      1090   -172      952
  SINCE JUL 1    919                      1095   -176      952

 COOLING
  YESTERDAY        0                         0      0        0
  MONTH TO DATE    0                         0      0        0
  SINCE SEP 1    191                       124     67      222
  SINCE JAN 1   1244                      1160     84     1768
..................................................................


WIND (MPH)
  RESULTANT WIND SPEED   7   RESULTANT WIND DIRECTION  SE (140)
  HIGHEST WIND SPEED    14   HIGHEST WIND DIRECTION    SE (140)
  HIGHEST GUST SPEED    19   HIGHEST GUST DIRECTION    SE (120)
  AVERAGE WIND SPEED     7.1


SKY COVER
  POSSIBLE SUNSHINE  MM
  AVERAGE SKY COVER 0.0


WEATHER CONDITIONS
 THE FOLLOWING WEATHER WAS RECORDED YESTERDAY.
  NO SIGNIFICANT WEATHER WAS OBSERVED.


RELATIVE HUMIDITY (PERCENT)
 HIGHEST    75           600 AM
 LOWEST     31           200 PM
 AVERAGE    53

..........................................................


THE SALT LAKE CITY UT CLIMATE NORMALS FOR TODAY
                         NORMAL    RECORD    YEAR
 MAXIMUM TEMPERATURE (F)   43        67      1998
                                             1949
 MINIMUM TEMPERATURE (F)   26         3      1896


SUNRISE AND SUNSET
NOVEMBER 27 2014......SUNRISE   728 AM MST   SUNSET   502 PM MST
NOVEMBER 28 2014......SUNRISE   730 AM MST   SUNSET   502 PM MST


-  INDICATES NEGATIVE NUMBERS.
R  INDICATES RECORD WAS SET OR TIED.
MM INDICATES DATA IS MISSING.
T  INDICATES TRACE AMOUNT.




$$
