000
CDUS45 KSLC 210031
CLISLC


CLIMATE REPORT
NATIONAL WEATHER SERVICE SALT LAKE CITY UT
529 PM MST TUE FEB 20 2018


...................................

...THE SALT LAKE CITY UT CLIMATE SUMMARY FOR FEBRUARY 20 2018...
VALID TODAY AS OF 0500 PM LOCAL TIME.

CLIMATE NORMAL PERIOD 1981 TO 2010
CLIMATE RECORD PERIOD 1874 TO 2018


WEATHER ITEM   OBSERVED TIME   RECORD YEAR NORMAL DEPARTURE LAST
                VALUE   (LST)  VALUE       VALUE  FROM      YEAR
                                                  NORMAL
..................................................................
TEMPERATURE (F)
 TODAY
  MAXIMUM         26    331 PM  66    1879  45    -19       55
  MINIMUM         19    600 AM   0    1955  27     -8       41
  AVERAGE         23                        36    -13       48

PRECIPITATION (IN)
  TODAY            0.05          0.90 1934   0.05   0.00     0.00
  MONTH TO DATE    0.83                      0.86  -0.03     0.93
  SINCE OCT 1      3.78                      6.49  -2.71     7.54
  SINCE JAN 1      1.65                      2.11  -0.46     2.90

SNOWFALL (IN)
  TODAY            0.9           3.9  1985   0.4    0.5      0.0
  MONTH TO DATE    8.6                       7.9    0.7       T
  SINCE OCT 1     25.9                      42.6  -16.7     40.0
  SINCE JUL 1     25.9                      42.6  -16.7     40.0
  SNOW DEPTH       7

DEGREE DAYS
 HEATING
  TODAY           42                        29     13       17
  MONTH TO DATE  449                       642   -193      441
  SINCE DEC 1   2231                      2818   -587     2701
  SINCE JUL 1   3253                      4036   -783     3500

 COOLING
  TODAY            0                         0      0        0
  MONTH TO DATE    0                         0      0        0
  SINCE DEC 1      0                         0      0        0
  SINCE JAN 1      0                         0      0        0
..................................................................


WIND (MPH)
  RESULTANT WIND SPEED   3   RESULTANT WIND DIRECTION   N (360)
  HIGHEST WIND SPEED    18   HIGHEST WIND DIRECTION     N (340)
  HIGHEST GUST SPEED    20   HIGHEST GUST DIRECTION     N (340)
  AVERAGE WIND SPEED     6.7


SKY COVER
  POSSIBLE SUNSHINE  MM
  AVERAGE SKY COVER 0.9


WEATHER CONDITIONS
 THE FOLLOWING WEATHER WAS RECORDED TODAY.
  SNOW
  LIGHT SNOW
  FOG
  FOG W/VISIBILITY <= 1/4 MILE
  HAZE


RELATIVE HUMIDITY (PERCENT)
 HIGHEST    91           300 AM
 LOWEST     50           300 PM
 AVERAGE    71

..........................................................


THE SALT LAKE CITY UT CLIMATE NORMALS FOR TOMORROW
                         NORMAL    RECORD    YEAR
 MAXIMUM TEMPERATURE (F)   45        66      1982
 MINIMUM TEMPERATURE (F)   27         6      1984
                                             1955


SUNRISE AND SUNSET
FEBRUARY 20 2018......SUNRISE   715 AM MST   SUNSET   609 PM MST
FEBRUARY 21 2018......SUNRISE   713 AM MST   SUNSET   610 PM MST


-  INDICATES NEGATIVE NUMBERS.
R  INDICATES RECORD WAS SET OR TIED.
MM INDICATES DATA IS MISSING.
T  INDICATES TRACE AMOUNT.




$$
