669
CDUS45 KSLC 230043
CLISLC


CLIMATE REPORT
NATIONAL WEATHER SERVICE SALT LAKE CITY UT
542 PM MST WED NOV 22 2017


...................................

...THE SALT LAKE CITY UT CLIMATE SUMMARY FOR NOVEMBER 22 2017...
VALID TODAY AS OF 0500 PM LOCAL TIME.

CLIMATE NORMAL PERIOD 1981 TO 2010
CLIMATE RECORD PERIOD 1874 TO 2017


WEATHER ITEM   OBSERVED TIME   RECORD YEAR NORMAL DEPARTURE LAST
                VALUE   (LST)  VALUE       VALUE  FROM      YEAR
                                                  NORMAL
..................................................................
TEMPERATURE (F)
 TODAY
  MAXIMUM         68R   328 PM  66    1926  46     22       49
  MINIMUM         44    516 AM   3    1930  28     16       36
  AVERAGE         56                        37     19       43

PRECIPITATION (IN)
  TODAY            0.00          1.27 2001   0.05  -0.05     0.00
  MONTH TO DATE    0.98                      1.08  -0.10     1.04
  SINCE OCT 1      1.16                      2.60  -1.44     1.94
  SINCE JAN 1     15.03                     14.32   0.71    12.14

SNOWFALL (IN)
  TODAY            0.0           5.9  1886   0.3   -0.3      0.0
  MONTH TO DATE    T                         4.7   -4.7      0.3
  SINCE OCT 1      T                         6.1   -6.1      0.3
  SINCE JUL 1      T                         6.1   -6.1      0.3
  SNOW DEPTH       0

DEGREE DAYS
 HEATING
  TODAY            9                        28    -19       22
  MONTH TO DATE  380                       510   -130      322
  SINCE SEP 1    891                       973    -82      590
  SINCE JUL 1    891                       978    -87      591

 COOLING
  TODAY            0                         0      0        0
  MONTH TO DATE    0                         0      0        0
  SINCE SEP 1    196                       124     72      142
  SINCE JAN 1   1758                      1160    598     1619
..................................................................


WIND (MPH)
  RESULTANT WIND SPEED   4   RESULTANT WIND DIRECTION  SE (130)
  HIGHEST WIND SPEED    12   HIGHEST WIND DIRECTION    SE (120)
  HIGHEST GUST SPEED    12   HIGHEST GUST DIRECTION    SE (120)
  AVERAGE WIND SPEED     4.9


SKY COVER
  POSSIBLE SUNSHINE  MM
  AVERAGE SKY COVER 0.1


WEATHER CONDITIONS
 THE FOLLOWING WEATHER WAS RECORDED TODAY.
  NO SIGNIFICANT WEATHER WAS OBSERVED.


RELATIVE HUMIDITY (PERCENT)
 HIGHEST    83           200 AM
 LOWEST     40           100 PM
 AVERAGE    62

..........................................................


THE SALT LAKE CITY UT CLIMATE NORMALS FOR TOMORROW
                         NORMAL    RECORD    YEAR
 MAXIMUM TEMPERATURE (F)   45        67      1897
 MINIMUM TEMPERATURE (F)   28         5      1940


SUNRISE AND SUNSET
NOVEMBER 22 2017......SUNRISE   723 AM MST   SUNSET   505 PM MST
NOVEMBER 23 2017......SUNRISE   724 AM MST   SUNSET   504 PM MST


-  INDICATES NEGATIVE NUMBERS.
R  INDICATES RECORD WAS SET OR TIED.
MM INDICATES DATA IS MISSING.
T  INDICATES TRACE AMOUNT.




$$
