000
CDUS45 KSLC 221233
CLISLC


CLIMATE REPORT
NATIONAL WEATHER SERVICE SALT LAKE CITY UT
632 AM MDT SAT JUL 22 2017


...................................

...THE SALT LAKE CITY UT CLIMATE SUMMARY FOR JULY 21 2017...

CLIMATE NORMAL PERIOD 1981 TO 2010
CLIMATE RECORD PERIOD 1874 TO 2017


WEATHER ITEM   OBSERVED TIME   RECORD YEAR NORMAL DEPARTURE LAST
                VALUE   (LST)  VALUE       VALUE  FROM      YEAR
                                                  NORMAL
..................................................................
TEMPERATURE (F)
 YESTERDAY
  MAXIMUM         97    430 PM 106    1931  94      3      102
  MINIMUM         77    603 AM  50    1949  66     11       79
                                      1939
                                      1932
  AVERAGE         87                        80      7       91

PRECIPITATION (IN)
  YESTERDAY        0.00          0.59 1987   0.03  -0.03     0.00
                                      1951
  MONTH TO DATE    0.01                      0.40  -0.39      T
  SINCE OCT 1     15.90                     13.99   1.91    11.42
  SINCE JAN 1     11.26                      9.61   1.65     8.17

SNOWFALL (IN)
  YESTERDAY        0.0          MM      MM   0.0    0.0      0.0
  MONTH TO DATE    0.0                       0.0    0.0      0.0
  SINCE OCT 1     51.4                      56.2   -4.8     34.3
  SINCE JUL 1      0.0                       0.0    0.0      0.0
  SNOW DEPTH       0

DEGREE DAYS
 HEATING
  YESTERDAY        0                         0      0        0
  MONTH TO DATE    0                         0      0        1
  SINCE JUN 1      4                        46    -42        1
  SINCE JUL 1      0                         0      0        1

 COOLING
  YESTERDAY       22                        15      7       26
  MONTH TO DATE  464                       276    188      353
  SINCE JUN 1    805                       463    342      733
  SINCE JAN 1    880                       513    367      780
..................................................................


WIND (MPH)
  RESULTANT WIND SPEED   1   RESULTANT WIND DIRECTION   E (100)
  HIGHEST WIND SPEED    22   HIGHEST WIND DIRECTION    SW (220)
  HIGHEST GUST SPEED    28   HIGHEST GUST DIRECTION    SW (210)
  AVERAGE WIND SPEED     8.2


SKY COVER
  POSSIBLE SUNSHINE  MM
  AVERAGE SKY COVER 0.2


WEATHER CONDITIONS
 THE FOLLOWING WEATHER WAS RECORDED YESTERDAY.
  NO SIGNIFICANT WEATHER WAS OBSERVED.


RELATIVE HUMIDITY (PERCENT)
 HIGHEST    45           600 AM
 LOWEST     19           600 PM
 AVERAGE    32

..........................................................


THE SALT LAKE CITY UT CLIMATE NORMALS FOR TODAY
                         NORMAL    RECORD    YEAR
 MAXIMUM TEMPERATURE (F)   94       104      2006
                                             2003
 MINIMUM TEMPERATURE (F)   66        47      1954


SUNRISE AND SUNSET
JULY 22 2017..........SUNRISE   616 AM MDT   SUNSET   853 PM MDT
JULY 23 2017..........SUNRISE   616 AM MDT   SUNSET   852 PM MDT


-  INDICATES NEGATIVE NUMBERS.
R  INDICATES RECORD WAS SET OR TIED.
MM INDICATES DATA IS MISSING.
T  INDICATES TRACE AMOUNT.




$$
