000
CDUS45 KSLC 201226
CLISLC


CLIMATE REPORT
NATIONAL WEATHER SERVICE SALT LAKE CITY UT
625 AM MDT SAT SEP 20 2014


...................................

...THE SALT LAKE CITY UT CLIMATE SUMMARY FOR SEPTEMBER 19 2014...

CLIMATE NORMAL PERIOD 1981 TO 2010
CLIMATE RECORD PERIOD 1874 TO 2014


WEATHER ITEM   OBSERVED TIME   RECORD YEAR NORMAL DEPARTURE LAST
                VALUE   (LST)  VALUE       VALUE  FROM      YEAR
                                                  NORMAL
..................................................................
TEMPERATURE (F)
 YESTERDAY
  MAXIMUM         82    446 PM  97    1956  78      4       72
  MINIMUM         61    659 AM  31    1964  52      9       47
  AVERAGE         72                        65      7       60

PRECIPITATION (IN)
  YESTERDAY        0.19          0.56 1972   0.04   0.15     0.00
  MONTH TO DATE    0.49                      0.69  -0.20     1.01
  SINCE OCT 1     13.44                     15.58  -2.14    13.02
  SINCE JAN 1     10.43                     11.20  -0.77     8.45

SNOWFALL (IN)
  YESTERDAY        0.0          MM      MM   0.0    0.0      0.0
  MONTH TO DATE    0.0                       0.0    0.0      0.0
  SINCE OCT 1     35.5                      56.2  -20.7     69.9
  SINCE JUL 1      0.0                       0.0    0.0      0.0
  SNOW DEPTH       0

DEGREE DAYS
 HEATING
  YESTERDAY        0                         3     -3        5
  MONTH TO DATE    9                        31    -22        5
  SINCE SEP 1      9                        31    -22        5
  SINCE JUL 1     10                        36    -26        5

 COOLING
  YESTERDAY        7                         3      4        0
  MONTH TO DATE  139                        98     41      194
  SINCE SEP 1    139                        98     41      194
  SINCE JAN 1   1192                      1134     58     1740
..................................................................


WIND (MPH)
  RESULTANT WIND SPEED   4   RESULTANT WIND DIRECTION  NW (320)
  HIGHEST WIND SPEED    16   HIGHEST WIND DIRECTION     W (280)
  HIGHEST GUST SPEED    18   HIGHEST GUST DIRECTION     W (280)
  AVERAGE WIND SPEED     5.8


SKY COVER
  POSSIBLE SUNSHINE  MM
  AVERAGE SKY COVER 0.2


WEATHER CONDITIONS
 THE FOLLOWING WEATHER WAS RECORDED YESTERDAY.
  THUNDERSTORM
  HEAVY RAIN
  RAIN
  LIGHT RAIN
  FOG
  HAZE


RELATIVE HUMIDITY (PERCENT)
 HIGHEST    90           400 AM
 LOWEST     30           600 PM
 AVERAGE    60

..........................................................


THE SALT LAKE CITY UT CLIMATE NORMALS FOR TODAY
                         NORMAL    RECORD    YEAR
 MAXIMUM TEMPERATURE (F)   77        91      1933
 MINIMUM TEMPERATURE (F)   51        30      1965


SUNRISE AND SUNSET
SEPTEMBER 20 2014.....SUNRISE   713 AM MDT   SUNSET   728 PM MDT
SEPTEMBER 21 2014.....SUNRISE   714 AM MDT   SUNSET   727 PM MDT


-  INDICATES NEGATIVE NUMBERS.
R  INDICATES RECORD WAS SET OR TIED.
MM INDICATES DATA IS MISSING.
T  INDICATES TRACE AMOUNT.




$$
