000
CDUS45 KSLC 281228
CLISLC


CLIMATE REPORT
NATIONAL WEATHER SERVICE SALT LAKE CITY UT
627 AM MDT THU APR 28 2016


...................................

...THE SALT LAKE CITY UT CLIMATE SUMMARY FOR APRIL 27 2016...

CLIMATE NORMAL PERIOD 1981 TO 2010
CLIMATE RECORD PERIOD 1874 TO 2016


WEATHER ITEM   OBSERVED TIME   RECORD YEAR NORMAL DEPARTURE LAST
                VALUE   (LST)  VALUE       VALUE  FROM      YEAR
                                                  NORMAL
..................................................................
TEMPERATURE (F)
 YESTERDAY
  MAXIMUM         59    145 PM  85    2000  65     -6       60
                                      1987
  MINIMUM         45    525 AM  30    1972  42      3       39
                                      1966
                                      1957
  AVERAGE         52                        54     -2       50

PRECIPITATION (IN)
  YESTERDAY        0.14          0.75 1878   0.07   0.07     0.00
  MONTH TO DATE    1.36                      1.78  -0.42     2.32
  SINCE OCT 1      9.29                     10.45  -1.16     6.21
  SINCE JAN 1      6.04                      6.07  -0.03     4.20

SNOWFALL (IN)
  YESTERDAY        0.0           6.3  1991   0.1   -0.1      0.0
  MONTH TO DATE    T                         3.8   -3.8      5.8
  SINCE OCT 1     34.3                      55.7  -21.4     15.4
  SINCE JUL 1     34.3                      55.7  -21.4     15.4
  SNOW DEPTH       0

DEGREE DAYS
 HEATING
  YESTERDAY       13                        12      1       15
  MONTH TO DATE  259                       405   -146      361
  SINCE MAR 1    805                      1067   -262      827
  SINCE JUL 1   4650                      5323   -673     4174

 COOLING
  YESTERDAY        0                         0      0        0
  MONTH TO DATE   10                         0     10        0
  SINCE MAR 1     10                         0     10        0
  SINCE JAN 1     10                         0     10        0
..................................................................


WIND (MPH)
  RESULTANT WIND SPEED   1   RESULTANT WIND DIRECTION  SE (120)
  HIGHEST WIND SPEED    22   HIGHEST WIND DIRECTION    SW (230)
  HIGHEST GUST SPEED    25   HIGHEST GUST DIRECTION    SW (220)
  AVERAGE WIND SPEED     7.6


SKY COVER
  POSSIBLE SUNSHINE  MM
  AVERAGE SKY COVER 0.9


WEATHER CONDITIONS
 THE FOLLOWING WEATHER WAS RECORDED YESTERDAY.
  RAIN
  LIGHT RAIN
  FOG


RELATIVE HUMIDITY (PERCENT)
 HIGHEST    89           400 AM
 LOWEST     39           200 PM
 AVERAGE    64

..........................................................


THE SALT LAKE CITY UT CLIMATE NORMALS FOR TODAY
                         NORMAL    RECORD    YEAR
 MAXIMUM TEMPERATURE (F)   66        85      1987
 MINIMUM TEMPERATURE (F)   43        28      1966


SUNRISE AND SUNSET
APRIL 28 2016.........SUNRISE   630 AM MDT   SUNSET   822 PM MDT
APRIL 29 2016.........SUNRISE   628 AM MDT   SUNSET   823 PM MDT


-  INDICATES NEGATIVE NUMBERS.
R  INDICATES RECORD WAS SET OR TIED.
MM INDICATES DATA IS MISSING.
T  INDICATES TRACE AMOUNT.




$$
