000
CDUS45 KSLC 011248
CLISLC


CLIMATE REPORT
NATIONAL WEATHER SERVICE SALT LAKE CITY UT
647 AM MDT WED JUL 1 2015


...................................

...THE SALT LAKE CITY UT CLIMATE SUMMARY FOR JUNE 30 2015...

CLIMATE NORMAL PERIOD 1981 TO 2010
CLIMATE RECORD PERIOD 1874 TO 2015


WEATHER ITEM   OBSERVED TIME   RECORD YEAR NORMAL DEPARTURE LAST
                VALUE   (LST)  VALUE       VALUE  FROM      YEAR
                                                  NORMAL
..................................................................
TEMPERATURE (F)
 YESTERDAY
  MAXIMUM        101    432 PM 103    2013  89     12       83
                                      1990
  MINIMUM         77    246 AM  40    1968  61     16       60
  AVERAGE         89                        75     14       72

PRECIPITATION (IN)
  YESTERDAY        T             0.29 2000   0.02  -0.02     0.00
  MONTH TO DATE    0.65                      0.98  -0.33     1.20
  SINCE OCT 1     11.05                     13.59  -2.54    10.68
  SINCE JAN 1      9.04                      9.21  -0.17     7.67

SNOWFALL (IN)
  YESTERDAY        0.0          MM      MM   0.0    0.0      0.0
  MONTH TO DATE    0.0                       0.0    0.0      0.0
  SINCE OCT 1     15.4                      56.2  -40.8     35.5
  SINCE JUL 1     15.4                      56.2  -40.8     35.5
  SNOW DEPTH       0

DEGREE DAYS
 HEATING
  YESTERDAY        0                         0      0        0
  MONTH TO DATE    0                        44    -44       39
  SINCE JUN 1      0                        46    -46       39
  SINCE JUL 1   4363                      5607  -1244     5057

 COOLING
  YESTERDAY       24                        10     14        7
  MONTH TO DATE  380                       187    193      180
  SINCE JUN 1    380                       187    193      180
  SINCE JAN 1    411                       237    174      242
..................................................................


WIND (MPH)
  RESULTANT WIND SPEED   2   RESULTANT WIND DIRECTION  NW (320)
  HIGHEST WIND SPEED    32   HIGHEST WIND DIRECTION    NW (310)
  HIGHEST GUST SPEED    40   HIGHEST GUST DIRECTION    NW (310)
  AVERAGE WIND SPEED     8.2


SKY COVER
  POSSIBLE SUNSHINE  MM
  AVERAGE SKY COVER 0.2


WEATHER CONDITIONS
 THE FOLLOWING WEATHER WAS RECORDED YESTERDAY.
  THUNDERSTORM
  HAZE


RELATIVE HUMIDITY (PERCENT)
 HIGHEST    51          1000 PM
 LOWEST     16           500 PM
 AVERAGE    34

..........................................................


THE SALT LAKE CITY UT CLIMATE NORMALS FOR TODAY
                         NORMAL    RECORD    YEAR
 MAXIMUM TEMPERATURE (F)   89       104      2013
 MINIMUM TEMPERATURE (F)   62        40      1968


SUNRISE AND SUNSET
JULY  1 2015..........SUNRISE   600 AM MDT   SUNSET   903 PM MDT
JULY  2 2015..........SUNRISE   601 AM MDT   SUNSET   903 PM MDT


-  INDICATES NEGATIVE NUMBERS.
R  INDICATES RECORD WAS SET OR TIED.
MM INDICATES DATA IS MISSING.
T  INDICATES TRACE AMOUNT.




$$
