000
CDUS45 KSLC 041219
CLISLC


CLIMATE REPORT
NATIONAL WEATHER SERVICE SALT LAKE CITY UT
619 AM MDT TUE AUG 4 2015


...................................

...THE SALT LAKE CITY UT CLIMATE SUMMARY FOR AUGUST 3 2015...

CLIMATE NORMAL PERIOD 1981 TO 2010
CLIMATE RECORD PERIOD 1874 TO 2015


WEATHER ITEM   OBSERVED TIME   RECORD YEAR NORMAL DEPARTURE LAST
                VALUE   (LST)  VALUE       VALUE  FROM      YEAR
                                                  NORMAL
..................................................................
TEMPERATURE (F)
 YESTERDAY
  MAXIMUM         75   1204 AM 102    1994  93    -18       93
                                      1960
  MINIMUM         62   1118 AM  47    1928  66     -4       67
  AVERAGE         69                        80    -11       80

PRECIPITATION (IN)
  YESTERDAY        0.44          1.22 1945   0.02   0.42      T
  MONTH TO DATE    0.44                      0.06   0.38      T
  SINCE OCT 1     12.71                     14.26  -1.55    11.18
  SINCE JAN 1     10.70                      9.88   0.82     8.17

SNOWFALL (IN)
  YESTERDAY        0.0          MM      MM   0.0    0.0      0.0
  MONTH TO DATE    0.0                       0.0    0.0      0.0
  SINCE OCT 1     15.4                      56.2  -40.8     35.5
  SINCE JUL 1      0.0                       0.0    0.0      0.0
  SNOW DEPTH       0

DEGREE DAYS
 HEATING
  YESTERDAY        0                         0      0        0
  MONTH TO DATE    0                         0      0        0
  SINCE JUN 1      0                        48    -48       39
  SINCE JUL 1      0                         2     -2        0

 COOLING
  YESTERDAY        4                        15    -11       15
  MONTH TO DATE   33                        45    -12       45
  SINCE JUN 1    806                       657    149      740
  SINCE JAN 1    837                       707    130      802
..................................................................


WIND (MPH)
  RESULTANT WIND SPEED   1   RESULTANT WIND DIRECTION  SE (150)
  HIGHEST WIND SPEED    29   HIGHEST WIND DIRECTION     S (160)
  HIGHEST GUST SPEED    38   HIGHEST GUST DIRECTION     S (160)
  AVERAGE WIND SPEED     8.1


SKY COVER
  POSSIBLE SUNSHINE  MM
  AVERAGE SKY COVER 0.7


WEATHER CONDITIONS
 THE FOLLOWING WEATHER WAS RECORDED YESTERDAY.
  RAIN
  LIGHT RAIN
  FOG


RELATIVE HUMIDITY (PERCENT)
 HIGHEST    93           800 AM
 LOWEST     46          1200 AM
 AVERAGE    70

..........................................................


THE SALT LAKE CITY UT CLIMATE NORMALS FOR TODAY
                         NORMAL    RECORD    YEAR
 MAXIMUM TEMPERATURE (F)   93       106      1994
 MINIMUM TEMPERATURE (F)   66        48      1944


SUNRISE AND SUNSET
AUGUST  4 2015........SUNRISE   627 AM MDT   SUNSET   840 PM MDT
AUGUST  5 2015........SUNRISE   628 AM MDT   SUNSET   839 PM MDT


-  INDICATES NEGATIVE NUMBERS.
R  INDICATES RECORD WAS SET OR TIED.
MM INDICATES DATA IS MISSING.
T  INDICATES TRACE AMOUNT.




$$
