000
CDUS45 KSLC 300027
CLISLC


CLIMATE REPORT
NATIONAL WEATHER SERVICE SALT LAKE CITY UT
626 PM MDT MON AUG 29 2016


...................................

...THE SALT LAKE CITY UT CLIMATE SUMMARY FOR AUGUST 29 2016...
VALID TODAY AS OF 0500 PM LOCAL TIME.

CLIMATE NORMAL PERIOD 1981 TO 2010
CLIMATE RECORD PERIOD 1874 TO 2016


WEATHER ITEM   OBSERVED TIME   RECORD YEAR NORMAL DEPARTURE LAST
                VALUE   (LST)  VALUE       VALUE  FROM      YEAR
                                                  NORMAL
..................................................................
TEMPERATURE (F)
 TODAY
  MAXIMUM         95    348 PM  99    2005  87      8       96
                                      1948
  MINIMUM         62    525 AM  37    1964  60      2       73
  AVERAGE         79                        74      5       85

PRECIPITATION (IN)
  TODAY            0.00          0.91 1957   0.03  -0.03     0.00
  MONTH TO DATE    0.15                      0.63  -0.48     0.89
  SINCE OCT 1     11.57                     14.83  -3.26    13.16
  SINCE JAN 1      8.32                     10.45  -2.13    11.15

SNOWFALL (IN)
  TODAY            0.0          MM      MM   0.0    0.0      0.0
  MONTH TO DATE    0.0                       0.0    0.0      0.0
  SINCE OCT 1     34.3                      56.2  -21.9     15.4
  SINCE JUL 1      0.0                       0.0    0.0      0.0
  SNOW DEPTH       0

DEGREE DAYS
 HEATING
  TODAY            0                         0      0        0
  MONTH TO DATE    0                         0      0        0
  SINCE JUN 1      1                        48    -47        0
  SINCE JUL 1      1                         2     -1        0

 COOLING
  TODAY           14                         9      5       20
  MONTH TO DATE  441                       357     84      377
  SINCE JUN 1   1392                       969    423     1150
  SINCE JAN 1   1439                      1019    420     1181
..................................................................


WIND (MPH)
  RESULTANT WIND SPEED   0   RESULTANT WIND DIRECTION   E (100)
  HIGHEST WIND SPEED    16   HIGHEST WIND DIRECTION     N (340)
  HIGHEST GUST SPEED    22   HIGHEST GUST DIRECTION     N (350)
  AVERAGE WIND SPEED     6.6


SKY COVER
  POSSIBLE SUNSHINE  MM
  AVERAGE SKY COVER 0.1


WEATHER CONDITIONS
 THE FOLLOWING WEATHER WAS RECORDED TODAY.
  HAZE


RELATIVE HUMIDITY (PERCENT)
 HIGHEST    43           500 AM
 LOWEST      9           300 PM
 AVERAGE    26

..........................................................


THE SALT LAKE CITY UT CLIMATE NORMALS FOR TOMORROW
                         NORMAL    RECORD    YEAR
 MAXIMUM TEMPERATURE (F)   87       100      1954
 MINIMUM TEMPERATURE (F)   60        38      1964


SUNRISE AND SUNSET
AUGUST 29 2016........SUNRISE   652 AM MDT   SUNSET   804 PM MDT
AUGUST 30 2016........SUNRISE   653 AM MDT   SUNSET   802 PM MDT


-  INDICATES NEGATIVE NUMBERS.
R  INDICATES RECORD WAS SET OR TIED.
MM INDICATES DATA IS MISSING.
T  INDICATES TRACE AMOUNT.




$$
