000
CDUS45 KSLC 141245
CLISLC


CLIMATE REPORT
NATIONAL WEATHER SERVICE SALT LAKE CITY UT
545 AM MST SUN FEB 14 2016


...................................

...THE SALT LAKE CITY UT CLIMATE SUMMARY FOR FEBRUARY 13 2016...

CLIMATE NORMAL PERIOD 1981 TO 2010
CLIMATE RECORD PERIOD 1874 TO 2016


WEATHER ITEM   OBSERVED TIME   RECORD YEAR NORMAL DEPARTURE LAST
                VALUE   (LST)  VALUE       VALUE  FROM      YEAR
                                                  NORMAL
..................................................................
TEMPERATURE (F)
 YESTERDAY
  MAXIMUM         37    419 PM  65    1921  42     -5       59
  MINIMUM         28    720 AM -13    1884  25      3       32
  AVERAGE         33                        33      0       46

PRECIPITATION (IN)
  YESTERDAY        0.00          0.76 1909   0.04  -0.04     0.00
  MONTH TO DATE    0.11                      0.54  -0.43     0.17
  SINCE OCT 1      5.30                      6.17  -0.87     3.04
  SINCE JAN 1      2.05                      1.79   0.26     1.03

SNOWFALL (IN)
  YESTERDAY        0.0           5.8  1968   0.5   -0.5      0.0
  MONTH TO DATE    1.9                       5.2   -3.3      0.0
  SINCE OCT 1     29.7                      39.9  -10.2      6.8
  SINCE JUL 1     29.7                      39.9  -10.2      6.8
  SNOW DEPTH       0

DEGREE DAYS
 HEATING
  YESTERDAY       32                        32      0       19
  MONTH TO DATE  465                       430     35      202
  SINCE DEC 1   2565                      2606    -41     1996
  SINCE JUL 1   3507                      3824   -317     2966

 COOLING
  YESTERDAY        0                         0      0        0
  MONTH TO DATE    0                         0      0        0
  SINCE DEC 1      0                         0      0        0
  SINCE JAN 1      0                         0      0        0
..................................................................


WIND (MPH)
  RESULTANT WIND SPEED   3   RESULTANT WIND DIRECTION   N (340)
  HIGHEST WIND SPEED    12   HIGHEST WIND DIRECTION     N (360)
  HIGHEST GUST SPEED    14   HIGHEST GUST DIRECTION     N (340)
  AVERAGE WIND SPEED     4.1


SKY COVER
  POSSIBLE SUNSHINE  MM
  AVERAGE SKY COVER 0.9


WEATHER CONDITIONS
 THE FOLLOWING WEATHER WAS RECORDED YESTERDAY.
  FOG
  FOG W/VISIBILITY <= 1/4 MILE
  HAZE


RELATIVE HUMIDITY (PERCENT)
 HIGHEST   100          1200 AM
 LOWEST     75           400 PM
 AVERAGE    88

..........................................................


THE SALT LAKE CITY UT CLIMATE NORMALS FOR TODAY
                         NORMAL    RECORD    YEAR
 MAXIMUM TEMPERATURE (F)   43        63      1921
 MINIMUM TEMPERATURE (F)   25       -13      1933


SUNRISE AND SUNSET
FEBRUARY 14 2016......SUNRISE   724 AM MST   SUNSET   601 PM MST
FEBRUARY 15 2016......SUNRISE   722 AM MST   SUNSET   602 PM MST


-  INDICATES NEGATIVE NUMBERS.
R  INDICATES RECORD WAS SET OR TIED.
MM INDICATES DATA IS MISSING.
T  INDICATES TRACE AMOUNT.




$$
