000
CDUS45 KSLC 311236
CLISLC


CLIMATE REPORT
NATIONAL WEATHER SERVICE SALT LAKE CITY UT
635 AM MDT FRI OCT 31 2014


...................................

...THE SALT LAKE CITY UT CLIMATE SUMMARY FOR OCTOBER 30 2014...

CLIMATE NORMAL PERIOD 1981 TO 2010
CLIMATE RECORD PERIOD 1874 TO 2014


WEATHER ITEM   OBSERVED TIME   RECORD YEAR NORMAL DEPARTURE LAST
                VALUE   (LST)  VALUE       VALUE  FROM      YEAR
                                                  NORMAL
..................................................................
TEMPERATURE (F)
 YESTERDAY
  MAXIMUM         69    401 PM  77    2008  58     11       51
                                      1950
  MINIMUM         38    643 AM  16    1971  37      1       40
  AVERAGE         54                        47      7       46

PRECIPITATION (IN)
  YESTERDAY        0.00          0.45 1968   0.06  -0.06     0.11
  MONTH TO DATE    0.01                      1.47  -1.46     0.74
  SINCE OCT 1      0.01                      1.47  -1.46     0.74
  SINCE JAN 1     12.46                     13.19  -0.73     9.35

SNOWFALL (IN)
  YESTERDAY        0.0           2.2  1981   0.1   -0.1      0.0
  MONTH TO DATE    0.0                       1.3   -1.3       T
  SINCE OCT 1      0.0                       1.3   -1.3       T
  SINCE JUL 1      0.0                       1.3   -1.3       T
  SNOW DEPTH       0

DEGREE DAYS
 HEATING
  YESTERDAY       11                        18     -7       19
  MONTH TO DATE  233                       362   -129      368
  SINCE SEP 1    265                       446   -181      423
  SINCE JUL 1    266                       451   -185      423

 COOLING
  YESTERDAY        0                         0      0        0
  MONTH TO DATE    2                         5     -3        0
  SINCE SEP 1    191                       122     69      222
  SINCE JAN 1   1244                      1158     86     1768
..................................................................


WIND (MPH)
  RESULTANT WIND SPEED   2   RESULTANT WIND DIRECTION  SE (140)
  HIGHEST WIND SPEED    20   HIGHEST WIND DIRECTION     S (190)
  HIGHEST GUST SPEED    24   HIGHEST GUST DIRECTION     S (190)
  AVERAGE WIND SPEED     6.1


SKY COVER
  POSSIBLE SUNSHINE  MM
  AVERAGE SKY COVER 0.0


WEATHER CONDITIONS
 THE FOLLOWING WEATHER WAS RECORDED YESTERDAY.
  HAZE


RELATIVE HUMIDITY (PERCENT)
 HIGHEST    71           900 PM
 LOWEST     22           300 PM
 AVERAGE    47

..........................................................


THE SALT LAKE CITY UT CLIMATE NORMALS FOR TODAY
                         NORMAL    RECORD    YEAR
 MAXIMUM TEMPERATURE (F)   58        76      2012
 MINIMUM TEMPERATURE (F)   36        18      1935


SUNRISE AND SUNSET
OCTOBER 31 2014.......SUNRISE   757 AM MDT   SUNSET   625 PM MDT
NOVEMBER  1 2014......SUNRISE   758 AM MDT   SUNSET   624 PM MDT


-  INDICATES NEGATIVE NUMBERS.
R  INDICATES RECORD WAS SET OR TIED.
MM INDICATES DATA IS MISSING.
T  INDICATES TRACE AMOUNT.




$$
