000
CDUS46 KPQR 291147
CLISLE


CLIMATE REPORT
NATIONAL WEATHER SERVICE PORTLAND OREGON
445 AM PDT SAT AUG 29 2015


...................................

...THE SALEM OR CLIMATE SUMMARY FOR AUGUST 28 2015...

CLIMATE NORMAL PERIOD 1981 TO 2010
CLIMATE RECORD PERIOD 1892 TO 2015


WEATHER ITEM   OBSERVED TIME   RECORD YEAR NORMAL DEPARTURE LAST
                VALUE   (LST)  VALUE       VALUE  FROM      YEAR
                                                  NORMAL
..................................................................
TEMPERATURE (F)
 YESTERDAY
  MAXIMUM         82    318 PM 100    1935  81      1       87
  MINIMUM         64    524 AM  36    1980  52     12       56
  AVERAGE         73                        66      7       72

PRECIPITATION (IN)
  YESTERDAY        T             0.61 1983   0.03  -0.03     0.00
  MONTH TO DATE    T                         0.38  -0.38     0.28
  SINCE OCT 1     32.82                     38.32  -5.50    27.33
  SINCE JAN 1     15.28                     21.93  -6.65    22.75

DEGREE DAYS
 HEATING
  YESTERDAY        0                         1     -1        0
  MONTH TO DATE    0                        25    -25        0
  SINCE JUN 1     24                       185   -161       69
  SINCE JUL 1      2                        55    -53        3

 COOLING
  YESTERDAY        8                         3      5        7
  MONTH TO DATE  197                        99     98      235
  SINCE JUN 1    618                       236    382      496
  SINCE JAN 1    631                       245    386      512
..................................................................


WIND (MPH)
  HIGHEST WIND SPEED    13   HIGHEST WIND DIRECTION     N (340)
  HIGHEST GUST SPEED    15   HIGHEST GUST DIRECTION     N (360)
  AVERAGE WIND SPEED     5.1


SKY COVER
  POSSIBLE SUNSHINE  MM
  AVERAGE SKY COVER 0.5


WEATHER CONDITIONS
 THE FOLLOWING WEATHER WAS RECORDED YESTERDAY.
  LIGHT RAIN


RELATIVE HUMIDITY (PERCENT)
 HIGHEST    73           600 AM
 LOWEST     44          1200 AM
 AVERAGE    59

..........................................................


THE SALEM OR CLIMATE NORMALS FOR TODAY
                         NORMAL    RECORD    YEAR
 MAXIMUM TEMPERATURE (F)   81       101      1931
 MINIMUM TEMPERATURE (F)   52        38      1969
                                             1965


SUNRISE AND SUNSET
AUGUST 29 2015........SUNRISE   630 AM PDT   SUNSET   755 PM PDT
AUGUST 30 2015........SUNRISE   632 AM PDT   SUNSET   753 PM PDT


-  INDICATES NEGATIVE NUMBERS.
R  INDICATES RECORD WAS SET OR TIED.
MM INDICATES DATA IS MISSING.
T  INDICATES TRACE AMOUNT.




$$
