000
CDUS46 KPQR 280220
CLISLE


CLIMATE REPORT
NATIONAL WEATHER SERVICE PORTLAND OREGON
720 PM PDT WED MAY 27 2015


...................................

...THE SALEM OR CLIMATE SUMMARY FOR MAY 27 2015...
VALID TODAY AS OF 0700 PM LOCAL TIME.

CLIMATE NORMAL PERIOD 1981 TO 2010
CLIMATE RECORD PERIOD 1892 TO 2015


WEATHER ITEM   OBSERVED TIME   RECORD YEAR NORMAL DEPARTURE LAST
                VALUE   (LST)  VALUE       VALUE  FROM      YEAR
                                                  NORMAL
..................................................................
TEMPERATURE (F)
 TODAY
  MAXIMUM         80    425 PM  90    2005  70     10       67
  MINIMUM         49    518 AM  30    1966  47      2       51
  AVERAGE         65                        58      7       59

PRECIPITATION (IN)
  TODAY            0.00          0.60 2006   0.08  -0.08     0.05
  MONTH TO DATE    0.72                      1.92  -1.20     2.01
  SINCE OCT 1     32.14                     35.63  -3.49    25.89
  SINCE JAN 1     14.60                     19.24  -4.64    21.31

DEGREE DAYS
 HEATING
  TODAY            0                         7     -7        6
  MONTH TO DATE  159                       252    -93      146
  SINCE MAR 1    986                      1255   -269      987
  SINCE JUL 1   3456                      4495  -1039     4273

 COOLING
  TODAY            0                         0      0        0
  MONTH TO DATE    0                         0      0       15
  SINCE MAR 1      0                         0      0       16
  SINCE JAN 1      0                         0      0       16
..................................................................


WIND (MPH)
  HIGHEST WIND SPEED    14   HIGHEST WIND DIRECTION     N (360)
  HIGHEST GUST SPEED    17   HIGHEST GUST DIRECTION     N (360)
  AVERAGE WIND SPEED     3.5


SKY COVER
  POSSIBLE SUNSHINE  MM
  AVERAGE SKY COVER 0.2


WEATHER CONDITIONS
 THE FOLLOWING WEATHER WAS RECORDED TODAY.
  NO SIGNIFICANT WEATHER WAS OBSERVED.


RELATIVE HUMIDITY (PERCENT)
 HIGHEST    93           500 AM
 LOWEST     42           300 PM
 AVERAGE    68

..........................................................


THE SALEM OR CLIMATE NORMALS FOR TOMORROW
                         NORMAL    RECORD    YEAR
 MAXIMUM TEMPERATURE (F)   70       100      1983
 MINIMUM TEMPERATURE (F)   47        32      1966


SUNRISE AND SUNSET
MAY 27 2015...........SUNRISE   532 AM PDT   SUNSET   847 PM PDT
MAY 28 2015...........SUNRISE   531 AM PDT   SUNSET   848 PM PDT


-  INDICATES NEGATIVE NUMBERS.
R  INDICATES RECORD WAS SET OR TIED.
MM INDICATES DATA IS MISSING.
T  INDICATES TRACE AMOUNT.




$$
