000
CDUS46 KPQR 210020
CLISLE


CLIMATE REPORT
NATIONAL WEATHER SERVICE PORTLAND OREGON
420 PM PST THU NOV 20 2014


...................................

...THE SALEM OR CLIMATE SUMMARY FOR NOVEMBER 20 2014...
VALID TODAY AS OF 0400 PM LOCAL TIME.

CLIMATE NORMAL PERIOD 1981 TO 2010
CLIMATE RECORD PERIOD 1892 TO 2014


WEATHER ITEM   OBSERVED TIME   RECORD YEAR NORMAL DEPARTURE LAST
                VALUE   (LST)  VALUE       VALUE  FROM      YEAR
                                                  NORMAL
..................................................................
TEMPERATURE (F)
 TODAY
  MAXIMUM         49    209 PM  65    1910  51     -2       48
  MINIMUM         40    725 AM  15    1977  38      2       30
  AVERAGE         45                        44      1       39

PRECIPITATION (IN)
  TODAY            0.03          2.30 1921   0.24  -0.21     0.00
  MONTH TO DATE    2.08                      4.08  -2.00     2.68
  SINCE OCT 1      7.88                      7.11   0.77     3.31
  SINCE JAN 1     31.90                     30.39   1.51    22.31

DEGREE DAYS
 HEATING
  TODAY           20                        20      0       26
  MONTH TO DATE  404                       366     38      317
  SINCE SEP 1    609                       842   -233      782
  SINCE JUL 1    613                       898   -285      787

 COOLING
  TODAY            0                         0      0        0
  MONTH TO DATE    0                         0      0        0
  SINCE SEP 1     87                        38     49       75
  SINCE JAN 1    605                       290    315      502
..................................................................


WIND (MPH)
  HIGHEST WIND SPEED     7   HIGHEST WIND DIRECTION     N (340)
  HIGHEST GUST SPEED     8   HIGHEST GUST DIRECTION    NW (310)
  AVERAGE WIND SPEED     2.0


SKY COVER
  POSSIBLE SUNSHINE  MM
  AVERAGE SKY COVER 0.8


WEATHER CONDITIONS
 THE FOLLOWING WEATHER WAS RECORDED TODAY.
  LIGHT RAIN
  FOG
  HAZE


RELATIVE HUMIDITY (PERCENT)
 HIGHEST    96          1100 AM
 LOWEST     86           400 AM
 AVERAGE    91

..........................................................


THE SALEM OR CLIMATE NORMALS FOR TOMORROW
                         NORMAL    RECORD    YEAR
 MAXIMUM TEMPERATURE (F)   51        61      1933
 MINIMUM TEMPERATURE (F)   38        20      1900


SUNRISE AND SUNSET
NOVEMBER 20 2014......SUNRISE   716 AM PST   SUNSET   439 PM PST
NOVEMBER 21 2014......SUNRISE   718 AM PST   SUNSET   438 PM PST


-  INDICATES NEGATIVE NUMBERS.
R  INDICATES RECORD WAS SET OR TIED.
MM INDICATES DATA IS MISSING.
T  INDICATES TRACE AMOUNT.




$$
