000
CDUS46 KPQR 290223
CLISLE


CLIMATE REPORT
NATIONAL WEATHER SERVICE PORTLAND OREGON
722 PM PDT WED JUN 28 2017


...................................

...THE SALEM OR CLIMATE SUMMARY FOR JUNE 28 2017...
VALID TODAY AS OF 0700 PM LOCAL TIME.

CLIMATE NORMAL PERIOD 1981 TO 2010
CLIMATE RECORD PERIOD 1892 TO 2017


WEATHER ITEM   OBSERVED TIME   RECORD YEAR NORMAL DEPARTURE LAST
                VALUE   (LST)  VALUE       VALUE  FROM      YEAR
                                                  NORMAL
..................................................................
TEMPERATURE (F)
 TODAY
  MAXIMUM         76    508 PM 101    2008  77     -1       85
  MINIMUM         52    311 AM  41    1971  51      1       53
                                      1968
  AVERAGE         64                        64      0       69

PRECIPITATION (IN)
  TODAY            0.00          0.68 2002   0.02  -0.02     0.00
  MONTH TO DATE    0.74                      1.49  -0.75     1.00
  SINCE OCT 1     56.60                     37.42  19.18    44.86
  SINCE JAN 1     33.30                     21.03  12.27    21.31

DEGREE DAYS
 HEATING
  TODAY            1                         3     -2        0
  MONTH TO DATE   82                       125    -43       78
  SINCE JUN 1     82                       125    -43       78
  SINCE JUL 1   4418                      4648   -230     3604

 COOLING
  TODAY            0                         2     -2        4
  MONTH TO DATE   66                        25     41       86
  SINCE JUN 1     66                        25     41       86
  SINCE JAN 1     93                        34     59      107
..................................................................


WIND (MPH)
  HIGHEST WIND SPEED    12   HIGHEST WIND DIRECTION    NW (300)
  HIGHEST GUST SPEED    16   HIGHEST GUST DIRECTION     N (360)
  AVERAGE WIND SPEED     4.2


SKY COVER
  POSSIBLE SUNSHINE  MM
  AVERAGE SKY COVER 0.6


WEATHER CONDITIONS
 THE FOLLOWING WEATHER WAS RECORDED TODAY.
  NO SIGNIFICANT WEATHER WAS OBSERVED.


RELATIVE HUMIDITY (PERCENT)
 HIGHEST    83           200 AM
 LOWEST     44           300 PM
 AVERAGE    64

..........................................................


THE SALEM OR CLIMATE NORMALS FOR TOMORROW
                         NORMAL    RECORD    YEAR
 MAXIMUM TEMPERATURE (F)   78        99      1951
 MINIMUM TEMPERATURE (F)   51        38      1893


SUNRISE AND SUNSET
JUNE 28 2017..........SUNRISE   528 AM PDT   SUNSET   902 PM PDT
JUNE 29 2017..........SUNRISE   529 AM PDT   SUNSET   902 PM PDT


-  INDICATES NEGATIVE NUMBERS.
R  INDICATES RECORD WAS SET OR TIED.
MM INDICATES DATA IS MISSING.
T  INDICATES TRACE AMOUNT.




$$
