000
CDUS46 KPQR 181141
CLISLE


CLIMATE REPORT
NATIONAL WEATHER SERVICE PORTLAND OREGON
340 AM PST SAT NOV 18 2017


...................................

...THE SALEM OR CLIMATE SUMMARY FOR NOVEMBER 17 2017...

CLIMATE NORMAL PERIOD 1981 TO 2010
CLIMATE RECORD PERIOD 1892 TO 2017


WEATHER ITEM   OBSERVED TIME   RECORD YEAR NORMAL DEPARTURE LAST
                VALUE   (LST)  VALUE       VALUE  FROM      YEAR
                                                  NORMAL
..................................................................
TEMPERATURE (F)
 YESTERDAY
  MAXIMUM         52    232 PM  64    1932  52      0       54
  MINIMUM         40   1159 PM  18    1961  38      2       37
  AVERAGE         46                        45      1       46

PRECIPITATION (IN)
  YESTERDAY        0.04          1.74 1981   0.22  -0.18     0.00
  MONTH TO DATE    4.13                      3.38   0.75     2.51
  SINCE OCT 1      9.58                      6.41   3.17    13.76
  SINCE JAN 1     45.39                     29.69  15.70    37.47

DEGREE DAYS
 HEATING
  YESTERDAY       19                        20     -1       19
  MONTH TO DATE  286                       306    -20      192
  SINCE SEP 1    703                       782    -79      571
  SINCE JUL 1    705                       838   -133      586

 COOLING
  YESTERDAY        0                         0      0        0
  MONTH TO DATE    0                         0      0        0
  SINCE SEP 1    127                        38     89       19
  SINCE JAN 1    647                       290    357      465
..................................................................


WIND (MPH)
  HIGHEST WIND SPEED    18   HIGHEST WIND DIRECTION     S (190)
  HIGHEST GUST SPEED    22   HIGHEST GUST DIRECTION     S (200)
  AVERAGE WIND SPEED     9.8


SKY COVER
  POSSIBLE SUNSHINE  MM
  AVERAGE SKY COVER 0.6


WEATHER CONDITIONS
 THE FOLLOWING WEATHER WAS RECORDED YESTERDAY.
  LIGHT RAIN
  FOG


RELATIVE HUMIDITY (PERCENT)
 HIGHEST    89          1200 AM
 LOWEST     68           300 PM
 AVERAGE    79

..........................................................


THE SALEM OR CLIMATE NORMALS FOR TODAY
                         NORMAL    RECORD    YEAR
 MAXIMUM TEMPERATURE (F)   52        65      1897
 MINIMUM TEMPERATURE (F)   38        20      2000


SUNRISE AND SUNSET
NOVEMBER 18 2017......SUNRISE   714 AM PST   SUNSET   440 PM PST
NOVEMBER 19 2017......SUNRISE   715 AM PST   SUNSET   439 PM PST


-  INDICATES NEGATIVE NUMBERS.
R  INDICATES RECORD WAS SET OR TIED.
MM INDICATES DATA IS MISSING.
T  INDICATES TRACE AMOUNT.




$$
