000
CDUS46 KPQR 011145
CLISLE


CLIMATE REPORT
NATIONAL WEATHER SERVICE PORTLAND OREGON
444 AM PDT FRI AUG 1 2014


...................................

...THE SALEM OR CLIMATE SUMMARY FOR JULY 31 2014...

CLIMATE NORMAL PERIOD 1981 TO 2010
CLIMATE RECORD PERIOD 1892 TO 2014


WEATHER ITEM   OBSERVED TIME   RECORD YEAR NORMAL DEPARTURE LAST
                VALUE   (LST)  VALUE       VALUE  FROM      YEAR
                                                  NORMAL
..................................................................
TEMPERATURE (F)
 YESTERDAY
  MAXIMUM         94    435 PM 104    1965  84     10       80
  MINIMUM         61    535 AM  41    1920  54      7       57
  AVERAGE         78                        69      9       69

PRECIPITATION (IN)
  YESTERDAY        T             0.51 1989   0.01  -0.01     0.00
  MONTH TO DATE    0.46                      0.46   0.00     0.00
  SINCE OCT 1     27.05                     37.94 -10.89    33.87
  SINCE JAN 1     22.47                     21.55   0.92    11.61

DEGREE DAYS
 HEATING
  YESTERDAY        0                         0      0        0
  MONTH TO DATE    3                        30    -27        2
  SINCE JUN 1     69                       160    -91       81
  SINCE JUL 1      3                        30    -27        2

 COOLING
  YESTERDAY       13                         4      9        4
  MONTH TO DATE  242                       109    133      176
  SINCE JUN 1    261                       137    124      229
  SINCE JAN 1    277                       146    131      239
..................................................................


WIND (MPH)
  HIGHEST WIND SPEED    17   HIGHEST WIND DIRECTION     N (20)
  HIGHEST GUST SPEED    23   HIGHEST GUST DIRECTION     N (20)
  AVERAGE WIND SPEED     8.3


SKY COVER
  POSSIBLE SUNSHINE  MM
  AVERAGE SKY COVER 0.0


WEATHER CONDITIONS
 THE FOLLOWING WEATHER WAS RECORDED YESTERDAY.
  THUNDERSTORM
  RAIN
  LIGHT RAIN


RELATIVE HUMIDITY (PERCENT)
 HIGHEST    78           200 AM
 LOWEST     26           200 PM
 AVERAGE    52

..........................................................


THE SALEM OR CLIMATE NORMALS FOR TODAY
                         NORMAL    RECORD    YEAR
 MAXIMUM TEMPERATURE (F)   84        97      1986
 MINIMUM TEMPERATURE (F)   54        37      1920


SUNRISE AND SUNSET
AUGUST  1 2014........SUNRISE   558 AM PDT   SUNSET   838 PM PDT
AUGUST  2 2014........SUNRISE   559 AM PDT   SUNSET   837 PM PDT


-  INDICATES NEGATIVE NUMBERS.
R  INDICATES RECORD WAS SET OR TIED.
MM INDICATES DATA IS MISSING.
T  INDICATES TRACE AMOUNT.




$$
