000
CDUS46 KPQR 231142
CLISLE


CLIMATE REPORT
NATIONAL WEATHER SERVICE PORTLAND OREGON
441 AM PDT TUE MAY 23 2017


...................................

...THE SALEM OR CLIMATE SUMMARY FOR MAY 22 2017...

CLIMATE NORMAL PERIOD 1981 TO 2010
CLIMATE RECORD PERIOD 1892 TO 2017


WEATHER ITEM   OBSERVED TIME   RECORD YEAR NORMAL DEPARTURE LAST
                VALUE   (LST)  VALUE       VALUE  FROM      YEAR
                                                  NORMAL
..................................................................
TEMPERATURE (F)
 YESTERDAY
  MAXIMUM         91    423 PM  93    2001  69     22       65
  MINIMUM         52    446 AM  31    1960  46      6       49
  AVERAGE         72                        58     14       57

PRECIPITATION (IN)
  YESTERDAY        0.00          0.68 1942   0.07  -0.07     0.42
  MONTH TO DATE    1.62                      1.55   0.07     1.16
  SINCE OCT 1     55.84                     35.26  20.58    43.85
  SINCE JAN 1     32.54                     18.87  13.67    20.30

DEGREE DAYS
 HEATING
  YESTERDAY        0                         8     -8        8
  MONTH TO DATE  199                       216    -17      101
  SINCE MAR 1   1150                      1219    -69      827
  SINCE JUL 1   4308                      4459   -151     3483

 COOLING
  YESTERDAY        7                         0      7        0
  MONTH TO DATE   15                         0     15       10
  SINCE MAR 1     15                         0     15       17
  SINCE JAN 1     15                         0     15       17
..................................................................


WIND (MPH)
  HIGHEST WIND SPEED    12   HIGHEST WIND DIRECTION     N (10)
  HIGHEST GUST SPEED    14   HIGHEST GUST DIRECTION     N (10)
  AVERAGE WIND SPEED     4.6


SKY COVER
  POSSIBLE SUNSHINE  MM
  AVERAGE SKY COVER 0.0


WEATHER CONDITIONS
 THE FOLLOWING WEATHER WAS RECORDED YESTERDAY.
  NO SIGNIFICANT WEATHER WAS OBSERVED.


RELATIVE HUMIDITY (PERCENT)
 HIGHEST    89           400 AM
 LOWEST     32           400 PM
 AVERAGE    61

..........................................................


THE SALEM OR CLIMATE NORMALS FOR TODAY
                         NORMAL    RECORD    YEAR
 MAXIMUM TEMPERATURE (F)   69        93      1947
 MINIMUM TEMPERATURE (F)   46        32      1935


SUNRISE AND SUNSET
MAY 23 2017...........SUNRISE   535 AM PDT   SUNSET   843 PM PDT
MAY 24 2017...........SUNRISE   534 AM PDT   SUNSET   844 PM PDT


-  INDICATES NEGATIVE NUMBERS.
R  INDICATES RECORD WAS SET OR TIED.
MM INDICATES DATA IS MISSING.
T  INDICATES TRACE AMOUNT.




$$
