000
CDUS46 KPQR 031141
CLISLE


CLIMATE REPORT
NATIONAL WEATHER SERVICE PORTLAND OREGON
440 AM PDT MON AUG 3 2015


...................................

...THE SALEM OR CLIMATE SUMMARY FOR AUGUST 2 2015...

CLIMATE NORMAL PERIOD 1981 TO 2010
CLIMATE RECORD PERIOD 1892 TO 2015


WEATHER ITEM   OBSERVED TIME   RECORD YEAR NORMAL DEPARTURE LAST
                VALUE   (LST)  VALUE       VALUE  FROM      YEAR
                                                  NORMAL
..................................................................
TEMPERATURE (F)
 YESTERDAY
  MAXIMUM         82    444 PM 102    1939  84     -2       90
  MINIMUM         63    525 AM  40    1920  54      9       59
  AVERAGE         73                        69      4       75

PRECIPITATION (IN)
  YESTERDAY        0.00          0.20 1996   0.01  -0.01     0.00
  MONTH TO DATE    0.00                      0.02  -0.02     0.15
  SINCE OCT 1     32.82                     37.96  -5.14    27.20
  SINCE JAN 1     15.28                     21.57  -6.29    22.62

DEGREE DAYS
 HEATING
  YESTERDAY        0                         0      0        0
  MONTH TO DATE    0                         0      0        0
  SINCE JUN 1     24                       160   -136       69
  SINCE JUL 1      2                        30    -28        3

 COOLING
  YESTERDAY        8                         4      4       10
  MONTH TO DATE   23                         8     15       24
  SINCE JUN 1    444                       145    299      285
  SINCE JAN 1    457                       154    303      301
..................................................................


WIND (MPH)
  HIGHEST WIND SPEED    14   HIGHEST WIND DIRECTION    NW (300)
  HIGHEST GUST SPEED    17   HIGHEST GUST DIRECTION    NW (300)
  AVERAGE WIND SPEED     4.2


SKY COVER
  POSSIBLE SUNSHINE  MM
  AVERAGE SKY COVER 0.1


WEATHER CONDITIONS
 THE FOLLOWING WEATHER WAS RECORDED YESTERDAY.
  NO SIGNIFICANT WEATHER WAS OBSERVED.


RELATIVE HUMIDITY (PERCENT)
 HIGHEST    67           300 AM
 LOWEST     36           300 PM
 AVERAGE    52

..........................................................


THE SALEM OR CLIMATE NORMALS FOR TODAY
                         NORMAL    RECORD    YEAR
 MAXIMUM TEMPERATURE (F)   84       102      1952
 MINIMUM TEMPERATURE (F)   54        42      1931


SUNRISE AND SUNSET
AUGUST  3 2015........SUNRISE   600 AM PDT   SUNSET   836 PM PDT
AUGUST  4 2015........SUNRISE   601 AM PDT   SUNSET   835 PM PDT


-  INDICATES NEGATIVE NUMBERS.
R  INDICATES RECORD WAS SET OR TIED.
MM INDICATES DATA IS MISSING.
T  INDICATES TRACE AMOUNT.




$$
