000
CDUS46 KPQR 031141
CLISLE


CLIMATE REPORT
NATIONAL WEATHER SERVICE PORTLAND OREGON
340 AM PST TUE MAR 3 2015


...................................

...THE SALEM OR CLIMATE SUMMARY FOR MARCH 2 2015...

CLIMATE NORMAL PERIOD 1981 TO 2010
CLIMATE RECORD PERIOD 1892 TO 2015


WEATHER ITEM   OBSERVED TIME   RECORD YEAR NORMAL DEPARTURE LAST
                VALUE   (LST)  VALUE       VALUE  FROM      YEAR
                                                  NORMAL
..................................................................
TEMPERATURE (F)
 YESTERDAY
  MAXIMUM         56    416 PM  69    1921  54      2       56
                                      1905
  MINIMUM         36   1159 PM  21    1971  36      0       39
  AVERAGE         46                        45      1       48

PRECIPITATION (IN)
  YESTERDAY        0.02          0.93 1991   0.16  -0.14     0.34
  MONTH TO DATE    0.02                      0.32  -0.30     0.41
  SINCE OCT 1     25.10                     27.23  -2.13    14.26
  SINCE JAN 1      7.56                     10.84  -3.28     9.68

DEGREE DAYS
 HEATING
  YESTERDAY       19                        20     -1       17
  MONTH TO DATE   42                        40      2       37
  SINCE MAR 1     42                        40      2       37
  SINCE JUL 1   2512                      3280   -768     3323

 COOLING
  YESTERDAY        0                         0      0        0
  MONTH TO DATE    0                         0      0        0
  SINCE MAR 1      0                         0      0        0
  SINCE JAN 1      0                         0      0        0
..................................................................


WIND (MPH)
  HIGHEST WIND SPEED    15   HIGHEST WIND DIRECTION    NW (320)
  HIGHEST GUST SPEED    19   HIGHEST GUST DIRECTION    NW (310)
  AVERAGE WIND SPEED     4.3


SKY COVER
  POSSIBLE SUNSHINE  MM
  AVERAGE SKY COVER 0.6


WEATHER CONDITIONS
 THE FOLLOWING WEATHER WAS RECORDED YESTERDAY.
  LIGHT RAIN
  FOG


RELATIVE HUMIDITY (PERCENT)
 HIGHEST    89           400 AM
 LOWEST     50           300 PM
 AVERAGE    70

..........................................................


THE SALEM OR CLIMATE NORMALS FOR TODAY
                         NORMAL    RECORD    YEAR
 MAXIMUM TEMPERATURE (F)   54        68      1905
 MINIMUM TEMPERATURE (F)   36        20      1976


SUNRISE AND SUNSET
MARCH  3 2015.........SUNRISE   646 AM PST   SUNSET   602 PM PST
MARCH  4 2015.........SUNRISE   645 AM PST   SUNSET   603 PM PST


-  INDICATES NEGATIVE NUMBERS.
R  INDICATES RECORD WAS SET OR TIED.
MM INDICATES DATA IS MISSING.
T  INDICATES TRACE AMOUNT.




$$
