000
CDUS46 KPQR 222320
CLISLE


CLIMATE REPORT
NATIONAL WEATHER SERVICE PORTLAND OREGON
420 PM PDT FRI SEP 22 2017


...................................

...THE SALEM OR CLIMATE SUMMARY FOR SEPTEMBER 22 2017...
VALID TODAY AS OF 0400 PM LOCAL TIME.

CLIMATE NORMAL PERIOD 1981 TO 2010
CLIMATE RECORD PERIOD 1892 TO 2017


WEATHER ITEM   OBSERVED TIME   RECORD YEAR NORMAL DEPARTURE LAST
                VALUE   (LST)  VALUE       VALUE  FROM      YEAR
                                                  NORMAL
..................................................................
TEMPERATURE (F)
 TODAY
  MAXIMUM         69    251 PM  95    1994  75     -6       71
                                      1990
                                      1989
  MINIMUM         44    335 AM  32    1902  47     -3       46
  AVERAGE         57                        61     -4       59

PRECIPITATION (IN)
  TODAY            0.00          0.70 1901   0.05  -0.05      T
  MONTH TO DATE    2.29                      0.83   1.46     1.51
  SINCE OCT 1     59.04                     39.22  19.82    47.23
  SINCE JAN 1     35.74                     22.83  12.91    23.68

DEGREE DAYS
 HEATING
  TODAY            8                         5      3        6
  MONTH TO DATE   54                        63     -9       56
  SINCE SEP 1     54                        63     -9       56
  SINCE JUL 1     56                       119    -63       71

 COOLING
  TODAY            0                         1     -1        0
  MONTH TO DATE  116                        33     83       11
  SINCE SEP 1    116                        33     83       11
  SINCE JAN 1    636                       285    351      457
..................................................................


WIND (MPH)
  HIGHEST WIND SPEED    10   HIGHEST WIND DIRECTION     N (10)
  HIGHEST GUST SPEED    12   HIGHEST GUST DIRECTION    NE (40)
  AVERAGE WIND SPEED     2.1


SKY COVER
  POSSIBLE SUNSHINE  MM
  AVERAGE SKY COVER 0.4


WEATHER CONDITIONS
 THE FOLLOWING WEATHER WAS RECORDED TODAY.
  FOG


RELATIVE HUMIDITY (PERCENT)
 HIGHEST    93          1200 AM
 LOWEST     45           300 PM
 AVERAGE    69

..........................................................


THE SALEM OR CLIMATE NORMALS FOR TOMORROW
                         NORMAL    RECORD    YEAR
 MAXIMUM TEMPERATURE (F)   75        97      1943
 MINIMUM TEMPERATURE (F)   47        32      2000


SUNRISE AND SUNSET
SEPTEMBER 22 2017.....SUNRISE   659 AM PDT   SUNSET   709 PM PDT
SEPTEMBER 23 2017.....SUNRISE   701 AM PDT   SUNSET   707 PM PDT


-  INDICATES NEGATIVE NUMBERS.
R  INDICATES RECORD WAS SET OR TIED.
MM INDICATES DATA IS MISSING.
T  INDICATES TRACE AMOUNT.




$$
