000
CDUS46 KPQR 170223
CLISLE


CLIMATE REPORT
NATIONAL WEATHER SERVICE PORTLAND OREGON
622 PM PST TUE JAN 16 2018


...................................

...THE SALEM OR CLIMATE SUMMARY FOR JANUARY 16 2018...
VALID TODAY AS OF 0600 PM LOCAL TIME.

CLIMATE NORMAL PERIOD 1981 TO 2010
CLIMATE RECORD PERIOD 1892 TO 2018


WEATHER ITEM   OBSERVED TIME   RECORD YEAR NORMAL DEPARTURE LAST
                VALUE   (LST)  VALUE       VALUE  FROM      YEAR
                                                  NORMAL
..................................................................
TEMPERATURE (F)
 TODAY
  MAXIMUM         56    405 PM  60    1944  48      8       38
                                      1899
  MINIMUM         44    559 PM  13    1950  35      9       23
  AVERAGE         50                        41      9       31

PRECIPITATION (IN)
  TODAY            0.02          1.26 1974   0.20  -0.18     0.00
  MONTH TO DATE    2.50                      3.26  -0.76     3.16
  SINCE OCT 1     17.60                     19.65  -2.05    26.46
  SINCE JAN 1      2.50                      3.26  -0.76     3.16

DEGREE DAYS
 HEATING
  TODAY           15                        24     -9       34
  MONTH TO DATE  314                       391    -77      540
  SINCE DEC 1   1093                      1163    -70     1406
  SINCE JUL 1   2025                      2280   -255     2210

 COOLING
  TODAY            0                         0      0        0
  MONTH TO DATE    0                         0      0        0
  SINCE DEC 1      0                         0      0        0
  SINCE JAN 1      0                         0      0        0
..................................................................


WIND (MPH)
  HIGHEST WIND SPEED    15   HIGHEST WIND DIRECTION     S (200)
  HIGHEST GUST SPEED    17   HIGHEST GUST DIRECTION     S (200)
  AVERAGE WIND SPEED     7.9


SKY COVER
  POSSIBLE SUNSHINE  MM
  AVERAGE SKY COVER 0.3


WEATHER CONDITIONS
 THE FOLLOWING WEATHER WAS RECORDED TODAY.
  LIGHT RAIN


RELATIVE HUMIDITY (PERCENT)
 HIGHEST    92           800 AM
 LOWEST     61           400 PM
 AVERAGE    77

..........................................................


THE SALEM OR CLIMATE NORMALS FOR TOMORROW
                         NORMAL    RECORD    YEAR
 MAXIMUM TEMPERATURE (F)   48        61      1975
 MINIMUM TEMPERATURE (F)   35        13      1950
                                             1907


SUNRISE AND SUNSET
JANUARY 16 2018.......SUNRISE   746 AM PST   SUNSET   458 PM PST
JANUARY 17 2018.......SUNRISE   745 AM PST   SUNSET   500 PM PST


-  INDICATES NEGATIVE NUMBERS.
R  INDICATES RECORD WAS SET OR TIED.
MM INDICATES DATA IS MISSING.
T  INDICATES TRACE AMOUNT.




$$
