000
CDUS41 KBTV 020618
CLISLK


CLIMATE REPORT
NATIONAL WEATHER SERVICE BURLINGTON VT
116 AM EST MON MAR 2 2015


...................................

...THE SARANAC LAKE NY CLIMATE SUMMARY FOR MARCH 1 2015...

CLIMATE NORMAL PERIOD 1981 TO 2010
CLIMATE RECORD PERIOD 9999 TO 9999


WEATHER ITEM   OBSERVED TIME   NORMAL DEPARTURE LAST
                VALUE   (LST)  VALUE  FROM      YEAR
                                      NORMAL
......................................................
TEMPERATURE (F)
 YESTERDAY
  MAXIMUM         25    259 PM  32     -7       29
  MINIMUM        -20    358 AM   5    -25      -15
  AVERAGE          3            18    -15        7

PRECIPITATION (IN)
  YESTERDAY        0.02          0.05  -0.03      T
  MONTH TO DATE    0.02          0.05  -0.03      T
  SINCE MAR 1      0.02          0.05  -0.03      T
  SINCE JAN 1      0.89          3.79  -2.90     2.62

DEGREE DAYS
 HEATING
  YESTERDAY       62            47     15       58
  MONTH TO DATE   62            47     15       58
  SINCE MAR 1     62            47     15       58
  SINCE JUL 1   6845          6752     93     7042

 COOLING
  YESTERDAY        0             0      0        0
  MONTH TO DATE    0             0      0        0
  SINCE MAR 1      0             0      0        0
  SINCE JAN 1      0             0      0        0
......................................................


WIND (MPH)
  HIGHEST WIND SPEED    18   HIGHEST WIND DIRECTION    SW (210)
  HIGHEST GUST SPEED    22   HIGHEST GUST DIRECTION    SW (210)
  AVERAGE WIND SPEED     7.1


SKY COVER
  AVERAGE SKY COVER 0.6


WEATHER CONDITIONS
 THE FOLLOWING WEATHER WAS RECORDED YESTERDAY.
  LIGHT SNOW
  FOG
  HAZE


RELATIVE HUMIDITY (PERCENT)
 HIGHEST    91          1000 PM
 LOWEST     55           100 PM
 AVERAGE    73

..........................................................


THE SARANAC LAKE NY CLIMATE NORMALS FOR TODAY
                         NORMAL    RECORD    YEAR
 MAXIMUM TEMPERATURE (F)   32        MM        MM
 MINIMUM TEMPERATURE (F)    6        MM        MM


SUNRISE AND SUNSET
MARCH  2 2015.........SUNRISE   633 AM EST   SUNSET   546 PM EST
MARCH  3 2015.........SUNRISE   631 AM EST   SUNSET   547 PM EST


-  INDICATES NEGATIVE NUMBERS.
R  INDICATES RECORD WAS SET OR TIED.
MM INDICATES DATA IS MISSING.
T  INDICATES TRACE AMOUNT.




$$
