000
CDUS41 KBTV 230536
CLISLK


CLIMATE REPORT
NATIONAL WEATHER SERVICE BURLINGTON VT
134 AM EDT SAT MAY 23 2015


...................................

...THE SARANAC LAKE NY CLIMATE SUMMARY FOR MAY 22 2015...

CLIMATE NORMAL PERIOD 1981 TO 2010
CLIMATE RECORD PERIOD 9999 TO 9999


WEATHER ITEM   OBSERVED TIME   NORMAL DEPARTURE LAST
                VALUE   (LST)  VALUE  FROM      YEAR
                                      NORMAL
......................................................
TEMPERATURE (F)
 YESTERDAY
  MAXIMUM         54   1149 AM  66    -12       65
  MINIMUM         31   1158 PM  39     -8       44
  AVERAGE         43            52     -9       55

PRECIPITATION (IN)
  YESTERDAY        T             0.13  -0.13     0.37
  MONTH TO DATE    1.48          2.32  -0.84     3.48
  SINCE MAR 1      4.81          7.49  -2.68     9.17
  SINCE JAN 1      5.68         11.23  -5.55    11.79

DEGREE DAYS
 HEATING
  YESTERDAY       22            13      9       10
  MONTH TO DATE  252           362   -110      335
  SINCE MAR 1   2473          2428     45     2694
  SINCE JUL 1   9256          9133    123     9678

 COOLING
  YESTERDAY        0             0      0        0
  MONTH TO DATE    5             0      5        1
  SINCE MAR 1      5             0      5        1
  SINCE JAN 1      5             0      5        1
......................................................


WIND (MPH)
  HIGHEST WIND SPEED    15   HIGHEST WIND DIRECTION     W (290)
  HIGHEST GUST SPEED    27   HIGHEST GUST DIRECTION     W (290)
  AVERAGE WIND SPEED     6.4


SKY COVER
  AVERAGE SKY COVER 0.8


WEATHER CONDITIONS
 THE FOLLOWING WEATHER WAS RECORDED YESTERDAY.
  NO SIGNIFICANT WEATHER WAS OBSERVED.


RELATIVE HUMIDITY (PERCENT)
 HIGHEST    83           700 AM
 LOWEST     28          1200 PM
 AVERAGE    56

..........................................................


THE SARANAC LAKE NY CLIMATE NORMALS FOR TODAY
                         NORMAL    RECORD    YEAR
 MAXIMUM TEMPERATURE (F)   66        80      2010
 MINIMUM TEMPERATURE (F)   39        28      2002


SUNRISE AND SUNSET
MAY 23 2015...........SUNRISE   522 AM EDT   SUNSET   826 PM EDT
MAY 24 2015...........SUNRISE   521 AM EDT   SUNSET   827 PM EDT


-  INDICATES NEGATIVE NUMBERS.
R  INDICATES RECORD WAS SET OR TIED.
MM INDICATES DATA IS MISSING.
T  INDICATES TRACE AMOUNT.




$$
