000
CDUS41 KBTV 060551
CLISLK


CLIMATE REPORT
NATIONAL WEATHER SERVICE BURLINGTON VT
149 AM EDT FRI MAY 6 2016


...................................

...THE SARANAC LAKE NY CLIMATE SUMMARY FOR MAY 5 2016...

CLIMATE NORMAL PERIOD 1981 TO 2010
CLIMATE RECORD PERIOD 9999 TO 9999


WEATHER ITEM   OBSERVED TIME   NORMAL DEPARTURE LAST
                VALUE   (LST)  VALUE  FROM      YEAR
                                      NORMAL
......................................................
TEMPERATURE (F)
 YESTERDAY
  MAXIMUM         53        MM  60     -7       65
  MINIMUM         35        MM  33      2       32
  AVERAGE         44            46     -2       49

PRECIPITATION (IN)
  YESTERDAY        0.00          0.10  -0.10     0.00
  MONTH TO DATE    0.67          0.48   0.19     0.03
  SINCE MAR 1      6.37          5.65   0.72     3.36
  SINCE JAN 1     10.25          9.39   0.86     4.23

DEGREE DAYS
 HEATING
  YESTERDAY       21            19      2       16
  MONTH TO DATE  104            98      6       75
  SINCE MAR 1   2036          2164   -128     2296
  SINCE JUL 1   7631          8869  -1238     9079

 COOLING
  YESTERDAY        0             0      0        0
  MONTH TO DATE    0             0      0        0
  SINCE MAR 1      0             0      0        0
  SINCE JAN 1      0             0      0        0
......................................................


WIND (MPH)
  HIGHEST WIND SPEED    13   HIGHEST WIND DIRECTION    NE (40)
  HIGHEST GUST SPEED    MM   HIGHEST GUST DIRECTION    MM
  AVERAGE WIND SPEED     6.4


SKY COVER
  AVERAGE SKY COVER 0.9


WEATHER CONDITIONS
 THE FOLLOWING WEATHER WAS RECORDED YESTERDAY.
  FOG


RELATIVE HUMIDITY (PERCENT)
 HIGHEST   100           600 AM
 LOWEST     59           500 PM
 AVERAGE    80

..........................................................


THE SARANAC LAKE NY CLIMATE NORMALS FOR TODAY
                         NORMAL    RECORD    YEAR
 MAXIMUM TEMPERATURE (F)   60        78      2013
 MINIMUM TEMPERATURE (F)   33        21      2001


SUNRISE AND SUNSET
MAY  6 2016...........SUNRISE   540 AM EDT   SUNSET   808 PM EDT
MAY  7 2016...........SUNRISE   539 AM EDT   SUNSET   809 PM EDT


-  INDICATES NEGATIVE NUMBERS.
R  INDICATES RECORD WAS SET OR TIED.
MM INDICATES DATA IS MISSING.
T  INDICATES TRACE AMOUNT.




$$
