000
CDUS41 KBTV 230523
CLISLK


CLIMATE REPORT
NATIONAL WEATHER SERVICE BURLINGTON VT
120 AM EDT SUN JUL 23 2017


...................................

...THE SARANAC LAKE NY CLIMATE SUMMARY FOR JULY 22 2017...

CLIMATE NORMAL PERIOD 1981 TO 2010
CLIMATE RECORD PERIOD 9999 TO 9999


WEATHER ITEM   OBSERVED TIME   NORMAL DEPARTURE LAST
                VALUE   (LST)  VALUE  FROM      YEAR
                                      NORMAL
......................................................
TEMPERATURE (F)
 YESTERDAY
  MAXIMUM         80    155 PM  76      4       85
  MINIMUM         49    405 AM  51     -2       61
  AVERAGE         65            64      1       73

PRECIPITATION (IN)
  YESTERDAY        0.00          0.14  -0.14     0.13
  MONTH TO DATE    2.12          2.97  -0.85     2.68
  SINCE JUN 1     10.04          6.82   3.22     5.82
  SINCE JAN 1     26.13         19.17   6.96    18.33

DEGREE DAYS
 HEATING
  YESTERDAY        0             3     -3        0
  MONTH TO DATE   37            66    -29       60
  SINCE JUN 1    255           250      5      275
  SINCE JUL 1     37            66    -29       60

 COOLING
  YESTERDAY        0             1     -1        8
  MONTH TO DATE   15            37    -22       44
  SINCE JUN 1     33            63    -30       59
  SINCE JAN 1     39            66    -27       77
......................................................


WIND (MPH)
  HIGHEST WIND SPEED    12   HIGHEST WIND DIRECTION    SW (240)
  HIGHEST GUST SPEED    19   HIGHEST GUST DIRECTION     W (280)
  AVERAGE WIND SPEED     2.6


SKY COVER
  AVERAGE SKY COVER 0.3


WEATHER CONDITIONS
 THE FOLLOWING WEATHER WAS RECORDED YESTERDAY.
  FOG
  FOG W/VISIBILITY <= 1/4 MILE


RELATIVE HUMIDITY (PERCENT)
 HIGHEST   100          1200 AM
 LOWEST     48           100 PM
 AVERAGE    74

..........................................................


THE SARANAC LAKE NY CLIMATE NORMALS FOR TODAY
                         NORMAL    RECORD    YEAR
 MAXIMUM TEMPERATURE (F)   76        87      2001
 MINIMUM TEMPERATURE (F)   51        40      2007


SUNRISE AND SUNSET
JULY 23 2017..........SUNRISE   534 AM EDT   SUNSET   832 PM EDT
JULY 24 2017..........SUNRISE   536 AM EDT   SUNSET   830 PM EDT


-  INDICATES NEGATIVE NUMBERS.
R  INDICATES RECORD WAS SET OR TIED.
MM INDICATES DATA IS MISSING.
T  INDICATES TRACE AMOUNT.




$$
