000
CDUS41 KBTV 250533
CLISLK


CLIMATE REPORT
NATIONAL WEATHER SERVICE BURLINGTON VT
133 AM EDT FRI JUL 25 2014


...................................

...THE SARANAC LAKE NY CLIMATE SUMMARY FOR JULY 24 2014...

CLIMATE NORMAL PERIOD 1981 TO 2010
CLIMATE RECORD PERIOD 9999 TO 9999


WEATHER ITEM   OBSERVED TIME   NORMAL DEPARTURE LAST
                VALUE   (LST)  VALUE  FROM      YEAR
                                      NORMAL
......................................................
TEMPERATURE (F)
 YESTERDAY
  MAXIMUM         67    424 PM  76     -9       66
  MINIMUM         44   1149 PM  51     -7       37
  AVERAGE         56            63     -7       52

PRECIPITATION (IN)
  YESTERDAY        0.00          0.14  -0.14     0.25
  MONTH TO DATE    2.19          3.25  -1.06     5.12
  SINCE JUN 1      8.97          7.10   1.87    14.40
  SINCE JAN 1     21.13         19.45   1.68    25.40

DEGREE DAYS
 HEATING
  YESTERDAY        9             3      6       13
  MONTH TO DATE   78            72      6       31
  SINCE JUN 1    245           256    -11      251
  SINCE JUL 1     78            72      6       31

 COOLING
  YESTERDAY        0             1     -1        0
  MONTH TO DATE   38            39     -1      100
  SINCE JUN 1     59            65     -6      136
  SINCE JAN 1     60            68     -8      146
......................................................


WIND (MPH)
  HIGHEST WIND SPEED    10   HIGHEST WIND DIRECTION     W (280)
  HIGHEST GUST SPEED    16   HIGHEST GUST DIRECTION     W (260)
  AVERAGE WIND SPEED     3.3


SKY COVER
  AVERAGE SKY COVER 0.4


WEATHER CONDITIONS
 THE FOLLOWING WEATHER WAS RECORDED YESTERDAY.
  NO SIGNIFICANT WEATHER WAS OBSERVED.


RELATIVE HUMIDITY (PERCENT)
 HIGHEST   100          1000 PM
 LOWEST     48           400 PM
 AVERAGE    74

..........................................................


THE SARANAC LAKE NY CLIMATE NORMALS FOR TODAY
                         NORMAL    RECORD    YEAR
 MAXIMUM TEMPERATURE (F)   76        MM        MM
 MINIMUM TEMPERATURE (F)   51        MM        MM


SUNRISE AND SUNSET
JULY 25 2014..........SUNRISE   536 AM EDT   SUNSET   830 PM EDT
JULY 26 2014..........SUNRISE   537 AM EDT   SUNSET   829 PM EDT


-  INDICATES NEGATIVE NUMBERS.
R  INDICATES RECORD WAS SET OR TIED.
MM INDICATES DATA IS MISSING.
T  INDICATES TRACE AMOUNT.




$$
