000
CDUS41 KBTV 270521
CLISLK


CLIMATE REPORT
NATIONAL WEATHER SERVICE BURLINGTON VT
119 AM EDT MON MAR 27 2017


...................................

...THE SARANAC LAKE NY CLIMATE SUMMARY FOR MARCH 26 2017...

CLIMATE NORMAL PERIOD 1981 TO 2010
CLIMATE RECORD PERIOD 9999 TO 9999


WEATHER ITEM   OBSERVED TIME   NORMAL DEPARTURE LAST
                VALUE   (LST)  VALUE  FROM      YEAR
                                      NORMAL
......................................................
TEMPERATURE (F)
 YESTERDAY
  MAXIMUM         37        MM  40     -3       49
  MINIMUM         -1        MM  17    -18       16
  AVERAGE         18            29    -11       33

PRECIPITATION (IN)
  YESTERDAY        0.04          0.08  -0.04      T
  MONTH TO DATE    1.64          1.83  -0.19     2.29
  SINCE MAR 1      1.64          1.83  -0.19     2.29
  SINCE JAN 1      6.18          5.57   0.61     6.17

DEGREE DAYS
 HEATING
  YESTERDAY       47            36     11       32
  MONTH TO DATE 1246          1083    163      899
  SINCE MAR 1   1246          1083    163      899
  SINCE JUL 1   6942          7788   -846     6494

 COOLING
  YESTERDAY        0             0      0        0
  MONTH TO DATE    0             0      0        0
  SINCE MAR 1      0             0      0        0
  SINCE JAN 1      0             0      0        0
......................................................


WIND (MPH)
  HIGHEST WIND SPEED     9   HIGHEST WIND DIRECTION    NE (50)
  HIGHEST GUST SPEED    MM   HIGHEST GUST DIRECTION    MM
  AVERAGE WIND SPEED     4.5


SKY COVER
  AVERAGE SKY COVER 0.5


WEATHER CONDITIONS
 THE FOLLOWING WEATHER WAS RECORDED YESTERDAY.
  LIGHT RAIN
  FOG


RELATIVE HUMIDITY (PERCENT)
 HIGHEST   100           800 PM
 LOWEST     59          1100 AM
 AVERAGE    80

..........................................................


THE SARANAC LAKE NY CLIMATE NORMALS FOR TODAY
                         NORMAL    RECORD    YEAR
 MAXIMUM TEMPERATURE (F)   41        62      2016
 MINIMUM TEMPERATURE (F)   18       -16      2014


SUNRISE AND SUNSET
MARCH 27 2017.........SUNRISE   647 AM EDT   SUNSET   718 PM EDT
MARCH 28 2017.........SUNRISE   645 AM EDT   SUNSET   719 PM EDT


-  INDICATES NEGATIVE NUMBERS.
R  INDICATES RECORD WAS SET OR TIED.
MM INDICATES DATA IS MISSING.
T  INDICATES TRACE AMOUNT.




$$
