000
CDUS43 KICT 230627
CLISLN


CLIMATE REPORT
NATIONAL WEATHER SERVICE WICHITA KS
127 AM CDT MON OCT 23 2017


...................................

...THE SALINA KS CLIMATE SUMMARY FOR OCTOBER 22 2017...

CLIMATE NORMAL PERIOD 1981 TO 2010
CLIMATE RECORD PERIOD 1894 TO 2017


WEATHER ITEM   OBSERVED TIME   RECORD YEAR NORMAL DEPARTURE LAST
                VALUE   (LST)  VALUE       VALUE  FROM      YEAR
                                                  NORMAL
..................................................................
TEMPERATURE (F)
 YESTERDAY
  MAXIMUM         73    406 PM  89    1927  67      6       81
  MINIMUM         39    706 AM  23    1898  44     -5       39
  AVERAGE         56                        55      1       60

PRECIPITATION (IN)
  YESTERDAY        0.00          1.12 1906   0.07  -0.07     0.00
                                      1957
  MONTH TO DATE    5.74                      1.77   3.97     1.56
  SINCE SEP 1      7.57                      4.47   3.10     2.76
  SINCE JAN 1     25.28                     28.81  -3.53    25.20

DEGREE DAYS
 HEATING
  YESTERDAY        9                        10     -1        5
  MONTH TO DATE   76                       161    -85       96
  SINCE SEP 1     84                       212   -128      112
  SINCE JUL 1     84                       213   -129      112

 COOLING
  YESTERDAY        0                         0      0        0
  MONTH TO DATE   64                        32     32       50
  SINCE SEP 1    382                       237    145      316
  SINCE JAN 1   1963                      1644    319     1986
..................................................................


WIND (MPH)
  HIGHEST WIND SPEED    15   HIGHEST WIND DIRECTION    SW (230)
  HIGHEST GUST SPEED    20   HIGHEST GUST DIRECTION     W (250)
  AVERAGE WIND SPEED     5.6


SKY COVER
  POSSIBLE SUNSHINE  MM
  AVERAGE SKY COVER 0.0


WEATHER CONDITIONS
 THE FOLLOWING WEATHER WAS RECORDED YESTERDAY.
  HAZE


RELATIVE HUMIDITY (PERCENT)
 HIGHEST    89           600 AM
 LOWEST     17           200 PM
 AVERAGE    53

..........................................................


THE SALINA KS CLIMATE NORMALS FOR TODAY
                         NORMAL    RECORD    YEAR
 MAXIMUM TEMPERATURE (F)   67        93      1939
 MINIMUM TEMPERATURE (F)   44        20      1917


SUNRISE AND SUNSET
OCTOBER 23 2017.......SUNRISE   748 AM CDT   SUNSET   641 PM CDT
OCTOBER 24 2017.......SUNRISE   749 AM CDT   SUNSET   640 PM CDT


-  INDICATES NEGATIVE NUMBERS.
R  INDICATES RECORD WAS SET OR TIED.
MM INDICATES DATA IS MISSING.
T  INDICATES TRACE AMOUNT.




$$
