000
CDUS43 KICT 240717
CLISLN


CLIMATE REPORT
NATIONAL WEATHER SERVICE WICHITA KS
116 AM CST MON NOV 24 2014


...................................

...THE SALINA KS CLIMATE SUMMARY FOR NOVEMBER 23 2014...

CLIMATE NORMAL PERIOD 1981 TO 2010
CLIMATE RECORD PERIOD 1894 TO 2014


WEATHER ITEM   OBSERVED TIME   RECORD YEAR NORMAL DEPARTURE LAST
                VALUE   (LST)  VALUE       VALUE  FROM      YEAR
                                                  NORMAL
..................................................................
TEMPERATURE (F)
 YESTERDAY
  MAXIMUM         56   1107 AM  73    2005  51      5       31
  MINIMUM         40   1159 PM  -4    1898  29     11       20
  AVERAGE         48                        40      8       26

PRECIPITATION (IN)
  YESTERDAY        0.13          0.19 1973   0.03   0.10     0.00
  MONTH TO DATE    0.13                      0.99  -0.86     0.35
  SINCE SEP 1      5.83                      5.96  -0.13     3.17
  SINCE JAN 1     27.11                     30.30  -3.19    29.41

DEGREE DAYS
 HEATING
  YESTERDAY       17                        25     -8       39
  MONTH TO DATE  589                       445    144      448
  SINCE SEP 1    823                       762     61      750
  SINCE JUL 1    823                       763     60      753

 COOLING
  YESTERDAY        0                         0      0        0
  MONTH TO DATE    0                         0      0        0
  SINCE SEP 1    243                       239      4      356
  SINCE JAN 1   1801                      1646    155     1750
..................................................................


WIND (MPH)
  HIGHEST WIND SPEED    39   HIGHEST WIND DIRECTION     N (350)
  HIGHEST GUST SPEED    50   HIGHEST GUST DIRECTION     N (350)
  AVERAGE WIND SPEED    14.5


SKY COVER
  POSSIBLE SUNSHINE  MM
  AVERAGE SKY COVER 0.7


WEATHER CONDITIONS
 THE FOLLOWING WEATHER WAS RECORDED YESTERDAY.
  LIGHT RAIN
  FOG


RELATIVE HUMIDITY (PERCENT)
 HIGHEST    89           400 AM
 LOWEST     53          1100 PM
 AVERAGE    71

..........................................................


THE SALINA KS CLIMATE NORMALS FOR TODAY
                         NORMAL    RECORD    YEAR
 MAXIMUM TEMPERATURE (F)   50        75      1990
 MINIMUM TEMPERATURE (F)   29         6      1950


SUNRISE AND SUNSET
NOVEMBER 24 2014......SUNRISE   723 AM CST   SUNSET   512 PM CST
NOVEMBER 25 2014......SUNRISE   724 AM CST   SUNSET   511 PM CST


-  INDICATES NEGATIVE NUMBERS.
R  INDICATES RECORD WAS SET OR TIED.
MM INDICATES DATA IS MISSING.
T  INDICATES TRACE AMOUNT.




$$
