000
CDUS43 KICT 240631
CLISLN

CLIMATE REPORT
NATIONAL WEATHER SERVICE WICHITA KS
129 AM CDT FRI MAR 24 2017

...................................

...THE SALINA KS CLIMATE SUMMARY FOR MARCH 23 2017...

CLIMATE NORMAL PERIOD 1981 TO 2010
CLIMATE RECORD PERIOD 1894 TO 2017


WEATHER ITEM   OBSERVED TIME   RECORD YEAR NORMAL DEPARTURE LAST
                VALUE   (LST)  VALUE       VALUE  FROM      YEAR
                                                  NORMAL
..................................................................
TEMPERATURE (F)
 YESTERDAY
  MAXIMUM         80    536 PM  88    1911  60     20       80
  MINIMUM         53    402 AM  10    1968  36     17       37
  AVERAGE         67                        48     19       59

PRECIPITATION (IN)
  YESTERDAY        0.00          3.68 1987   0.09  -0.09     0.01
  MONTH TO DATE    0.04                      1.67  -1.63     0.47
  SINCE MAR 1      0.04                      1.67  -1.63     0.47
  SINCE JAN 1      2.14                      3.47  -1.33     1.71

DEGREE DAYS
 HEATING
  YESTERDAY        0                        17    -17        6
  MONTH TO DATE  344                       480   -136      299
  SINCE MAR 1    344                       480   -136      299
  SINCE JUL 1   3012                      4321  -1309     3285

 COOLING
  YESTERDAY        2                         0      2        0
  MONTH TO DATE   11                         0     11        5
  SINCE MAR 1     11                         0     11        5
  SINCE JAN 1     11                         0     11        5
..................................................................


WIND (MPH)
  HIGHEST WIND SPEED    31   HIGHEST WIND DIRECTION     S (170)
  HIGHEST GUST SPEED    42   HIGHEST GUST DIRECTION     S (170)
  AVERAGE WIND SPEED    20.0


SKY COVER
  POSSIBLE SUNSHINE  MM
  AVERAGE SKY COVER 0.6


WEATHER CONDITIONS
 THE FOLLOWING WEATHER WAS RECORDED YESTERDAY.
  NO SIGNIFICANT WEATHER WAS OBSERVED.


RELATIVE HUMIDITY (PERCENT)
 HIGHEST    83           400 AM
 LOWEST     36           900 PM
 AVERAGE    60

..........................................................


THE SALINA KS CLIMATE NORMALS FOR TODAY
                         NORMAL    RECORD    YEAR
 MAXIMUM TEMPERATURE (F)   60        90      1910
 MINIMUM TEMPERATURE (F)   36        13      1965


SUNRISE AND SUNSET
MARCH 24 2017.........SUNRISE   727 AM CDT   SUNSET   747 PM CDT
MARCH 25 2017.........SUNRISE   726 AM CDT   SUNSET   748 PM CDT


-  INDICATES NEGATIVE NUMBERS.
R  INDICATES RECORD WAS SET OR TIED.
MM INDICATES DATA IS MISSING.
T  INDICATES TRACE AMOUNT.

$$
