000
CDUS46 KLOX 270905
CLISMX


CLIMATE REPORT
NATIONAL WEATHER SERVICE LOS ANGELES/OXNARD CA
105 AM PST THU NOV 27 2014


...................................

...THE SANTA MARIA AIRPORT CA CLIMATE SUMMARY FOR NOVEMBER 26 2014...

CLIMATE NORMAL PERIOD 1981 TO 2010
CLIMATE RECORD PERIOD 1906 TO 2014


WEATHER ITEM   OBSERVED TIME   RECORD YEAR NORMAL DEPARTURE LAST
                VALUE   (LST)  VALUE       VALUE  FROM      YEAR
                                                  NORMAL
..................................................................
TEMPERATURE (F)
 YESTERDAY
  MAXIMUM         85    155 PM  86    1977  66     19       76
  MINIMUM         46    557 AM  28    1906  41      5       43
  AVERAGE         66                        54     12       60

PRECIPITATION (IN)
  YESTERDAY        0.00          1.65 1931   0.04  -0.04     0.00
  MONTH TO DATE    0.25                      1.13  -0.88     0.05
  SINCE JUL 1      1.32                      1.92  -0.60     0.24
  SINCE JAN 1      5.33                     11.63  -6.30     2.73

SNOWFALL (IN)
  YESTERDAY        0.0
  MONTH TO DATE    0.0
  SINCE SEP 1      0.0
  SINCE JUL 1      0.0

DEGREE DAYS
 HEATING
  YESTERDAY        0                        11    -11
  MONTH TO DATE   76                       233   -157
  SINCE SEP 1     80                       461   -381
  SINCE JUL 1     80                       597   -517

 COOLING
  YESTERDAY        1                         0      1
  MONTH TO DATE    7                         0      7
  SINCE SEP 1    221                        45    176
  SINCE JAN 1    566                       100    466
..................................................................


WIND (MPH)
  HIGHEST WIND SPEED     9   HIGHEST WIND DIRECTION     W (290)
  HIGHEST GUST SPEED    11   HIGHEST GUST DIRECTION     W (290)
  AVERAGE WIND SPEED     3.1


SKY COVER
  POSSIBLE SUNSHINE  MM
  AVERAGE SKY COVER 0.0


WEATHER CONDITIONS
 THE FOLLOWING WEATHER WAS RECORDED YESTERDAY.
  NO SIGNIFICANT WEATHER WAS OBSERVED.


RELATIVE HUMIDITY (PERCENT)
 HIGHEST    58           500 AM
 LOWEST     12           200 PM
 AVERAGE    35

..........................................................


THE SANTA MARIA AIRPORT CA CLIMATE NORMALS FOR TODAY
                         NORMAL    RECORD    YEAR
 MAXIMUM TEMPERATURE (F)   66        84      1969
 MINIMUM TEMPERATURE (F)   41        30      1987


SUNRISE AND SUNSET
NOVEMBER 27 2014......SUNRISE   648 AM PST   SUNSET   451 PM PST
NOVEMBER 28 2014......SUNRISE   649 AM PST   SUNSET   451 PM PST


-  INDICATES NEGATIVE NUMBERS.
R  INDICATES RECORD WAS SET OR TIED.
MM INDICATES DATA IS MISSING.
T  INDICATES TRACE AMOUNT.




$$
