000
CDUS46 KLOX 230900
CLISMX


CLIMATE REPORT
NATIONAL WEATHER SERVICE LOS ANGELES/OXNARD CA
159 AM PDT WED APR 23 2014


...................................

...THE SANTA MARIA AIRPORT CA CLIMATE SUMMARY FOR APRIL 22 2014...

CLIMATE NORMAL PERIOD 1981 TO 2010
CLIMATE RECORD PERIOD 1906 TO 2014


WEATHER ITEM   OBSERVED TIME   RECORD YEAR NORMAL DEPARTURE LAST
                VALUE   (LST)  VALUE       VALUE  FROM      YEAR
                                                  NORMAL
..................................................................
TEMPERATURE (F)
 YESTERDAY
  MAXIMUM         71   1101 AM  88    1946  68      3       70
  MINIMUM         48    153 AM  32    1971  45      3       47
  AVERAGE         60                        56      4       59

PRECIPITATION (IN)
  YESTERDAY        0.00          0.65 1924   0.03  -0.03     0.00
  MONTH TO DATE    0.72                      0.80  -0.08     0.11
  SINCE JUL 1      4.38                     13.42  -9.04     6.18
  SINCE JAN 1      3.88                      9.18  -5.30     2.45

SNOWFALL (IN)
  YESTERDAY        0.0
  MONTH TO DATE    0.0
  SINCE MAR 1      0.0
  SINCE JUL 1      0.0

DEGREE DAYS
 HEATING
  YESTERDAY        5                         9     -4
  MONTH TO DATE  119                       214    -95
  SINCE MAR 1    275                       554   -279
  SINCE JUL 1   1413                      2387   -974

 COOLING
  YESTERDAY        0                         0      0
  MONTH TO DATE    2                         0      2
  SINCE MAR 1     10                         1      9
  SINCE JAN 1     14                         2     12
..................................................................


WIND (MPH)
  HIGHEST WIND SPEED    36   HIGHEST WIND DIRECTION    NW (300)
  HIGHEST GUST SPEED    43   HIGHEST GUST DIRECTION    NW (300)
  AVERAGE WIND SPEED    13.6


SKY COVER
  POSSIBLE SUNSHINE  MM
  AVERAGE SKY COVER 0.4


WEATHER CONDITIONS
 THE FOLLOWING WEATHER WAS RECORDED YESTERDAY.
  FOG
  HAZE


RELATIVE HUMIDITY (PERCENT)
 HIGHEST    89           400 AM
 LOWEST     31          1100 AM
 AVERAGE    60

..........................................................


THE SANTA MARIA AIRPORT CA CLIMATE NORMALS FOR TODAY
                         NORMAL    RECORD    YEAR
 MAXIMUM TEMPERATURE (F)   68        96      1946
 MINIMUM TEMPERATURE (F)   45        33      1970


SUNRISE AND SUNSET
APRIL 23 2014.........SUNRISE   620 AM PDT   SUNSET   741 PM PDT
APRIL 24 2014.........SUNRISE   619 AM PDT   SUNSET   742 PM PDT


-  INDICATES NEGATIVE NUMBERS.
R  INDICATES RECORD WAS SET OR TIED.
MM INDICATES DATA IS MISSING.
T  INDICATES TRACE AMOUNT.




$$
