000
CDUS46 KLOX 290916
CLISMX


CLIMATE REPORT
NATIONAL WEATHER SERVICE LOS ANGELES/OXNARD CA
216 AM PDT WED MAR 29 2017


...................................

...THE SANTA MARIA AIRPORT CA CLIMATE SUMMARY FOR MARCH 28 2017...

CLIMATE NORMAL PERIOD 1981 TO 2010
CLIMATE RECORD PERIOD 1906 TO 2017


WEATHER ITEM   OBSERVED TIME   RECORD YEAR NORMAL DEPARTURE LAST
                VALUE   (LST)  VALUE       VALUE  FROM      YEAR
                                                  NORMAL
..................................................................
TEMPERATURE (F)
 YESTERDAY
  MAXIMUM         69   1232 PM  86    2004  66      3       61
  MINIMUM         44    537 AM  30    1975  43      1       44
                                      1972
  AVERAGE         57                        54      3       53

PRECIPITATION (IN)
  YESTERDAY        0.00          1.24 1963   0.07  -0.07     0.00
  MONTH TO DATE    0.84                      2.45  -1.61     3.08
  SINCE OCT 1     16.92                     12.24   4.68     8.24
  SINCE JAN 1     12.12                      8.19   3.93     6.36

SNOWFALL (IN)
  YESTERDAY        0.0
  MONTH TO DATE    0.0
  SINCE MAR 1      0.0
  SINCE JUL 1      0.0

DEGREE DAYS
 HEATING
  YESTERDAY        8                        11     -3
  MONTH TO DATE  217                       308    -91
  SINCE MAR 1    217                       308    -91
  SINCE JUL 1   1941                      2141   -200

 COOLING
  YESTERDAY        0                         0      0
  MONTH TO DATE    5                         0      5
  SINCE MAR 1      5                         0      5
  SINCE JAN 1      5                         1      4
..................................................................


WIND (MPH)
  HIGHEST WIND SPEED    24   HIGHEST WIND DIRECTION    NW (300)
  HIGHEST GUST SPEED    29   HIGHEST GUST DIRECTION     W (290)
  AVERAGE WIND SPEED    10.6


SKY COVER
  POSSIBLE SUNSHINE  MM
  AVERAGE SKY COVER 0.1


WEATHER CONDITIONS
 THE FOLLOWING WEATHER WAS RECORDED YESTERDAY.
  FOG
  HAZE


RELATIVE HUMIDITY (PERCENT)
 HIGHEST    93           200 AM
 LOWEST     44          1200 PM
 AVERAGE    69

..........................................................


THE SANTA MARIA AIRPORT CA CLIMATE NORMALS FOR TODAY
                         NORMAL    RECORD    YEAR
 MAXIMUM TEMPERATURE (F)   66        87      1934
 MINIMUM TEMPERATURE (F)   43        29      1975


SUNRISE AND SUNSET
MARCH 29 2017.........SUNRISE   652 AM PDT   SUNSET   721 PM PDT
MARCH 30 2017.........SUNRISE   651 AM PDT   SUNSET   722 PM PDT


-  INDICATES NEGATIVE NUMBERS.
R  INDICATES RECORD WAS SET OR TIED.
MM INDICATES DATA IS MISSING.
T  INDICATES TRACE AMOUNT.




$$
