000
CDUS46 KLOX 280856
CLISMX


CLIMATE REPORT
NATIONAL WEATHER SERVICE LOS ANGELES/OXNARD CA
1256 AM PST WED JAN 28 2015


...................................

...THE SANTA MARIA AIRPORT CA CLIMATE SUMMARY FOR JANUARY 27 2015...

CLIMATE NORMAL PERIOD 1981 TO 2010
CLIMATE RECORD PERIOD 1906 TO 2015


WEATHER ITEM   OBSERVED TIME   RECORD YEAR NORMAL DEPARTURE LAST
                VALUE   (LST)  VALUE       VALUE  FROM      YEAR
                                                  NORMAL
..................................................................
TEMPERATURE (F)
 YESTERDAY
  MAXIMUM         71    116 PM  84    1986  64      7       67
  MINIMUM         55    817 PM  24    1979  40     15       45
  AVERAGE         63                        52     11       56

PRECIPITATION (IN)
  YESTERDAY        0.03          1.31 1908   0.09  -0.06     0.00
  MONTH TO DATE    0.32                      2.36  -2.04      T
  SINCE OCT 1      5.88                      6.41  -0.53     0.49
  SINCE JAN 1      0.32                      2.36  -2.04      T

SNOWFALL (IN)
  YESTERDAY        0.0
  MONTH TO DATE    0.0
  SINCE DEC 1      0.0
  SINCE JUL 1      0.0

DEGREE DAYS
 HEATING
  YESTERDAY        2                        13    -11
  MONTH TO DATE  189                       368   -179
  SINCE DEC 1    421                       794   -373
  SINCE JUL 1    519                      1440   -921

 COOLING
  YESTERDAY        0                         0      0
  MONTH TO DATE    0                         0      0
  SINCE DEC 1      2                         0      2
  SINCE JAN 1      0                         0      0
..................................................................


WIND (MPH)
  HIGHEST WIND SPEED    14   HIGHEST WIND DIRECTION    SW (220)
  HIGHEST GUST SPEED    26   HIGHEST GUST DIRECTION    SW (210)
  AVERAGE WIND SPEED     3.4


SKY COVER
  POSSIBLE SUNSHINE  MM
  AVERAGE SKY COVER 0.7


WEATHER CONDITIONS
 THE FOLLOWING WEATHER WAS RECORDED YESTERDAY.
  LIGHT RAIN
  FOG
  HAZE


RELATIVE HUMIDITY (PERCENT)
 HIGHEST    86           400 AM
 LOWEST     47           100 PM
 AVERAGE    67

..........................................................


THE SANTA MARIA AIRPORT CA CLIMATE NORMALS FOR TODAY
                         NORMAL    RECORD    YEAR
 MAXIMUM TEMPERATURE (F)   64        82      1984
 MINIMUM TEMPERATURE (F)   40        22      1975


SUNRISE AND SUNSET
JANUARY 28 2015.......SUNRISE   703 AM PST   SUNSET   527 PM PST
JANUARY 29 2015.......SUNRISE   703 AM PST   SUNSET   528 PM PST


-  INDICATES NEGATIVE NUMBERS.
R  INDICATES RECORD WAS SET OR TIED.
MM INDICATES DATA IS MISSING.
T  INDICATES TRACE AMOUNT.




$$
