000
CDUS46 KLOX 050910
CLISMX


CLIMATE REPORT
NATIONAL WEATHER SERVICE LOS ANGELES/OXNARD CA
210 AM PDT SUN JUL 5 2015


...................................

...THE SANTA MARIA AIRPORT CA CLIMATE SUMMARY FOR JULY 4 2015...

CLIMATE NORMAL PERIOD 1981 TO 2010
CLIMATE RECORD PERIOD 1906 TO 2015


WEATHER ITEM   OBSERVED TIME   RECORD YEAR NORMAL DEPARTURE LAST
                VALUE   (LST)  VALUE       VALUE  FROM      YEAR
                                                  NORMAL
..................................................................
TEMPERATURE (F)
 YESTERDAY
  MAXIMUM         76   1244 PM  86    1985  72      4       76
  MINIMUM         59    606 AM  45    1951  53      6       54
  AVERAGE         68                        62      6       65

PRECIPITATION (IN)
  YESTERDAY        0.00          T    2001   0.00   0.00     0.00
                                      1965
                                      1953
  MONTH TO DATE    T                         0.00   0.00     0.00
  SINCE OCT 1      7.64                     13.76  -6.12     4.50
  SINCE JAN 1      2.08                      9.71  -7.63     4.01

SNOWFALL (IN)
  YESTERDAY        0.0
  MONTH TO DATE    0.0
  SINCE JUN 1      0.0
  SINCE JUL 1      0.0

DEGREE DAYS
 HEATING
  YESTERDAY        0                         3     -3
  MONTH TO DATE    0                        12    -12
  SINCE JUN 1     43                       153   -110
  SINCE JUL 1      0                        12    -12

 COOLING
  YESTERDAY        3                         0      3
  MONTH TO DATE   14                         0     14
  SINCE JUN 1     34                         6     28
  SINCE JAN 1     62                        16     46
..................................................................


WIND (MPH)
  HIGHEST WIND SPEED    18   HIGHEST WIND DIRECTION    NW (320)
  HIGHEST GUST SPEED    23   HIGHEST GUST DIRECTION    NW (330)
  AVERAGE WIND SPEED     7.2


SKY COVER
  POSSIBLE SUNSHINE  MM
  AVERAGE SKY COVER 0.7


WEATHER CONDITIONS
 THE FOLLOWING WEATHER WAS RECORDED YESTERDAY.
  FOG
  HAZE


RELATIVE HUMIDITY (PERCENT)
 HIGHEST   100           100 AM
 LOWEST     57          1200 PM
 AVERAGE    79

..........................................................


THE SANTA MARIA AIRPORT CA CLIMATE NORMALS FOR TODAY
                         NORMAL    RECORD    YEAR
 MAXIMUM TEMPERATURE (F)   72        87      1981
 MINIMUM TEMPERATURE (F)   53        44      1975
                                             1948


SUNRISE AND SUNSET
JULY  5 2015..........SUNRISE   554 AM PDT   SUNSET   819 PM PDT
JULY  6 2015..........SUNRISE   554 AM PDT   SUNSET   819 PM PDT


-  INDICATES NEGATIVE NUMBERS.
R  INDICATES RECORD WAS SET OR TIED.
MM INDICATES DATA IS MISSING.
T  INDICATES TRACE AMOUNT.




$$
