755
CDUS46 KLOX 170115
CLISMX


CLIMATE REPORT
NATIONAL WEATHER SERVICE LOS ANGELES/OXNARD CA
515 PM PST MON JAN 16 2017


...................................

...THE SANTA MARIA AIRPORT CA CLIMATE SUMMARY FOR JANUARY 16 2017...
VALID TODAY AS OF 0500 PM LOCAL TIME.

CLIMATE NORMAL PERIOD 1981 TO 2010
CLIMATE RECORD PERIOD 1906 TO 2017


WEATHER ITEM   OBSERVED TIME   RECORD YEAR NORMAL DEPARTURE LAST
                VALUE   (LST)  VALUE       VALUE  FROM      YEAR
                                                  NORMAL
..................................................................
TEMPERATURE (F)
 TODAY
  MAXIMUM         61    235 PM  89    2014  63     -2       69
  MINIMUM         33    736 AM  22    1987  39     -6       50
  AVERAGE         47                        51     -4       60

PRECIPITATION (IN)
  TODAY            0.00          1.23 1973   0.09  -0.09     0.01
  MONTH TO DATE    3.49                      1.40   2.09     1.64
  SINCE OCT 1      8.29                      5.45   2.84     3.52
  SINCE JAN 1      3.49                      1.40   2.09     1.64

SNOWFALL (IN)
  TODAY            0.0
  MONTH TO DATE    0.0
  SINCE DEC 1      0.0
  SINCE JUL 1      0.0

DEGREE DAYS
 HEATING
  TODAY           18                        14      4
  MONTH TO DATE  215                       224     -9
  SINCE DEC 1    630                       650    -20
  SINCE JUL 1   1181                      1296   -115

 COOLING
  TODAY            0                         0      0
  MONTH TO DATE    0                         0      0
  SINCE DEC 1      0                         0      0
  SINCE JAN 1      0                         0      0
..................................................................


WIND (MPH)
  HIGHEST WIND SPEED     9   HIGHEST WIND DIRECTION    NW (300)
  HIGHEST GUST SPEED    11   HIGHEST GUST DIRECTION    NW (310)
  AVERAGE WIND SPEED     2.4


SKY COVER
  POSSIBLE SUNSHINE  MM
  AVERAGE SKY COVER 0.0


WEATHER CONDITIONS
 THE FOLLOWING WEATHER WAS RECORDED TODAY.
  FOG


RELATIVE HUMIDITY (PERCENT)
 HIGHEST   100          1200 AM
 LOWEST     60           100 PM
 AVERAGE    80

..........................................................


THE SANTA MARIA AIRPORT CA CLIMATE NORMALS FOR TOMORROW
                         NORMAL    RECORD    YEAR
 MAXIMUM TEMPERATURE (F)   64        87      2014
 MINIMUM TEMPERATURE (F)   40        21      1987


SUNRISE AND SUNSET
JANUARY 16 2017.......SUNRISE   709 AM PST   SUNSET   515 PM PST
JANUARY 17 2017.......SUNRISE   708 AM PST   SUNSET   516 PM PST


-  INDICATES NEGATIVE NUMBERS.
R  INDICATES RECORD WAS SET OR TIED.
MM INDICATES DATA IS MISSING.
T  INDICATES TRACE AMOUNT.




$$
