000
CDUS46 KLOX 170121
CLISMX


CLIMATE REPORT
NATIONAL WEATHER SERVICE LOS ANGELES/OXNARD CA
521 PM PST SAT DEC 16 2017


...................................

...THE SANTA MARIA AIRPORT CA CLIMATE SUMMARY FOR DECEMBER 16 2017...
VALID TODAY AS OF 0500 PM LOCAL TIME.

CLIMATE NORMAL PERIOD 1981 TO 2010
CLIMATE RECORD PERIOD 1906 TO 2017


WEATHER ITEM   OBSERVED TIME   RECORD YEAR NORMAL DEPARTURE LAST
                VALUE   (LST)  VALUE       VALUE  FROM      YEAR
                                                  NORMAL
..................................................................
TEMPERATURE (F)
 TODAY
  MAXIMUM         68    141 PM  83    2013  63      5       57
                                      1980
  MINIMUM         42    739 AM  28    1971  39      3       38
  AVERAGE         55                        51      4       48

PRECIPITATION (IN)
  TODAY            0.00          1.10 2002   0.07  -0.07     0.31
  MONTH TO DATE    0.00                      0.95  -0.95     1.44
  SINCE OCT 1      0.09                      2.88  -2.79     4.02
  SINCE JAN 1     14.20                     12.78   1.42    11.14

SNOWFALL (IN)
  TODAY            0.0
  MONTH TO DATE    0.0
  SINCE DEC 1      0.0
  SINCE JUL 1      0.0

DEGREE DAYS
 HEATING
  TODAY           10                        14     -4
  MONTH TO DATE  128                       214    -86
  SINCE DEC 1    128                       214    -86
  SINCE JUL 1    401                       860   -459

 COOLING
  TODAY            0                         0      0
  MONTH TO DATE    0                         0      0
  SINCE DEC 1      0                         0      0
  SINCE JAN 1    333                       104    229
..................................................................


WIND (MPH)
  HIGHEST WIND SPEED    18   HIGHEST WIND DIRECTION    NE (30)
  HIGHEST GUST SPEED    24   HIGHEST GUST DIRECTION    NE (60)
  AVERAGE WIND SPEED     7.9


SKY COVER
  POSSIBLE SUNSHINE  MM
  AVERAGE SKY COVER 0.4


WEATHER CONDITIONS
 THE FOLLOWING WEATHER WAS RECORDED TODAY.
  FOG
  FOG W/VISIBILITY <= 1/4 MILE
  HAZE


RELATIVE HUMIDITY (PERCENT)
 HIGHEST   100          1200 AM
 LOWEST     24           300 PM
 AVERAGE    62

..........................................................


THE SANTA MARIA AIRPORT CA CLIMATE NORMALS FOR TOMORROW
                         NORMAL    RECORD    YEAR
 MAXIMUM TEMPERATURE (F)   63        83      1979
 MINIMUM TEMPERATURE (F)   39        28      1984
                                             1965


SUNRISE AND SUNSET
DECEMBER 16 2017......SUNRISE   703 AM PST   SUNSET   452 PM PST
DECEMBER 17 2017......SUNRISE   704 AM PST   SUNSET   453 PM PST


-  INDICATES NEGATIVE NUMBERS.
R  INDICATES RECORD WAS SET OR TIED.
MM INDICATES DATA IS MISSING.
T  INDICATES TRACE AMOUNT.




$$
