340
CDUS46 KSGX 060016
CLISNA


CLIMATE REPORT
NATIONAL WEATHER SERVICE SAN DIEGO, CA
416 PM PST FRI FEB 5 2016


...................................

...THE JOHN WAYNE AIRPORT CA CLIMATE SUMMARY FOR FEBRUARY 5 2016...
VALID TODAY AS OF 0400 PM LOCAL TIME.

CLIMATE NORMAL PERIOD 1981 TO 2010
CLIMATE RECORD PERIOD 1999 TO 2016


WEATHER ITEM   OBSERVED TIME   RECORD YEAR NORMAL DEPARTURE LAST
                VALUE   (LST)  VALUE       VALUE  FROM      YEAR
                                                  NORMAL
..................................................................
TEMPERATURE (F)
 TODAY
  MAXIMUM         79    238 PM  84    2007  66     13       77
  MINIMUM         46    601 AM  41    2008  48     -2       54
                                      2002
  AVERAGE         63                        57      6       66

PRECIPITATION (IN)
  TODAY            0.00          0.64 2010   0.07  -0.07     0.00
  MONTH TO DATE    0.00                      0.29  -0.29     0.00
  SINCE OCT 1      3.26                      7.28  -4.02     4.62
  SINCE JAN 1      2.04                      3.20  -1.16     0.82

DEGREE DAYS
 HEATING
  TODAY            2                         8     -6        0
  MONTH TO DATE   53                        40     13        1
  SINCE DEC 1    602                       579     23      202
  SINCE JUL 1    732                       732      0      206

 COOLING
  TODAY            0                         0      0        1
  MONTH TO DATE    0                         0      0        1
  SINCE DEC 1      0                         6     -6       49
  SINCE JAN 1      0                         5     -5       31
..................................................................


WIND (MPH)
  RESULTANT WIND SPEED   4   RESULTANT WIND DIRECTION  NE (60)
  HIGHEST WIND SPEED    16   HIGHEST WIND DIRECTION     E (70)
  HIGHEST GUST SPEED    22   HIGHEST GUST DIRECTION    NE (30)
  AVERAGE WIND SPEED     4.5


SKY COVER
  POSSIBLE SUNSHINE  MM
  AVERAGE SKY COVER 0.1


WEATHER CONDITIONS
 THE FOLLOWING WEATHER WAS RECORDED TODAY.
  NO SIGNIFICANT WEATHER WAS OBSERVED.


RELATIVE HUMIDITY (PERCENT)
 HIGHEST    50           600 AM
 LOWEST     12          1200 PM
 AVERAGE    31

..........................................................


THE JOHN WAYNE AIRPORT CA CLIMATE NORMALS FOR TOMORROW
                         NORMAL    RECORD    YEAR
 MAXIMUM TEMPERATURE (F)   66        82      2006
 MINIMUM TEMPERATURE (F)   48        41      2008
                                             2002


SUNRISE AND SUNSET
FEBRUARY  5 2016......SUNRISE   645 AM PST   SUNSET   526 PM PST
FEBRUARY  6 2016......SUNRISE   644 AM PST   SUNSET   527 PM PST


-  INDICATES NEGATIVE NUMBERS.
R  INDICATES RECORD WAS SET OR TIED.
MM INDICATES DATA IS MISSING.
T  INDICATES TRACE AMOUNT.




$$
