000
CDUS46 KSGX 041417
CLISNA


CLIMATE REPORT
NATIONAL WEATHER SERVICE SAN DIEGO, CA
717 AM PDT WED MAY 4 2016


...................................

...THE JOHN WAYNE AIRPORT CA CLIMATE SUMMARY FOR MAY 3 2016...

CLIMATE NORMAL PERIOD 1981 TO 2010
CLIMATE RECORD PERIOD 1999 TO 2016


WEATHER ITEM   OBSERVED TIME   RECORD YEAR NORMAL DEPARTURE LAST
                VALUE   (LST)  VALUE       VALUE  FROM      YEAR
                                                  NORMAL
..................................................................
TEMPERATURE (F)
 YESTERDAY
  MAXIMUM         73    100 PM  96    2004  71      2       71
  MINIMUM         57    340 AM  52    2002  57      0       59
  AVERAGE         65                        64      1       65

PRECIPITATION (IN)
  YESTERDAY        0.00          0.38 2003   0.01  -0.01     0.00
  MONTH TO DATE    0.00                      0.05  -0.05     0.00
  SINCE OCT 1      4.88                     12.78  -7.90     5.78
  SINCE JAN 1      3.66                      8.70  -5.04     1.98

DEGREE DAYS
 HEATING
  YESTERDAY        0                         2     -2        0
  MONTH TO DATE    3                         7     -4        0
  SINCE MAR 1    173                       308   -135       75
  SINCE JUL 1    945                      1214   -269      300

 COOLING
  YESTERDAY        0                         1     -1        0
  MONTH TO DATE    0                         3     -3       11
  SINCE MAR 1     47                        24     23      163
  SINCE JAN 1     85                        32     53      235
..................................................................


WIND (MPH)
  RESULTANT WIND SPEED   4   RESULTANT WIND DIRECTION  SW (220)
  HIGHEST WIND SPEED    15   HIGHEST WIND DIRECTION    SW (210)
  HIGHEST GUST SPEED    18   HIGHEST GUST DIRECTION    SW (210)
  AVERAGE WIND SPEED     4.7


SKY COVER
  POSSIBLE SUNSHINE  MM
  AVERAGE SKY COVER 0.5


WEATHER CONDITIONS
 THE FOLLOWING WEATHER WAS RECORDED YESTERDAY.
  FOG
  HAZE


RELATIVE HUMIDITY (PERCENT)
 HIGHEST    93           300 AM
 LOWEST     53           100 PM
 AVERAGE    73

..........................................................


THE JOHN WAYNE AIRPORT CA CLIMATE NORMALS FOR TODAY
                         NORMAL    RECORD    YEAR
 MAXIMUM TEMPERATURE (F)   71        83      2011
                                             2004
 MINIMUM TEMPERATURE (F)   57        53      2002
                                             1999


SUNRISE AND SUNSET
MAY  4 2016...........SUNRISE   559 AM PDT   SUNSET   737 PM PDT
MAY  5 2016...........SUNRISE   559 AM PDT   SUNSET   738 PM PDT


-  INDICATES NEGATIVE NUMBERS.
R  INDICATES RECORD WAS SET OR TIED.
MM INDICATES DATA IS MISSING.
T  INDICATES TRACE AMOUNT.




$$
