000
CDUS46 KSGX 220118
CLISNA


CLIMATE REPORT
NATIONAL WEATHER SERVICE SAN DIEGO, CA
518 PM PST SUN JAN 21 2018


...................................

...THE JOHN WAYNE AIRPORT CA CLIMATE SUMMARY FOR JANUARY 21 2018...
VALID TODAY AS OF 0500 PM LOCAL TIME.

CLIMATE NORMAL PERIOD 1981 TO 2010
CLIMATE RECORD PERIOD 1999 TO 2018


WEATHER ITEM   OBSERVED TIME   RECORD YEAR NORMAL DEPARTURE LAST
                VALUE   (LST)  VALUE       VALUE  FROM      YEAR
                                                  NORMAL
..................................................................
TEMPERATURE (F)
 TODAY
  MAXIMUM         63    154 PM  77    2013  67     -4       60
  MINIMUM         41    618 AM  39    2006  47     -6       49
  AVERAGE         52                        57     -5       55

PRECIPITATION (IN)
  TODAY            0.00          0.72 2010   0.09  -0.09     0.02
  MONTH TO DATE    0.72                      2.34  -1.62     3.33
  SINCE OCT 1      0.73                      6.42  -5.69     9.52
  SINCE JAN 1      0.72                      2.34  -1.62     3.33

DEGREE DAYS
 HEATING
  TODAY           13                         8      5       10
  MONTH TO DATE   82                       179    -97      171
  SINCE DEC 1    212                       458   -246      399
  SINCE JUL 1    245                       611   -366      477

 COOLING
  TODAY            0                         0      0        0
  MONTH TO DATE    3                         0      3        0
  SINCE DEC 1     21                         1     20        0
  SINCE JAN 1      3                         0      3        0
..................................................................


WIND (MPH)
  RESULTANT WIND SPEED   1   RESULTANT WIND DIRECTION  SW (220)
  HIGHEST WIND SPEED    12   HIGHEST WIND DIRECTION    SW (220)
  HIGHEST GUST SPEED    15   HIGHEST GUST DIRECTION    SW (210)
  AVERAGE WIND SPEED     2.9


SKY COVER
  POSSIBLE SUNSHINE  MM
  AVERAGE SKY COVER 0.4


WEATHER CONDITIONS
 THE FOLLOWING WEATHER WAS RECORDED TODAY.
  NO SIGNIFICANT WEATHER WAS OBSERVED.


RELATIVE HUMIDITY (PERCENT)
 HIGHEST    67           500 AM
 LOWEST     40          1000 AM
 AVERAGE    54

..........................................................


THE JOHN WAYNE AIRPORT CA CLIMATE NORMALS FOR TOMORROW
                         NORMAL    RECORD    YEAR
 MAXIMUM TEMPERATURE (F)   67        79      2013
 MINIMUM TEMPERATURE (F)   47        40      2006


SUNRISE AND SUNSET
JANUARY 21 2018.......SUNRISE   654 AM PST   SUNSET   512 PM PST
JANUARY 22 2018.......SUNRISE   654 AM PST   SUNSET   513 PM PST


-  INDICATES NEGATIVE NUMBERS.
R  INDICATES RECORD WAS SET OR TIED.
MM INDICATES DATA IS MISSING.
T  INDICATES TRACE AMOUNT.




$$
