000
CDUS46 KSGX 010019
CLISNA


CLIMATE REPORT
NATIONAL WEATHER SERVICE SAN DIEGO, CA
519 PM PDT TUE MAY 31 2016


...................................

...THE JOHN WAYNE AIRPORT CA CLIMATE SUMMARY FOR MAY 31 2016...
VALID TODAY AS OF 0500 PM LOCAL TIME.

CLIMATE NORMAL PERIOD 1981 TO 2010
CLIMATE RECORD PERIOD 1999 TO 2016


WEATHER ITEM   OBSERVED TIME   RECORD YEAR NORMAL DEPARTURE LAST
                VALUE   (LST)  VALUE       VALUE  FROM      YEAR
                                                  NORMAL
..................................................................
TEMPERATURE (F)
 TODAY
  MAXIMUM         68    252 PM  82    2006  72     -4       70
  MINIMUM         60    714 AM  53    2011  60      0       60
  AVERAGE         64                        66     -2       65

PRECIPITATION (IN)
  TODAY            0.00          0.00 2006   0.00   0.00     0.00
                                      2005
                                      2004
  MONTH TO DATE    0.09                      0.23  -0.14     1.07
  SINCE OCT 1      4.97                     12.96  -7.99     6.85
  SINCE JAN 1      3.75                      8.88  -5.13     3.05

DEGREE DAYS
 HEATING
  TODAY            1                         1      0        0
  MONTH TO DATE   28                        42    -14       47
  SINCE MAR 1    198                       339   -141      122
  SINCE JUL 1    970                      1245   -275      347

 COOLING
  TODAY            0                         2     -2        0
  MONTH TO DATE   11                        38    -27       17
  SINCE MAR 1     58                        59     -1      169
  SINCE JAN 1     96                        67     29      241
..................................................................


WIND (MPH)
  RESULTANT WIND SPEED   3   RESULTANT WIND DIRECTION   S (180)
  HIGHEST WIND SPEED    13   HIGHEST WIND DIRECTION    SW (210)
  HIGHEST GUST SPEED    17   HIGHEST GUST DIRECTION    SW (220)
  AVERAGE WIND SPEED     5.1


SKY COVER
  POSSIBLE SUNSHINE  MM
  AVERAGE SKY COVER 0.8


WEATHER CONDITIONS
 THE FOLLOWING WEATHER WAS RECORDED TODAY.
  NO SIGNIFICANT WEATHER WAS OBSERVED.


RELATIVE HUMIDITY (PERCENT)
 HIGHEST    84          1200 AM
 LOWEST     68           100 PM
 AVERAGE    76

..........................................................


THE JOHN WAYNE AIRPORT CA CLIMATE NORMALS FOR TOMORROW
                         NORMAL    RECORD    YEAR
 MAXIMUM TEMPERATURE (F)   72        78      2014
 MINIMUM TEMPERATURE (F)   60        55      2011


SUNRISE AND SUNSET
MAY 31 2016...........SUNRISE   542 AM PDT   SUNSET   757 PM PDT
JUNE  1 2016..........SUNRISE   542 AM PDT   SUNSET   757 PM PDT


-  INDICATES NEGATIVE NUMBERS.
R  INDICATES RECORD WAS SET OR TIED.
MM INDICATES DATA IS MISSING.
T  INDICATES TRACE AMOUNT.




$$
