000
CDUS46 KSGX 231435
CLISNA


CLIMATE REPORT
NATIONAL WEATHER SERVICE SAN DIEGO, CA
735 AM PDT SUN APR 23 2017


...................................

...THE JOHN WAYNE AIRPORT CA CLIMATE SUMMARY FOR APRIL 22 2017...

CLIMATE NORMAL PERIOD 1981 TO 2010
CLIMATE RECORD PERIOD 1999 TO 2017


WEATHER ITEM   OBSERVED TIME   RECORD YEAR NORMAL DEPARTURE LAST
                VALUE   (LST)  VALUE       VALUE  FROM      YEAR
                                                  NORMAL
..................................................................
TEMPERATURE (F)
 YESTERDAY
  MAXIMUM         85R   103 PM  85    2017  70     15       71
  MINIMUM         61    528 AM  48    2010  55      6       58
                                      2001
  AVERAGE         73                        62     11       65

PRECIPITATION (IN)
  YESTERDAY        0.00          0.19 2010   0.04  -0.04     0.00
  MONTH TO DATE    0.04                      0.65  -0.61     0.18
  SINCE OCT 1     15.80                     12.49   3.31     4.87
  SINCE JAN 1      9.61                      8.41   1.20     3.65

DEGREE DAYS
 HEATING
  YESTERDAY        0                         4     -4        0
  MONTH TO DATE   30                        97    -67       26
  SINCE MAR 1    114                       278   -164      146
  SINCE JUL 1    855                      1184   -329      918

 COOLING
  YESTERDAY        8                         1      7        0
  MONTH TO DATE   23                         4     19       44
  SINCE MAR 1     31                        11     20       47
  SINCE JAN 1     31                        19     12       85
..................................................................


WIND (MPH)
  RESULTANT WIND SPEED   4   RESULTANT WIND DIRECTION   S (200)
  HIGHEST WIND SPEED    13   HIGHEST WIND DIRECTION    SW (220)
  HIGHEST GUST SPEED    17   HIGHEST GUST DIRECTION    SW (220)
  AVERAGE WIND SPEED     4.6


SKY COVER
  POSSIBLE SUNSHINE  MM
  AVERAGE SKY COVER 0.2


WEATHER CONDITIONS
 THE FOLLOWING WEATHER WAS RECORDED YESTERDAY.
  NO SIGNIFICANT WEATHER WAS OBSERVED.


RELATIVE HUMIDITY (PERCENT)
 HIGHEST    84           500 AM
 LOWEST     29           100 PM
 AVERAGE    57

..........................................................


THE JOHN WAYNE AIRPORT CA CLIMATE NORMALS FOR TODAY
                         NORMAL    RECORD    YEAR
 MAXIMUM TEMPERATURE (F)   70        86      2004
 MINIMUM TEMPERATURE (F)   55        48      2010


SUNRISE AND SUNSET
APRIL 23 2017.........SUNRISE   611 AM PDT   SUNSET   729 PM PDT
APRIL 24 2017.........SUNRISE   610 AM PDT   SUNSET   730 PM PDT


-  INDICATES NEGATIVE NUMBERS.
R  INDICATES RECORD WAS SET OR TIED.
MM INDICATES DATA IS MISSING.
T  INDICATES TRACE AMOUNT.




$$
