000
CDUS46 KSGX 271437
CLISNA


CLIMATE REPORT
NATIONAL WEATHER SERVICE SAN DIEGO, CA
633 AM PST TUE JAN 27 2015


...................................

...THE JOHN WAYNE AIRPORT CA CLIMATE SUMMARY FOR JANUARY 26 2015...

CLIMATE NORMAL PERIOD 1981 TO 2010
CLIMATE RECORD PERIOD 1999 TO 2015


WEATHER ITEM   OBSERVED TIME   RECORD YEAR NORMAL DEPARTURE LAST
                VALUE   (LST)  VALUE       VALUE  FROM      YEAR
                                                  NORMAL
..................................................................
TEMPERATURE (F)
 YESTERDAY
  MAXIMUM         80   1157 AM  83    2003  67     13       68
  MINIMUM         59   1123 PM  43    2002  48     11       51
  AVERAGE         70                        57     13       60

PRECIPITATION (IN)
  YESTERDAY        0.13          0.70 2001   0.02   0.11     0.00
  MONTH TO DATE    0.82                      2.63  -1.81     0.00
  SINCE OCT 1      4.62                      6.71  -2.09     0.93
  SINCE JAN 1      0.82                      2.63  -1.81     0.00

SNOWFALL (IN)
  YESTERDAY        0.0
  MONTH TO DATE    0.0
  SINCE JAN 1      0.0
  SINCE JUL 1      0.0
  SNOW DEPTH       0

DEGREE DAYS
 HEATING
  YESTERDAY        0                         8     -8        5
  MONTH TO DATE   89                       219   -130       92
  SINCE DEC 1    199                       498   -299      288
  SINCE JUL 1    203                       651   -448      361

 COOLING
  YESTERDAY        5                         0      5        0
  MONTH TO DATE   25                         0     25       27
  SINCE DEC 1     43                         1     42       31
  SINCE JAN 1     25                         0     25       27
..................................................................


WIND (MPH)
  RESULTANT WIND SPEED   1   RESULTANT WIND DIRECTION  SE (140)
  HIGHEST WIND SPEED    21   HIGHEST WIND DIRECTION    SW (220)
  HIGHEST GUST SPEED    28   HIGHEST GUST DIRECTION    SW (210)
  AVERAGE WIND SPEED     5.1


SKY COVER
  POSSIBLE SUNSHINE  MM
  AVERAGE SKY COVER 0.7


WEATHER CONDITIONS
 THE FOLLOWING WEATHER WAS RECORDED YESTERDAY.
  LIGHT RAIN


RELATIVE HUMIDITY (PERCENT)
 HIGHEST    75          1100 PM
 LOWEST     18          1200 PM
 AVERAGE    47

..........................................................


THE JOHN WAYNE AIRPORT CA CLIMATE NORMALS FOR TODAY
                         NORMAL    RECORD    YEAR
 MAXIMUM TEMPERATURE (F)   67        81      2012
 MINIMUM TEMPERATURE (F)   48        42      2001


SUNRISE AND SUNSET
JANUARY 27 2015.......SUNRISE   651 AM PST   SUNSET   518 PM PST
JANUARY 28 2015.......SUNRISE   651 AM PST   SUNSET   519 PM PST


-  INDICATES NEGATIVE NUMBERS.
R  INDICATES RECORD WAS SET OR TIED.
MM INDICATES DATA IS MISSING.
T  INDICATES TRACE AMOUNT.




$$
