000
CDUS46 KSGX 210019
CLISNA


CLIMATE REPORT
NATIONAL WEATHER SERVICE SAN DIEGO, CA
519 PM PDT WED AUG 20 2014


...................................

...THE JOHN WAYNE AIRPORT CA CLIMATE SUMMARY FOR AUGUST 20 2014...
VALID TODAY AS OF 0500 PM LOCAL TIME.

CLIMATE NORMAL PERIOD 1981 TO 2010
CLIMATE RECORD PERIOD 1999 TO 2014


WEATHER ITEM   OBSERVED TIME   RECORD YEAR NORMAL DEPARTURE LAST
                VALUE   (LST)  VALUE       VALUE  FROM      YEAR
                                                  NORMAL
..................................................................
TEMPERATURE (F)
 TODAY
  MAXIMUM         81    307 PM  88    2007  80      1       82
  MINIMUM         70    609 AM  62    1999  65      5       67
  AVERAGE         76                        73      3       75

PRECIPITATION (IN)
  TODAY            0.00          0.00 2006   0.00   0.00     0.00
                                      2005
  MONTH TO DATE    0.03                      0.03   0.00     0.00
  SINCE JUL 1      0.03                      0.07  -0.04     0.12
  SINCE JAN 1      2.62                      9.03  -6.41     2.09

SNOWFALL (IN)
  TODAY            0.0
  MONTH TO DATE    0.0
  SINCE JAN 1      0.0
  SINCE JUL 1      0.0
  SNOW DEPTH       0

DEGREE DAYS
 HEATING
  TODAY            0                         0      0        0
  MONTH TO DATE    0                         0      0        0
  SINCE JUN 1      0                         7     -7        0
  SINCE JUL 1      0                         0      0        0

 COOLING
  TODAY           11                         8      3       10
  MONTH TO DATE  232                       151     81      134
  SINCE JUN 1    771                       418    353      475
  SINCE JAN 1   1108                       485    623      555
..................................................................


WIND (MPH)
  RESULTANT WIND SPEED   4   RESULTANT WIND DIRECTION   S (170)
  HIGHEST WIND SPEED    13   HIGHEST WIND DIRECTION    SW (210)
  HIGHEST GUST SPEED    18   HIGHEST GUST DIRECTION    SW (240)
  AVERAGE WIND SPEED     6.3


SKY COVER
  POSSIBLE SUNSHINE  MM
  AVERAGE SKY COVER 0.5


WEATHER CONDITIONS
 THE FOLLOWING WEATHER WAS RECORDED TODAY.
  NO SIGNIFICANT WEATHER WAS OBSERVED.


RELATIVE HUMIDITY (PERCENT)
 HIGHEST    70           400 AM
 LOWEST     49           200 PM
 AVERAGE    60

..........................................................


THE JOHN WAYNE AIRPORT CA CLIMATE NORMALS FOR TOMORROW
                         NORMAL    RECORD    YEAR
 MAXIMUM TEMPERATURE (F)   80        85      2007
 MINIMUM TEMPERATURE (F)   65        62      2005
                                             1999


SUNRISE AND SUNSET
AUGUST 20 2014........SUNRISE   617 AM PDT   SUNSET   732 PM PDT
AUGUST 21 2014........SUNRISE   618 AM PDT   SUNSET   731 PM PDT


-  INDICATES NEGATIVE NUMBERS.
R  INDICATES RECORD WAS SET OR TIED.
MM INDICATES DATA IS MISSING.
T  INDICATES TRACE AMOUNT.




$$
