000
CDUS46 KSGX 280115
CLISNA


CLIMATE REPORT
NATIONAL WEATHER SERVICE SAN DIEGO, CA
515 PM PST MON FEB 27 2017


...................................

...THE JOHN WAYNE AIRPORT CA CLIMATE SUMMARY FOR FEBRUARY 27 2017...
VALID TODAY AS OF 0500 PM LOCAL TIME.

CLIMATE NORMAL PERIOD 1981 TO 2010
CLIMATE RECORD PERIOD 1999 TO 2017


WEATHER ITEM   OBSERVED TIME   RECORD YEAR NORMAL DEPARTURE LAST
                VALUE   (LST)  VALUE       VALUE  FROM      YEAR
                                                  NORMAL
..................................................................
TEMPERATURE (F)
 TODAY
  MAXIMUM         58   1136 AM  78    2008  67     -9       71
  MINIMUM         51    647 AM  37    2011  50      1       55
  AVERAGE         55                        58     -3       63

PRECIPITATION (IN)
  TODAY            0.19          1.30 2010   0.10   0.09     0.00
  MONTH TO DATE    3.78                      2.86   0.92     0.32
  SINCE OCT 1     15.71                      9.85   5.86     3.58
  SINCE JAN 1      9.52                      5.77   3.75     2.36

DEGREE DAYS
 HEATING
  TODAY           10                         7      3        2
  MONTH TO DATE  175                       208    -33       89
  SINCE DEC 1    653                       747    -94      638
  SINCE JUL 1    731                       900   -169      768

 COOLING
  TODAY            0                         0      0        0
  MONTH TO DATE    0                         0      0       38
  SINCE DEC 1      0                         6     -6       38
  SINCE JAN 1      0                         5     -5       38
..................................................................


WIND (MPH)
  RESULTANT WIND SPEED   1   RESULTANT WIND DIRECTION   E (80)
  HIGHEST WIND SPEED     9   HIGHEST WIND DIRECTION     N (10)
  HIGHEST GUST SPEED    13   HIGHEST GUST DIRECTION     N (10)
  AVERAGE WIND SPEED     1.7


SKY COVER
  POSSIBLE SUNSHINE  MM
  AVERAGE SKY COVER 1.0


WEATHER CONDITIONS
 THE FOLLOWING WEATHER WAS RECORDED TODAY.
  HEAVY RAIN
  RAIN
  LIGHT RAIN
  FOG


RELATIVE HUMIDITY (PERCENT)
 HIGHEST    93           200 PM
 LOWEST     71          1200 AM
 AVERAGE    82

..........................................................


THE JOHN WAYNE AIRPORT CA CLIMATE NORMALS FOR TOMORROW
                         NORMAL    RECORD    YEAR
 MAXIMUM TEMPERATURE (F)   67        85      2009
 MINIMUM TEMPERATURE (F)   50        41      2011


SUNRISE AND SUNSET
FEBRUARY 27 2017......SUNRISE   622 AM PST   SUNSET   547 PM PST
FEBRUARY 28 2017......SUNRISE   621 AM PST   SUNSET   548 PM PST


-  INDICATES NEGATIVE NUMBERS.
R  INDICATES RECORD WAS SET OR TIED.
MM INDICATES DATA IS MISSING.
T  INDICATES TRACE AMOUNT.




$$
