000
CDAK48 PASN 122331
CLISNP

CLIMATE REPORT
NATIONAL WEATHER SERVICE ST PAUL, AK
231 PM AKST FRI FEB 12 2016

...................................
...THE ST PAUL AIRPORT CLIMATE SUMMARY FOR FEBRUARY 12 2016...
VALID TODAY AS OF 2:00 PM LOCAL TIME

CLIMATE NORMAL PERIOD  1981 TO  2010
CLIMATE RECORD PERIOD  1892 TO  2016

WEATHER ITEM   OBSERVED TIME    RECORD YEAR NORMAL DEPARTURE LAST
               VALUE    (LST)   VALUE       VALUE  FROM      YEAR
                                                   NORMAL
...................................................................
TEMPERATURE
TODAY
 MAXIMUM            36  0122 AM    40  1989     28       8     20
 MINIMUM            32  1054 AM   -10  1984     20      12     18
 AVERAGE            34                          24      10     19

PRECIPITATION
(INCHES)
 TODAY            0.02           0.38  2009   0.05   -0.03   0.03
 MONTH TO DATE    0.30                        0.60   -0.30   0.03
 SINCE DEC 1      6.54                        4.43    2.11   4.19
 SINCE JAN 1      1.91                        2.18   -0.27   1.23

SNOWFALL
(INCHES)
 TODAY               T            3.2  2006    0.4    -0.4    0.8
 MONTH TO DATE     2.6                         4.5    -1.9    1.4
 SINCE DEC 1      26.7                        29.2    -2.5   19.9
 SINCE JUL 1      38.7                        39.5    -0.8   20.6
 SNOW DEPTH (IN)     0                                          4

DEGREE DAYS
 HEATING
  TODAY             31                          41     -10     46
  MONTH TO DATE    372                         492    -120    491
  SINCE DEC 1     2445                        2851    -406   2527
  SINCE JUL 1     5475                        6271    -796   5432

 COOLING
  TODAY              0                           0       0      0
  MONTH TO DATE      0                           0       0      0
  SINCE DEC 1        0                           0       0      0
  SINCE JAN 1        0                           0       0      0
...................................................................

WIND (MPH)
 HIGHEST WIND SPEED    23     HIGHEST WIND DIRECTION     60
 HIGHEST GUST SPEED    27     HIGHEST GUST DIRECTION     60
 AVERAGE WIND SPEED    MM

SKY COVER
  POSSIBLE SUNSHINE  MM            AVERAGE SKY COVER MM

WEATHER CONDITIONS
 THE FOLLOWING WEATHER WAS RECORDED TODAY.
  DRIZZLE
  RAIN
  SNOW


RELATIVE HUMIDITY
 HIGHEST RH     MM PERCENT       MM
 LOWEST  RH     MM PERCENT       MM
 AVERAGE RH     MM PERCENT       MM
...................................................................

THE ST PAUL CLIMATE NORMALS FOR TOMORROW
                        NORMAL    RECORD   YEAR
 MAXIMUM TEMPERATURE      29        39     1989
 MINIMUM TEMPERATURE      20        -9     1972

SUNRISE AND SUNSET
 FEB 12 2016..........SUNRISE  9:57 AM      SUNSET  7:15 PM
 FEB 13 2016..........SUNRISE  9:55 AM      SUNSET  7:17 PM

-  INDICATES NEGATIVE NUMBERS.
R  INDICATES RECORD HAS BEEN SET OR TIED.
MM INDICATES DATA IS MISSING.
T  INDICATES TRACE OF PRECIPITATION.

&&
-------------------------------------------------------------------

AMOUNT OF DAYLIGHT TODAY  (HOUR:MIN)........9 HOURS 18 MINUTES
GAIN/LOSS SINCE YESTERDAY (HOUR:MIN:SEC)....+0:04:37

$$
HCH FEB 16
