000
CDAK48 PASN 231319
CLISNP


CLIMATE REPORT
NATIONAL WEATHER SERVICE ANCHORAGE, AK
518 AM AKDT TUE MAY 23 2017


...................................

...THE SAINT PAUL ISLAND CLIMATE SUMMARY FOR MAY 22 2017...

CLIMATE NORMAL PERIOD 1981 TO 2010
CLIMATE RECORD PERIOD 1892 TO 2017


WEATHER ITEM   OBSERVED TIME   RECORD YEAR NORMAL DEPARTURE LAST
                VALUE   (LST)  VALUE       VALUE  FROM      YEAR
                                                  NORMAL
..................................................................
TEMPERATURE (F)
 YESTERDAY
  MAXIMUM         44        MM  49    1979  42      2       48
  MINIMUM         38        MM  22    1984  33      5       32
  AVERAGE         41                        37      4       40

PRECIPITATION (IN)
  YESTERDAY        T             0.28 1957   0.04  -0.04      T
  MONTH TO DATE    1.44                      0.80   0.64     0.74
  SINCE MAR 1      2.61                      2.95  -0.34     2.90
  SINCE JAN 1      5.70                      5.83  -0.13     5.66

SNOWFALL (IN)
  YESTERDAY       MM            MM      MM   0.0   MM       MM
  MONTH TO DATE    T                         1.0   -1.0      0.0
  SINCE MAR 1      0.6                      14.7  -14.1      0.0
  SINCE JUL 1     48.8                      59.7  -10.9     23.7
  SNOW DEPTH       0

DEGREE DAYS
 HEATING
  YESTERDAY       24                        28     -4       25
  MONTH TO DATE  590                       654    -64      541
  SINCE MAR 1   2777                      2972   -195     2157
  SINCE JUL 1   8652                      9889  -1237     7342

 COOLING
  YESTERDAY        0                         0      0        0
  MONTH TO DATE    0                         0      0        0
  SINCE MAR 1      0                         0      0        0
  SINCE JAN 1      0                         0      0        0
..................................................................


WIND (MPH)
  RESULTANT WIND SPEED  15   RESULTANT WIND DIRECTION  SW (220)
  HIGHEST WIND SPEED    21   HIGHEST WIND DIRECTION    SW (220)
  HIGHEST GUST SPEED    30   HIGHEST GUST DIRECTION    SW (230)
  AVERAGE WIND SPEED    16.3



WEATHER CONDITIONS
 THE FOLLOWING WEATHER WAS RECORDED YESTERDAY.
  LIGHT RAIN
  FOG


..........................................................


THE SAINT PAUL ISLAND CLIMATE NORMALS FOR TODAY
                         NORMAL    RECORD    YEAR
 MAXIMUM TEMPERATURE (F)   42        51      2009
 MINIMUM TEMPERATURE (F)   33        24      1966


SUNRISE AND SUNSET
MAY 23 2017...........SUNRISE   646 AM AKDT  SUNSET  1150 PM AKDT
MAY 24 2017...........SUNRISE   645 AM AKDT  SUNSET  1152 PM AKDT


-  INDICATES NEGATIVE NUMBERS.
R  INDICATES RECORD WAS SET OR TIED.
MM INDICATES DATA IS MISSING.
T  INDICATES TRACE AMOUNT.




$$
