000
CDAK48 PASN 251115
CLISNP

CLIMATE REPORT
NATIONAL WEATHER SERVICE ST PAUL, AK
316 AM AKDT MON MAY 25 2015

...................................
...THE ST PAUL AIRPORT CLIMATE SUMMARY FOR MAY 24 2015...

CLIMATE NORMAL PERIOD  1981 TO  2010
CLIMATE RECORD PERIOD  1892 TO  2015

WEATHER ITEM   OBSERVED TIME    RECORD YEAR NORMAL DEPARTURE LAST
               VALUE    (LST)   VALUE       VALUE  FROM      YEAR
                                                   NORMAL
...................................................................
TEMPERATURE
YESTERDAY
 MAXIMUM            47  0354 PM    54  2006     42       5     42
 MINIMUM            40  0921 AM    21  1983     33       7     34
 AVERAGE            44                          38       6     38

PRECIPITATION
(INCHES)
 YESTERDAY        0.05           0.41  1988   0.04    0.01      T
 MONTH TO DATE    1.71                        0.87    0.84   0.15
 SINCE MAR 1      3.64                        3.02    0.62   2.25
 SINCE JAN 1      5.96                        5.90    0.06   6.58

SNOWFALL
(INCHES)
 YESTERDAY         0.0            3.4  1962    0.0     0.0    0.0
 MONTH TO DATE     0.3                         1.0    -0.7      T
 SINCE MAR 1      18.9                        14.7     4.2    9.4
 SINCE JUL 1      48.6                        59.7   -11.1   43.7
 SNOW DEPTH (IN)     0                                          0

DEGREE DAYS
 HEATING
  YESTERDAY         21                          27      -6     27
  MONTH TO DATE    620                         708     -88    632
  SINCE MAR 1     2849                        3016    -167   2804
  SINCE JUL 1     8806                        9935   -1129   9250

 COOLING
  YESTERDAY          0                           0       0      0
  MONTH TO DATE      0                           0       0      0
  SINCE MAR 1        0                           0       0      0
  SINCE JAN 1        0                           0       0      0
...................................................................

WIND (MPH)
 HIGHEST WIND SPEED    23     HIGHEST WIND DIRECTION    170
 HIGHEST GUST SPEED    26     HIGHEST GUST DIRECTION    160
 AVERAGE WIND SPEED  13.9

SKY COVER
  POSSIBLE SUNSHINE    MM          AVERAGE SKY COVER     MM

WEATHER CONDITIONS
 THE FOLLOWING WEATHER WAS RECORDED YESTERDAY.
  FOG
  RAIN


RELATIVE HUMIDITY
 HIGHEST RH     MM PERCENT       MM
 LOWEST  RH     MM PERCENT       MM
 AVERAGE RH     MM PERCENT       MM
...................................................................

THE ST PAUL CLIMATE NORMALS FOR TODAY
                           NORMAL    RECORD   YEAR
 MAXIMUM TEMPERATURE (F)     42        53     2006
 MINIMUM TEMPERATURE (F)     33        24     1951

SUNRISE AND SUNSET
 MAY 25 2015..........SUNRISE  6:44 AM      SUNSET 11:53 PM
 MAY 26 2015..........SUNRISE  6:43 AM      SUNSET 11:55 PM

-  INDICATES NEGATIVE NUMBERS.
R  INDICATES RECORD HAS BEEN SET OR TIED.
MM INDICATES DATA IS MISSING.
T  INDICATES TRACE OF PRECIPITATION.

&&
-------------------------------------------------------------------

AMOUNT OF DAYLIGHT TODAY  (HOUR:MIN)........17 HOURS 9 MINUTES
GAIN/LOSS SINCE YESTERDAY (HOUR:MIN:SEC)....+0:03:16

$$
HCH MAY 15
