000
CDAK48 PAFC 200049
CLISNP


CLIMATE REPORT
NATIONAL WEATHER SERVICE ANCHORAGE, AK
448 PM AKDT SAT AUG 19 2017


...................................

...THE SAINT PAUL ISLAND CLIMATE SUMMARY FOR AUGUST 19 2017...
VALID TODAY AS OF 0400 PM LOCAL TIME.

CLIMATE NORMAL PERIOD 1981 TO 2010
CLIMATE RECORD PERIOD 1892 TO 2017


WEATHER ITEM   OBSERVED TIME   RECORD YEAR NORMAL DEPARTURE LAST
                VALUE   (LST)  VALUE       VALUE  FROM      YEAR
                                                  NORMAL
..................................................................
TEMPERATURE (F)
 TODAY
  MAXIMUM         56    119 PM  58    2014  52      4       56
  MINIMUM         49    739 AM  33    1986  46      3       49
  AVERAGE         53                        49      4       53

PRECIPITATION (IN)
  TODAY            0.00          0.54 2006   0.10  -0.10      T
  MONTH TO DATE    1.31                      1.80  -0.49     1.98
  SINCE JUN 1      6.07                      5.00   1.07     4.11
  SINCE JAN 1     11.88                     11.16   0.72     9.80

SNOWFALL (IN)
  TODAY            0.0          MM      MM   0.0    0.0      0.0
  MONTH TO DATE    0.0                       0.0    0.0      0.0
  SINCE JUN 1      0.0                       T      0.0      0.0
  SINCE JUL 1      0.0                       0.0    0.0      0.0
  SNOW DEPTH       0

DEGREE DAYS
 HEATING
  TODAY           12                        16     -4       12
  MONTH TO DATE  263                       305    -42      199
  SINCE JUN 1   1343                      1535   -192      952
  SINCE JUL 1    789                       857    -68      490

 COOLING
  TODAY            0                         0      0        0
  MONTH TO DATE    0                         0      0        0
  SINCE JUN 1      0                         0      0        0
  SINCE JAN 1      0                         0      0        0
..................................................................


WIND (MPH)
  RESULTANT WIND SPEED   9   RESULTANT WIND DIRECTION  NE (60)
  HIGHEST WIND SPEED    14   HIGHEST WIND DIRECTION     N (10)
  HIGHEST GUST SPEED    17   HIGHEST GUST DIRECTION     E (70)
  AVERAGE WIND SPEED     9.4



WEATHER CONDITIONS
 THE FOLLOWING WEATHER WAS RECORDED TODAY.
  NO SIGNIFICANT WEATHER WAS OBSERVED.


..........................................................


THE SAINT PAUL ISLAND CLIMATE NORMALS FOR TOMORROW
                         NORMAL    RECORD    YEAR
 MAXIMUM TEMPERATURE (F)   52        60      2004
                                             1995
 MINIMUM TEMPERATURE (F)   46        32      1979


SUNRISE AND SUNSET
AUGUST 19 2017........SUNRISE   757 AM AKDT  SUNSET  1050 PM AKDT
AUGUST 20 2017........SUNRISE   759 AM AKDT  SUNSET  1048 PM AKDT


-  INDICATES NEGATIVE NUMBERS.
R  INDICATES RECORD WAS SET OR TIED.
MM INDICATES DATA IS MISSING.
T  INDICATES TRACE AMOUNT.




$$
