000
CDAK48 PAFC 101302
CLISNP

CLIMATE REPORT
NATIONAL WEATHER SERVICE ANCHORAGE, AK
400 AM AKST SAT DEC 10 2016


...................................

...THE SAINT PAUL ISLAND CLIMATE SUMMARY FOR DECEMBER 9 2016...

CLIMATE NORMAL PERIOD 1981 TO 2010
CLIMATE RECORD PERIOD 1892 TO 2016


WEATHER ITEM   OBSERVED TIME   RECORD YEAR NORMAL DEPARTURE LAST
                VALUE   (LST)  VALUE       VALUE  FROM      YEAR
                                                  NORMAL
..................................................................
TEMPERATURE (F)
 YESTERDAY
  MAXIMUM         32    615 PM  42    1979  34     -2       32
  MINIMUM         22    515 AM   6    1975  25     -3       28
  AVERAGE         27                        30     -3       30

PRECIPITATION (IN)
  YESTERDAY        T             0.75 1949   0.07  -0.07     0.01
  MONTH TO DATE    0.53                      0.71  -0.18     0.52
  SINCE DEC 1      0.53                      0.71  -0.18     0.52
  SINCE JAN 1     24.60                     22.13   2.47    23.53

SNOWFALL (IN)
  YESTERDAY        T             5.0  1998   0.4   -0.4      0.6
  MONTH TO DATE    1.9                       3.3   -1.4      2.9
  SINCE DEC 1      1.9                       3.3   -1.4      2.9
  SINCE JUL 1      8.5                      13.6   -5.1     14.9
  SNOW DEPTH       T

DEGREE DAYS
 HEATING
  YESTERDAY       38                        35      3       35
  MONTH TO DATE  316                       313      3      304
  SINCE DEC 1    316                       313      3      304
  SINCE JUL 1   2885                      3734   -849     2852

 COOLING
  YESTERDAY        0                         0      0        0
  MONTH TO DATE    0                         0      0        0
  SINCE DEC 1      0                         0      0        0
  SINCE JAN 1      0                         0      0        0
..................................................................


WIND (MPH)
  RESULTANT WIND SPEED  13   RESULTANT WIND DIRECTION   N (20)
  HIGHEST WIND SPEED    23   HIGHEST WIND DIRECTION     N (10)
  HIGHEST GUST SPEED    29   HIGHEST GUST DIRECTION     N (360)
  AVERAGE WIND SPEED    12.8



WEATHER CONDITIONS
 THE FOLLOWING WEATHER WAS RECORDED YESTERDAY.
  LIGHT SNOW
  FOG
  HAZE


..........................................................


THE SAINT PAUL ISLAND CLIMATE NORMALS FOR TODAY
                         NORMAL    RECORD    YEAR
 MAXIMUM TEMPERATURE (F)   34        42      1986
 MINIMUM TEMPERATURE (F)   25         7      2005
                                             1987


SUNRISE AND SUNSET
DECEMBER 10 2016......SUNRISE  1050 AM AKST  SUNSET   538 PM AKST
DECEMBER 11 2016......SUNRISE  1051 AM AKST  SUNSET   538 PM AKST

CIVIL TWILIGHT
DECEMBER 10 2016        START   1001 AM GMT     END    628 PM GMT
DECEMBER 11 2016        START   1002 AM GMT     END    628 PM GMT



-  INDICATES NEGATIVE NUMBERS.
R  INDICATES RECORD WAS SET OR TIED.
MM INDICATES DATA IS MISSING.
T  INDICATES TRACE AMOUNT.




$$
&&
------------------------------------------------------
AMOUNT OF DAYLIGHT TODAY  (HOUR:MIN)........ 6:48
GAIN/LOSS SINCE YESTERDAY (HOUR:MIN:SEC)....-0:01:35

$$
