449
CDAK48 PAFC 181301
CLISNP


CLIMATE REPORT
NATIONAL WEATHER SERVICE ANCHORAGE, AK
500 AM AKDT WED OCT 18 2017


...................................

...THE SAINT PAUL ISLAND CLIMATE SUMMARY FOR OCTOBER 17 2017...

CLIMATE NORMAL PERIOD 1981 TO 2010
CLIMATE RECORD PERIOD 1892 TO 2017


WEATHER ITEM   OBSERVED TIME   RECORD YEAR NORMAL DEPARTURE LAST
                VALUE   (LST)  VALUE       VALUE  FROM      YEAR
                                                  NORMAL
..................................................................
TEMPERATURE (F)
 YESTERDAY
  MAXIMUM         45    410 PM  50    1979  43      2       42
  MINIMUM         34   1108 PM  18    1981  34      0       32
  AVERAGE         40                        38      2       37

PRECIPITATION (IN)
  YESTERDAY        0.06          0.50 1978   0.10  -0.04     0.13
  MONTH TO DATE    1.36                      1.70  -0.34     2.22
  SINCE SEP 1      3.07                      4.69  -1.62     6.67
  SINCE JAN 1     15.74                     17.12  -1.38    17.41

SNOWFALL (IN)
  YESTERDAY        0.0          MM      MM   0.1   -0.1       T
  MONTH TO DATE    T                         0.6   -0.6       T
  SINCE SEP 1      T                         0.6   -0.6       T
  SINCE JUL 1      T                         0.6   -0.6       T
  SNOW DEPTH       0

DEGREE DAYS
 HEATING
  YESTERDAY       25                        27     -2       28
  MONTH TO DATE  357                       424    -67      304
  SINCE SEP 1    925                      1014    -89      722
  SINCE JUL 1   1916                      2067   -151     1335

 COOLING
  YESTERDAY        0                         0      0        0
  MONTH TO DATE    0                         0      0        0
  SINCE SEP 1      0                         0      0        0
  SINCE JAN 1      0                         0      0        0
..................................................................


WIND (MPH)
  RESULTANT WIND SPEED  12   RESULTANT WIND DIRECTION   N (10)
  HIGHEST WIND SPEED    26   HIGHEST WIND DIRECTION    NE (30)
  HIGHEST GUST SPEED    32   HIGHEST GUST DIRECTION    NE (60)
  AVERAGE WIND SPEED    14.5



WEATHER CONDITIONS
 THE FOLLOWING WEATHER WAS RECORDED YESTERDAY.
  LIGHT RAIN
  LIGHT SNOW
  FOG
  HAZE


..........................................................


THE SAINT PAUL ISLAND CLIMATE NORMALS FOR TODAY
                         NORMAL    RECORD    YEAR
 MAXIMUM TEMPERATURE (F)   42        49      2004
                                             1996
 MINIMUM TEMPERATURE (F)   34        24      1968
                                             1893


SUNRISE AND SUNSET
OCTOBER 18 2017.......SUNRISE  1002 AM AKDT  SUNSET   809 PM AKDT
OCTOBER 19 2017.......SUNRISE  1004 AM AKDT  SUNSET   806 PM AKDT


-  INDICATES NEGATIVE NUMBERS.
R  INDICATES RECORD WAS SET OR TIED.
MM INDICATES DATA IS MISSING.
T  INDICATES TRACE AMOUNT.




$$
