000
CDUS46 KMTR 250836
CLISNS


CLIMATE REPORT
NATIONAL WEATHER SERVICE SAN FRANCISCO BAY AREA
136 AM PDT MON SEP 25 2017


...................................

...THE SALINAS AIRPORT CLIMATE SUMMARY FOR SEPTEMBER 24 2017...

CLIMATE NORMAL PERIOD 1981 TO 2010
CLIMATE RECORD PERIOD 1930 TO 2017


WEATHER ITEM   OBSERVED TIME   RECORD YEAR NORMAL DEPARTURE LAST
                VALUE   (LST)  VALUE       VALUE  FROM      YEAR
                                                  NORMAL
..................................................................
TEMPERATURE (F)
 YESTERDAY
  MAXIMUM         82   1236 PM 101    1978  74      8       86
  MINIMUM         46    454 AM  41    1931  53     -7       50
  AVERAGE         64                        64      0       68

PRECIPITATION (IN)
  YESTERDAY        0.00          0.35 1986   0.01  -0.01     0.00
  MONTH TO DATE    0.04                      0.11  -0.07     0.00
  SINCE OCT 1     16.49                     12.77   3.72    13.47
  SINCE JAN 1     12.49                      8.86   3.63     8.57

DEGREE DAYS
 HEATING
  YESTERDAY        1                         2     -1        0
  MONTH TO DATE   27                        48    -21       63
  SINCE SEP 1     27                        48    -21       63
  SINCE JUL 1    118                       183    -65      211

 COOLING
  YESTERDAY        0                         1     -1        3
  MONTH TO DATE  125                        24    101       19
  SINCE SEP 1    125                        24    101       19
  SINCE JAN 1    193                        93    100       52
..................................................................


WIND (MPH)
  RESULTANT WIND SPEED   2   RESULTANT WIND DIRECTION   W (270)
  HIGHEST WIND SPEED    18   HIGHEST WIND DIRECTION     W (270)
  HIGHEST GUST SPEED    23   HIGHEST GUST DIRECTION     W (280)
  AVERAGE WIND SPEED     6.3


SKY COVER
  POSSIBLE SUNSHINE  MM
  AVERAGE SKY COVER 0.0


WEATHER CONDITIONS
 THE FOLLOWING WEATHER WAS RECORDED YESTERDAY.
  NO SIGNIFICANT WEATHER WAS OBSERVED.


RELATIVE HUMIDITY (PERCENT)
 HIGHEST    80           300 AM
 LOWEST     18          1200 PM
 AVERAGE    49

..........................................................


THE SALINAS AIRPORT CLIMATE NORMALS FOR TODAY
                         NORMAL    RECORD    YEAR
 MAXIMUM TEMPERATURE (F)   74        99      1937
 MINIMUM TEMPERATURE (F)   53        38      1934


SUNRISE AND SUNSET
SEPTEMBER 25 2017.....SUNRISE   657 AM PDT   SUNSET   658 PM PDT
SEPTEMBER 26 2017.....SUNRISE   658 AM PDT   SUNSET   657 PM PDT


-  INDICATES NEGATIVE NUMBERS.
R  INDICATES RECORD WAS SET OR TIED.
MM INDICATES DATA IS MISSING.
T  INDICATES TRACE AMOUNT.




$$
