000
CDUS46 KMTR 240831
CLISNS


CLIMATE REPORT
NATIONAL WEATHER SERVICE SAN FRANCISCO BAY AREA
1231 AM PST MON NOV 24 2014


...................................

...THE SALINAS AIRPORT CLIMATE SUMMARY FOR NOVEMBER 23 2014...

CLIMATE NORMAL PERIOD 1981 TO 2010
CLIMATE RECORD PERIOD 1930 TO 2014


WEATHER ITEM   OBSERVED TIME   RECORD YEAR NORMAL DEPARTURE LAST
                VALUE   (LST)  VALUE       VALUE  FROM      YEAR
                                                  NORMAL
..................................................................
TEMPERATURE (F)
 YESTERDAY
  MAXIMUM         71    307 PM  89    1933  65      6       66
  MINIMUM         46   1154 PM  26    1931  43      3       45
  AVERAGE         59                        54      5       56

PRECIPITATION (IN)
  YESTERDAY        0.00          1.53 1946   0.06  -0.06     0.00
  MONTH TO DATE    0.75                      1.01  -0.26     0.47
  SINCE JUL 1      2.00                      1.79   0.21     0.73
  SINCE JAN 1      6.97                     10.51  -3.54     3.06

DEGREE DAYS
 HEATING
  YESTERDAY        6                        11     -5        9
  MONTH TO DATE   88                       201   -113      185
  SINCE SEP 1    133                       400   -267      367
  SINCE JUL 1    174                       535   -361      472

 COOLING
  YESTERDAY        0                         0      0        0
  MONTH TO DATE    7                         0      7        0
  SINCE SEP 1    134                        58     76       71
  SINCE JAN 1    267                       127    140      155
..................................................................


WIND (MPH)
  RESULTANT WIND SPEED   1   RESULTANT WIND DIRECTION   W (290)
  HIGHEST WIND SPEED     8   HIGHEST WIND DIRECTION     N (10)
  HIGHEST GUST SPEED    12   HIGHEST GUST DIRECTION    SE (130)
  AVERAGE WIND SPEED     1.7


SKY COVER
  POSSIBLE SUNSHINE  MM
  AVERAGE SKY COVER 0.1


WEATHER CONDITIONS
 THE FOLLOWING WEATHER WAS RECORDED YESTERDAY.
  FOG
  FOG W/VISIBILITY <= 1/4 MILE


RELATIVE HUMIDITY (PERCENT)
 HIGHEST    96          1200 AM
 LOWEST     36           200 PM
 AVERAGE    66

..........................................................


THE SALINAS AIRPORT CLIMATE NORMALS FOR TODAY
                         NORMAL    RECORD    YEAR
 MAXIMUM TEMPERATURE (F)   64        85      1949
 MINIMUM TEMPERATURE (F)   43        26      1931


SUNRISE AND SUNSET
NOVEMBER 24 2014......SUNRISE   653 AM PST   SUNSET   453 PM PST
NOVEMBER 25 2014......SUNRISE   654 AM PST   SUNSET   452 PM PST


-  INDICATES NEGATIVE NUMBERS.
R  INDICATES RECORD WAS SET OR TIED.
MM INDICATES DATA IS MISSING.
T  INDICATES TRACE AMOUNT.




$$
