000
CDUS46 KMTR 200832
CLISNS


CLIMATE REPORT
NATIONAL WEATHER SERVICE SAN FRANCISCO BAY AREA
131 AM PDT SUN APR 20 2014


...................................

...THE SALINAS AIRPORT CLIMATE SUMMARY FOR APRIL 19 2014...

CLIMATE NORMAL PERIOD 1981 TO 2010
CLIMATE RECORD PERIOD 1930 TO 2014


WEATHER ITEM   OBSERVED TIME   RECORD YEAR NORMAL DEPARTURE LAST
                VALUE   (LST)  VALUE       VALUE  FROM      YEAR
                                                  NORMAL
..................................................................
TEMPERATURE (F)
 YESTERDAY
  MAXIMUM         65    131 PM  96    2009  67     -2       73
  MINIMUM         52    624 AM  37    1977  47      5       43
  AVERAGE         59                        57      2       58

PRECIPITATION (IN)
  YESTERDAY        0.00          0.37 1988   0.03  -0.03     0.00
  MONTH TO DATE    0.37                      0.69  -0.32     0.27
  SINCE JUL 1      5.66                     12.15  -6.49     8.92
  SINCE JAN 1      4.72                      8.04  -3.32     2.28

DEGREE DAYS
 HEATING
  YESTERDAY        6                         8     -2        7
  MONTH TO DATE  121                       170    -49      149
  SINCE MAR 1    319                       490   -171      429
  SINCE JUL 1   1751                      2304   -553     2184

 COOLING
  YESTERDAY        0                         0      0        0
  MONTH TO DATE    3                         0      3        0
  SINCE MAR 1      4                         1      3        0
  SINCE JAN 1      6                         1      5        0
..................................................................


WIND (MPH)
  RESULTANT WIND SPEED   8   RESULTANT WIND DIRECTION   W (260)
  HIGHEST WIND SPEED    18   HIGHEST WIND DIRECTION     W (260)
  HIGHEST GUST SPEED    23   HIGHEST GUST DIRECTION     W (280)
  AVERAGE WIND SPEED     8.9


SKY COVER
  POSSIBLE SUNSHINE  MM
  AVERAGE SKY COVER 0.5


WEATHER CONDITIONS
 THE FOLLOWING WEATHER WAS RECORDED YESTERDAY.
  NO SIGNIFICANT WEATHER WAS OBSERVED.


RELATIVE HUMIDITY (PERCENT)
 HIGHEST    86          1000 PM
 LOWEST     48          1200 PM
 AVERAGE    67

..........................................................


THE SALINAS AIRPORT CLIMATE NORMALS FOR TODAY
                         NORMAL    RECORD    YEAR
 MAXIMUM TEMPERATURE (F)   68        99      2009
 MINIMUM TEMPERATURE (F)   47        34      1972


SUNRISE AND SUNSET
APRIL 20 2014.........SUNRISE   526 AM PST   SUNSET   645 PM PST
APRIL 21 2014.........SUNRISE   525 AM PST   SUNSET   646 PM PST


-  INDICATES NEGATIVE NUMBERS.
R  INDICATES RECORD WAS SET OR TIED.
MM INDICATES DATA IS MISSING.
T  INDICATES TRACE AMOUNT.




$$
