000
CDUS45 KPIH 192324
CLISNT


CLIMATE REPORT
NATIONAL WEATHER SERVICE POCATELLO ID
423 PM MST FRI JAN 19 2018


...................................

...THE STANLEY ID CLIMATE SUMMARY FOR JANUARY 19 2018...
VALID TODAY AS OF 0400 PM LOCAL TIME.

CLIMATE NORMAL PERIOD 1981 TO 2010
CLIMATE RECORD PERIOD 1916 TO 2018


WEATHER ITEM   OBSERVED TIME   RECORD YEAR NORMAL DEPARTURE LAST
                VALUE   (LST)  VALUE       VALUE  FROM      YEAR
                                                  NORMAL
..................................................................
TEMPERATURE (F)
 TODAY
  MAXIMUM         32    531 AM  52    1971  27      5       34
  MINIMUM         26    353 PM -42    1922   2     24       20
  AVERAGE         29                        14     15       27

PRECIPITATION (IN)
  TODAY            0.17          0.88 2012   0.05   0.12    MM
  MONTH TO DATE    1.39                      1.00   0.39     0.00
  SINCE OCT 1      9.63                      5.85   3.78    11.33
  SINCE JAN 1      1.39                      1.00   0.39     0.00

SNOWFALL (IN)
  TODAY           MM
  MONTH TO DATE   MM
  SINCE DEC 1     MM
  SINCE JUL 1     MM
  SNOW DEPTH      MM

DEGREE DAYS
 HEATING
  TODAY           36                        51    -15       38
  MONTH TO DATE  792                       969   -177     1160
  SINCE DEC 1   2242                      2534   -292     2905
  SINCE JUL 1   4883                      5631   -748     5522

 COOLING
  TODAY            0                         0      0        0
  MONTH TO DATE    0                         0      0        0
  SINCE DEC 1      0                         0      0        0
  SINCE JAN 1      0                         0      0        0
..................................................................


WIND (MPH)
  HIGHEST WIND SPEED    12   HIGHEST WIND DIRECTION     N (350)
  HIGHEST GUST SPEED    16   HIGHEST GUST DIRECTION     N (360)
  AVERAGE WIND SPEED     4.2


SKY COVER
  POSSIBLE SUNSHINE  MM
  AVERAGE SKY COVER 0.0


WEATHER CONDITIONS
 THE FOLLOWING WEATHER WAS RECORDED TODAY.
  NO SIGNIFICANT WEATHER WAS OBSERVED.


RELATIVE HUMIDITY (PERCENT)
 HIGHEST    92          1200 AM
 LOWEST     58           300 PM
 AVERAGE    75

..........................................................


THE STANLEY ID CLIMATE NORMALS FOR TOMORROW
                         NORMAL    RECORD    YEAR
 MAXIMUM TEMPERATURE (F)   27        48      1986
 MINIMUM TEMPERATURE (F)    2       -37      1988


SUNRISE AND SUNSET
JANUARY 19 2018.......SUNRISE   809 AM MST   SUNSET   532 PM MST
JANUARY 20 2018.......SUNRISE   808 AM MST   SUNSET   534 PM MST


-  INDICATES NEGATIVE NUMBERS.
R  INDICATES RECORD WAS SET OR TIED.
MM INDICATES DATA IS MISSING.
T  INDICATES TRACE AMOUNT.




$$
