000
CDUS45 KPIH 290731
CLISNT


CLIMATE REPORT
NATIONAL WEATHER SERVICE POCATELLO ID
131 AM MDT TUE JUL 29 2014


...................................

...THE STANLEY ID CLIMATE SUMMARY FOR JULY 28 2014...

CLIMATE NORMAL PERIOD 1981 TO 2010
CLIMATE RECORD PERIOD 1916 TO 2014


WEATHER ITEM   OBSERVED TIME   RECORD YEAR NORMAL DEPARTURE LAST
                VALUE   (LST)  VALUE       VALUE  FROM      YEAR
                                                  NORMAL
..................................................................
TEMPERATURE (F)
 YESTERDAY
  MAXIMUM         82   1146 AM  92    1968  80      2       79
  MINIMUM         50   1159 PM  24    1918  38     12       33
  AVERAGE         66                        59      7       56

PRECIPITATION (IN)
  YESTERDAY        0.01          0.15 1984   0.01   0.00     0.00
  MONTH TO DATE    0.19                      0.63  -0.44     0.28
  SINCE OCT 1     17.06                     15.40   1.66    14.40
  SINCE JAN 1     13.45                     10.55   2.90     6.21

SNOWFALL (IN)
  YESTERDAY       MM
  MONTH TO DATE   MM
  SINCE JUN 1     MM
  SINCE JUL 1     MM
  SNOW DEPTH      MM

DEGREE DAYS
 HEATING
  YESTERDAY        0                         6     -6        9
  MONTH TO DATE  107                       221   -114      117
  SINCE JUN 1    577                       675    -98      486
  SINCE JUL 1    107                       221   -114      117

 COOLING
  YESTERDAY        1                         0      1        0
  MONTH TO DATE   11                         0     11       16
  SINCE JUN 1     11                         0     11       19
  SINCE JAN 1     11                         0     11       19
..................................................................


WIND (MPH)
  HIGHEST WIND SPEED    15   HIGHEST WIND DIRECTION     W (290)
  HIGHEST GUST SPEED    25   HIGHEST GUST DIRECTION    NW (300)
  AVERAGE WIND SPEED     4.0


SKY COVER
  POSSIBLE SUNSHINE  MM
  AVERAGE SKY COVER 0.0


WEATHER CONDITIONS
 THE FOLLOWING WEATHER WAS RECORDED YESTERDAY.
  NO SIGNIFICANT WEATHER WAS OBSERVED.


RELATIVE HUMIDITY (PERCENT)
 HIGHEST    77          1000 PM
 LOWEST     23          1200 PM
 AVERAGE    50

..........................................................


THE STANLEY ID CLIMATE NORMALS FOR TODAY
                         NORMAL    RECORD    YEAR
 MAXIMUM TEMPERATURE (F)   80        91      1968
 MINIMUM TEMPERATURE (F)   38        26      1926


SUNRISE AND SUNSET
JULY 29 2014..........SUNRISE   624 AM MDT   SUNSET   907 PM MDT
JULY 30 2014..........SUNRISE   625 AM MDT   SUNSET   906 PM MDT


-  INDICATES NEGATIVE NUMBERS.
R  INDICATES RECORD WAS SET OR TIED.
MM INDICATES DATA IS MISSING.
T  INDICATES TRACE AMOUNT.




$$
