000
CDUS45 KPIH 270807
CLISNT


CLIMATE REPORT
NATIONAL WEATHER SERVICE POCATELLO ID
106 AM MST TUE JAN 27 2015


...................................

...THE STANLEY ID CLIMATE SUMMARY FOR JANUARY 26 2015...

CLIMATE NORMAL PERIOD 1981 TO 2010
CLIMATE RECORD PERIOD 1916 TO 2015


WEATHER ITEM   OBSERVED TIME   RECORD YEAR NORMAL DEPARTURE LAST
                VALUE   (LST)  VALUE       VALUE  FROM      YEAR
                                                  NORMAL
..................................................................
TEMPERATURE (F)
 YESTERDAY
  MAXIMUM         41    334 PM  50    1920  28     13       36
  MINIMUM         11    843 AM -31    1979   1     10       -4
  AVERAGE         26                        15     11       16

PRECIPITATION (IN)
  YESTERDAY        0.00          1.04 1997   0.04  -0.04     0.00
  MONTH TO DATE    1.39                      1.31   0.08     1.20
  SINCE OCT 1      8.10                      6.16   1.94     4.81
  SINCE JAN 1      1.39                      1.31   0.08     1.20

SNOWFALL (IN)
  YESTERDAY       MM
  MONTH TO DATE   MM
  SINCE DEC 1     MM
  SINCE JUL 1     MM
  SNOW DEPTH      MM

DEGREE DAYS
 HEATING
  YESTERDAY       39                        50    -11       49
  MONTH TO DATE 1189                      1320   -131     1278
  SINCE DEC 1   2551                      2885   -334     2914
  SINCE JUL 1   5144                      5982   -838     5703

 COOLING
  YESTERDAY        0                         0      0        0
  MONTH TO DATE    0                         0      0        0
  SINCE DEC 1      0                         0      0        0
  SINCE JAN 1      0                         0      0        0
..................................................................


WIND (MPH)
  HIGHEST WIND SPEED     6   HIGHEST WIND DIRECTION     S (160)
  HIGHEST GUST SPEED     7   HIGHEST GUST DIRECTION     S (170)
  AVERAGE WIND SPEED     0.6


SKY COVER
  POSSIBLE SUNSHINE  MM
  AVERAGE SKY COVER 0.0


WEATHER CONDITIONS
 THE FOLLOWING WEATHER WAS RECORDED YESTERDAY.
  NO SIGNIFICANT WEATHER WAS OBSERVED.


RELATIVE HUMIDITY (PERCENT)
 HIGHEST    88           400 AM
 LOWEST     56           200 PM
 AVERAGE    72

..........................................................


THE STANLEY ID CLIMATE NORMALS FOR TODAY
                         NORMAL    RECORD    YEAR
 MAXIMUM TEMPERATURE (F)   28        47      1987
 MINIMUM TEMPERATURE (F)    1       -44      1980


SUNRISE AND SUNSET
JANUARY 27 2015.......SUNRISE   803 AM MST   SUNSET   543 PM MST
JANUARY 28 2015.......SUNRISE   802 AM MST   SUNSET   544 PM MST


-  INDICATES NEGATIVE NUMBERS.
R  INDICATES RECORD WAS SET OR TIED.
MM INDICATES DATA IS MISSING.
T  INDICATES TRACE AMOUNT.




$$
