850
CDUS45 KPIH 070736
CLISNT


CLIMATE REPORT
NATIONAL WEATHER SERVICE POCATELLO ID
1235 AM MST SUN FEB 7 2016


...................................

...THE STANLEY ID CLIMATE SUMMARY FOR FEBRUARY 6 2016...

CLIMATE NORMAL PERIOD 1981 TO 2010
CLIMATE RECORD PERIOD 1916 TO 2016


WEATHER ITEM   OBSERVED TIME   RECORD YEAR NORMAL DEPARTURE LAST
                VALUE   (LST)  VALUE       VALUE  FROM      YEAR
                                                  NORMAL
..................................................................
TEMPERATURE (F)
 YESTERDAY
  MAXIMUM         41    325 PM  53    2015  30     11       53
  MINIMUM          9    243 AM -43    1982   2      7       36
  AVERAGE         25                        16      9       45

PRECIPITATION (IN)
  YESTERDAY        0.00          0.42 1996   0.08  -0.08     0.13
  MONTH TO DATE    0.03                      0.47  -0.44     0.61
  SINCE OCT 1     10.05                      6.84   3.21     8.76
  SINCE JAN 1      2.48                      1.99   0.49     2.05

SNOWFALL (IN)
  YESTERDAY       MM
  MONTH TO DATE   MM
  SINCE DEC 1     MM
  SINCE JUL 1     MM
  SNOW DEPTH      MM

DEGREE DAYS
 HEATING
  YESTERDAY       40                        49     -9       20
  MONTH TO DATE  317                       296     21      198
  SINCE DEC 1   3310                      3428   -118     2978
  SINCE JUL 1   6082                      6525   -443     5571

 COOLING
  YESTERDAY        0                         0      0        0
  MONTH TO DATE    0                         0      0        0
  SINCE DEC 1      0                         0      0        0
  SINCE JAN 1      0                         0      0        0
..................................................................


WIND (MPH)
  HIGHEST WIND SPEED    14   HIGHEST WIND DIRECTION     S (200)
  HIGHEST GUST SPEED    19   HIGHEST GUST DIRECTION     S (200)
  AVERAGE WIND SPEED     2.8


SKY COVER
  POSSIBLE SUNSHINE  MM
  AVERAGE SKY COVER 0.0


WEATHER CONDITIONS
 THE FOLLOWING WEATHER WAS RECORDED YESTERDAY.
  NO SIGNIFICANT WEATHER WAS OBSERVED.


RELATIVE HUMIDITY (PERCENT)
 HIGHEST    88          1200 AM
 LOWEST     34           400 PM
 AVERAGE    61

..........................................................


THE STANLEY ID CLIMATE NORMALS FOR TODAY
                         NORMAL    RECORD    YEAR
 MAXIMUM TEMPERATURE (F)   31        45      1926
 MINIMUM TEMPERATURE (F)    2       -35      1989


SUNRISE AND SUNSET
FEBRUARY  7 2016......SUNRISE   751 AM MST   SUNSET   557 PM MST
FEBRUARY  8 2016......SUNRISE   749 AM MST   SUNSET   559 PM MST


-  INDICATES NEGATIVE NUMBERS.
R  INDICATES RECORD WAS SET OR TIED.
MM INDICATES DATA IS MISSING.
T  INDICATES TRACE AMOUNT.




$$
