000
CDUS45 KCYS 200726
CLISNY


CLIMATE REPORT
NATIONAL WEATHER SERVICE CHEYENNE WY
126 AM MDT WED AUG 20 2014


...................................

...THE SIDNEY NE AIRPORT CLIMATE SUMMARY FOR AUGUST 19 2014...

CLIMATE NORMAL PERIOD 1981 TO 2010
CLIMATE RECORD PERIOD 1948 TO 2014


WEATHER ITEM   OBSERVED TIME   RECORD YEAR NORMAL DEPARTURE LAST
                VALUE   (LST)  VALUE       VALUE  FROM      YEAR
                                                  NORMAL
..................................................................
TEMPERATURE (F)
 YESTERDAY
  MAXIMUM         94    124 PM 100    1952  88      6       97
  MINIMUM         53    519 AM  39    1978  58     -5       56
  AVERAGE         74                        73      1       77

PRECIPITATION (IN)
  YESTERDAY        0.14          1.30 1966   0.07   0.07     0.00
  MONTH TO DATE    1.05                      1.47  -0.42     0.69
  SINCE JAN 1      9.82                     14.37  -4.55     8.17

DEGREE DAYS
 HEATING
  YESTERDAY        0                         0      0        0
  MONTH TO DATE    0                         0      0        1
  SINCE JUN 1     64                        62      2       46
  SINCE JUL 1      9                         3      6        9

 COOLING
  YESTERDAY        9                         8      1       12
  MONTH TO DATE  163                       179    -16      127
  SINCE JUN 1    490                       635   -145      565
  SINCE JAN 1    506                       657   -151      598
..................................................................


WIND (MPH)
  HIGHEST WIND SPEED    31   HIGHEST WIND DIRECTION     S (200)
  HIGHEST GUST SPEED    45   HIGHEST GUST DIRECTION     S (200)
  AVERAGE WIND SPEED     9.3


SKY COVER
  AVERAGE SKY COVER 0.0


WEATHER CONDITIONS
 THE FOLLOWING WEATHER WAS RECORDED YESTERDAY.
  THUNDERSTORM
  LIGHT RAIN


RELATIVE HUMIDITY (PERCENT)
 HIGHEST    93           400 AM
 LOWEST     24           300 PM
 AVERAGE    59

..........................................................


THE SIDNEY NE AIRPORT CLIMATE NORMALS FOR TODAY
                         NORMAL    RECORD    YEAR
 MAXIMUM TEMPERATURE (F)   88       101      2013
 MINIMUM TEMPERATURE (F)   58        39      1978


SUNRISE AND SUNSET
AUGUST 20 2014........SUNRISE   607 AM MDT   SUNSET   743 PM MDT
AUGUST 21 2014........SUNRISE   608 AM MDT   SUNSET   742 PM MDT


-  INDICATES NEGATIVE NUMBERS.
R  INDICATES RECORD WAS SET OR TIED.
MM INDICATES DATA IS MISSING.
T  INDICATES TRACE AMOUNT.




$$
