000
CDUS45 KCYS 280733
CLISNY


CLIMATE REPORT
NATIONAL WEATHER SERVICE CHEYENNE WY
132 AM MDT THU MAY 28 2015


...................................

...THE SIDNEY NE AIRPORT CLIMATE SUMMARY FOR MAY 27 2015...

CLIMATE NORMAL PERIOD 1981 TO 2010
CLIMATE RECORD PERIOD 1948 TO 2015


WEATHER ITEM   OBSERVED TIME   RECORD YEAR NORMAL DEPARTURE LAST
                VALUE   (LST)  VALUE       VALUE  FROM      YEAR
                                                  NORMAL
..................................................................
TEMPERATURE (F)
 YESTERDAY
  MAXIMUM         73    125 PM  95    2006  75     -2       86
  MINIMUM         50    433 AM  30    1950  47      3       46
  AVERAGE         62                        61      1       66

PRECIPITATION (IN)
  YESTERDAY        0.08          0.82 1977   0.11  -0.03     0.00
  MONTH TO DATE    7.67                      2.65   5.02     2.26
  SINCE JAN 1     14.20                      6.32   7.88     4.26

DEGREE DAYS
 HEATING
  YESTERDAY        3                         5     -2        0
  MONTH TO DATE  369                       231    138      267
  SINCE MAR 1   1545                      1561    -16     1586
  SINCE JUL 1   6277                      6143    134     6575

 COOLING
  YESTERDAY        0                         1     -1        1
  MONTH TO DATE    0                        18    -18        2
  SINCE MAR 1      0                        19    -19        2
  SINCE JAN 1      0                        19    -19        2
..................................................................


WIND (MPH)
  HIGHEST WIND SPEED    29   HIGHEST WIND DIRECTION     S (200)
  HIGHEST GUST SPEED    35   HIGHEST GUST DIRECTION     S (190)
  AVERAGE WIND SPEED    11.2


SKY COVER
  AVERAGE SKY COVER 0.4


WEATHER CONDITIONS
 THE FOLLOWING WEATHER WAS RECORDED YESTERDAY.
  THUNDERSTORM
  RAIN
  LIGHT RAIN
  FOG


RELATIVE HUMIDITY (PERCENT)
 HIGHEST    93           600 AM
 LOWEST     57           100 PM
 AVERAGE    75

..........................................................


THE SIDNEY NE AIRPORT CLIMATE NORMALS FOR TODAY
                         NORMAL    RECORD    YEAR
 MAXIMUM TEMPERATURE (F)   75        95      2000
 MINIMUM TEMPERATURE (F)   47        30      2005


SUNRISE AND SUNSET
MAY 28 2015...........SUNRISE   524 AM MDT   SUNSET   815 PM MDT
MAY 29 2015...........SUNRISE   523 AM MDT   SUNSET   816 PM MDT


-  INDICATES NEGATIVE NUMBERS.
R  INDICATES RECORD WAS SET OR TIED.
MM INDICATES DATA IS MISSING.
T  INDICATES TRACE AMOUNT.




$$
