000
CDUS45 KCYS 300727
CLISNY


CLIMATE REPORT
NATIONAL WEATHER SERVICE CHEYENNE WY
127 AM MDT THU JUL 30 2015


...................................

...THE SIDNEY NE AIRPORT CLIMATE SUMMARY FOR JULY 29 2015...

CLIMATE NORMAL PERIOD 1981 TO 2010
CLIMATE RECORD PERIOD 1948 TO 2015


WEATHER ITEM   OBSERVED TIME   RECORD YEAR NORMAL DEPARTURE LAST
                VALUE   (LST)  VALUE       VALUE  FROM      YEAR
                                                  NORMAL
..................................................................
TEMPERATURE (F)
 YESTERDAY
  MAXIMUM         85    326 PM  99    2006  90     -5       85
                                      2001
                                      1986
  MINIMUM         46    228 AM  44    1971  61    -15       56
  AVERAGE         66                        76    -10       71

PRECIPITATION (IN)
  YESTERDAY        0.00          1.67 1953   0.09  -0.09     0.10
  MONTH TO DATE    1.64                      2.78  -1.14     0.31
  SINCE JAN 1     18.73                     12.72   6.01     8.73

DEGREE DAYS
 HEATING
  YESTERDAY        0                         0      0        0
  MONTH TO DATE    7                         0      7        9
  SINCE JUN 1      7                        59    -52       64
  SINCE JUL 1      7                         0      7        9

 COOLING
  YESTERDAY        1                        11    -10        6
  MONTH TO DATE  224                       299    -75      252
  SINCE JUN 1    333                       436   -103      320
  SINCE JAN 1    333                       458   -125      336
..................................................................


WIND (MPH)
  HIGHEST WIND SPEED    23   HIGHEST WIND DIRECTION     S (200)
  HIGHEST GUST SPEED    30   HIGHEST GUST DIRECTION     S (160)
  AVERAGE WIND SPEED    12.5


SKY COVER
  AVERAGE SKY COVER 0.0


WEATHER CONDITIONS
 THE FOLLOWING WEATHER WAS RECORDED YESTERDAY.
  NO SIGNIFICANT WEATHER WAS OBSERVED.


RELATIVE HUMIDITY (PERCENT)
 HIGHEST    80           300 AM
 LOWEST     27           300 PM
 AVERAGE    54

..........................................................


THE SIDNEY NE AIRPORT CLIMATE NORMALS FOR TODAY
                         NORMAL    RECORD    YEAR
 MAXIMUM TEMPERATURE (F)   90       105      1980
 MINIMUM TEMPERATURE (F)   61        37      1971


SUNRISE AND SUNSET
JULY 30 2015..........SUNRISE   546 AM MDT   SUNSET   811 PM MDT
JULY 31 2015..........SUNRISE   546 AM MDT   SUNSET   810 PM MDT


-  INDICATES NEGATIVE NUMBERS.
R  INDICATES RECORD WAS SET OR TIED.
MM INDICATES DATA IS MISSING.
T  INDICATES TRACE AMOUNT.




$$
