000
CDUS45 KPUB 051140
CLISPD


CLIMATE REPORT
NATIONAL WEATHER SERVICE PUEBLO
440 AM MST FRI FEB 5 2016


...................................

...THE SPRINGFIELD CO CLIMATE SUMMARY FOR FEBRUARY 4 2016...

CLIMATE NORMAL PERIOD 1981 TO 2010
CLIMATE RECORD PERIOD 9999 TO 9999


WEATHER ITEM   OBSERVED TIME   NORMAL DEPARTURE LAST
                VALUE   (LST)  VALUE  FROM      YEAR
                                      NORMAL
......................................................
TEMPERATURE (F)
 YESTERDAY
  MAXIMUM         39    246 PM  48     -9       40
  MINIMUM          6    617 AM  19    -13       20
  AVERAGE         23                            30

PRECIPITATION (IN)
  YESTERDAY        0.00          0.01  -0.01     0.00
  MONTH TO DATE    0.14          0.07   0.07     0.00
  SINCE DEC 1      0.39          0.95  -0.56     1.81
  SINCE JAN 1      0.30          0.44  -0.14     1.04

DEGREE DAYS
 HEATING
  YESTERDAY       42            31     11       35
  MONTH TO DATE  161           127     34      122
  SINCE DEC 1   2110          2157    -47     2045
  SINCE JUL 1   3115          3303   -188     3177

 COOLING
  YESTERDAY        0             0      0        0
  MONTH TO DATE    0             0      0        0
  SINCE DEC 1      0             0      0        0
  SINCE JAN 1      0             0      0        0
......................................................


WIND (MPH)
  HIGHEST WIND SPEED    14   HIGHEST WIND DIRECTION    NW (310)
  HIGHEST GUST SPEED    17   HIGHEST GUST DIRECTION    NW (320)
  AVERAGE WIND SPEED     6.9


SKY COVER
  POSSIBLE SUNSHINE  MM



RELATIVE HUMIDITY (PERCENT)
 HIGHEST    80           400 AM
 LOWEST     21           200 PM
 AVERAGE    51

..........................................................


THE SPRINGFIELD CO CLIMATE NORMALS FOR TODAY
                         NORMAL    RECORD    YEAR
 MAXIMUM TEMPERATURE (F)   48        MM        MM
 MINIMUM TEMPERATURE (F)   19        MM        MM


SUNRISE AND SUNSET
FEBRUARY  5 2016......SUNRISE   650 AM MST   SUNSET   519 PM MST
FEBRUARY  6 2016......SUNRISE   649 AM MST   SUNSET   520 PM MST


-  INDICATES NEGATIVE NUMBERS.
R  INDICATES RECORD WAS SET OR TIED.
MM INDICATES DATA IS MISSING.
T  INDICATES TRACE AMOUNT.




$$
