000
CDUS45 KPUB 241200
CLISPD


CLIMATE REPORT
NATIONAL WEATHER SERVICE PUEBLO
500 AM MST FRI FEB 24 2017


...................................

...THE SPRINGFIELD CO CLIMATE SUMMARY FOR FEBRUARY 23 2017...

CLIMATE NORMAL PERIOD 1981 TO 2010
CLIMATE RECORD PERIOD 9999 TO 9999


WEATHER ITEM   OBSERVED TIME   NORMAL DEPARTURE LAST
                VALUE   (LST)  VALUE  FROM      YEAR
                                      NORMAL
......................................................
TEMPERATURE (F)
 YESTERDAY
  MAXIMUM         68   1206 PM  52     16       45
  MINIMUM         24   1159 PM  22      2       18
  AVERAGE         46                            32

PRECIPITATION (IN)
  YESTERDAY        0.00          0.01  -0.01     0.02
  MONTH TO DATE    0.01          0.37  -0.36     0.16
  SINCE DEC 1      0.26          1.25  -0.99     0.41
  SINCE JAN 1      0.19          0.74  -0.55     0.32

DEGREE DAYS
 HEATING
  YESTERDAY       19            28     -9       33
  MONTH TO DATE  500           694   -194      592
  SINCE DEC 1   2610          2724   -114     2541
  SINCE JUL 1   3427          3870   -443     3546

 COOLING
  YESTERDAY        0             0      0        0
  MONTH TO DATE    0             0      0        0
  SINCE DEC 1      0             0      0        0
  SINCE JAN 1      0             0      0        0
......................................................


WIND (MPH)
  HIGHEST WIND SPEED    33   HIGHEST WIND DIRECTION     W (270)
  HIGHEST GUST SPEED    46   HIGHEST GUST DIRECTION     W (260)
  AVERAGE WIND SPEED    17.9


SKY COVER
  POSSIBLE SUNSHINE  MM



RELATIVE HUMIDITY (PERCENT)
 HIGHEST    89           700 PM
 LOWEST     12          1200 PM
 AVERAGE    51

..........................................................


THE SPRINGFIELD CO CLIMATE NORMALS FOR TODAY
                         NORMAL    RECORD    YEAR
 MAXIMUM TEMPERATURE (F)   52        MM        MM
 MINIMUM TEMPERATURE (F)   23        MM        MM


SUNRISE AND SUNSET
FEBRUARY 24 2017......SUNRISE   628 AM MST   SUNSET   540 PM MST
FEBRUARY 25 2017......SUNRISE   627 AM MST   SUNSET   541 PM MST


-  INDICATES NEGATIVE NUMBERS.
R  INDICATES RECORD WAS SET OR TIED.
MM INDICATES DATA IS MISSING.
T  INDICATES TRACE AMOUNT.




$$
