000
CDUS45 KPUB 021146
CLISPD


CLIMATE REPORT
NATIONAL WEATHER SERVICE PUEBLO
445 AM MST MON MAR 2 2015


...................................

...THE SPRINGFIELD CO CLIMATE SUMMARY FOR MARCH 1 2015...

CLIMATE NORMAL PERIOD 1981 TO 2010
CLIMATE RECORD PERIOD 9999 TO 9999


WEATHER ITEM   OBSERVED TIME   NORMAL DEPARTURE LAST
                VALUE   (LST)  VALUE  FROM      YEAR
                                      NORMAL
......................................................
TEMPERATURE (F)
 YESTERDAY
  MAXIMUM         29    247 PM  53    -24       30
  MINIMUM         11    205 AM  24    -13        5
  AVERAGE         20                            18

PRECIPITATION (IN)
  YESTERDAY        0.00          0.02  -0.02     0.04
  MONTH TO DATE    0.00          0.02  -0.02     0.04
  SINCE MAR 1      0.00          0.02  -0.02     0.04
  SINCE JAN 1      1.84          0.83   1.01     0.37

DEGREE DAYS
 HEATING
  YESTERDAY       45            26     19       47
  MONTH TO DATE   45            26     19       47
  SINCE MAR 1     45            26     19       47
  SINCE JUL 1   3949          4032    -83     4044

 COOLING
  YESTERDAY        0             0      0        0
  MONTH TO DATE    0             0      0        0
  SINCE MAR 1      0             0      0        0
  SINCE JAN 1      0             0      0        0
......................................................


WIND (MPH)
  HIGHEST WIND SPEED    13   HIGHEST WIND DIRECTION     N (350)
  HIGHEST GUST SPEED    14   HIGHEST GUST DIRECTION     N (10)
  AVERAGE WIND SPEED     6.1


SKY COVER
  POSSIBLE SUNSHINE  MM



RELATIVE HUMIDITY (PERCENT)
 HIGHEST    92          1200 AM
 LOWEST     68          1100 AM
 AVERAGE    80

..........................................................


THE SPRINGFIELD CO CLIMATE NORMALS FOR TODAY
                         NORMAL    RECORD    YEAR
 MAXIMUM TEMPERATURE (F)   54        MM        MM
 MINIMUM TEMPERATURE (F)   24        MM        MM


SUNRISE AND SUNSET
MARCH  2 2015.........SUNRISE   620 AM MST   SUNSET   545 PM MST
MARCH  3 2015.........SUNRISE   619 AM MST   SUNSET   546 PM MST


-  INDICATES NEGATIVE NUMBERS.
R  INDICATES RECORD WAS SET OR TIED.
MM INDICATES DATA IS MISSING.
T  INDICATES TRACE AMOUNT.




$$
