000
CDUS43 KILX 182135
CLISPI


CLIMATE REPORT
NATIONAL WEATHER SERVICE LINCOLN IL
435 PM CDT WED OCT 18 2017


...................................

...THE SPRINGFIELD IL CLIMATE SUMMARY FOR OCTOBER 18 2017...
VALID TODAY AS OF 0400 PM LOCAL TIME.

CLIMATE NORMAL PERIOD 1981 TO 2010
CLIMATE RECORD PERIOD 1879 TO 2017


WEATHER ITEM   OBSERVED TIME   RECORD YEAR NORMAL DEPARTURE LAST
                VALUE   (LST)  VALUE       VALUE  FROM      YEAR
                                                  NORMAL
..................................................................
TEMPERATURE (F)
 TODAY
  MAXIMUM         74    234 PM  86    1953  66      8       85
  MINIMUM         48    532 AM  24    1948  43      5       56
  AVERAGE         61                        54      7       71

PRECIPITATION (IN)
  TODAY            0.00          2.14 1938   0.11  -0.11     0.00
  MONTH TO DATE    5.01                      1.79   3.22     1.61
  SINCE SEP 1      5.02                      4.69   0.33     3.46
  SINCE JAN 1     30.06                     30.34  -0.28    39.31

SNOWFALL (IN)
  TODAY            0.0           T    1896   0.0    0.0      0.0
  MONTH TO DATE    0.0                       0.0    0.0      0.0
  SINCE SEP 1      0.0                       0.0    0.0      0.0
  SINCE JUL 1      0.0                       0.0    0.0      0.0
  SNOW DEPTH       0

DEGREE DAYS
 HEATING
  TODAY            4                        11     -7        0
  MONTH TO DATE   47                       158   -111       54
  SINCE SEP 1     83                       234   -151       66
  SINCE JUL 1     83                       239   -156       67

 COOLING
  TODAY            0                         0      0        6
  MONTH TO DATE   70                        19     51       65
  SINCE SEP 1    279                       148    131      323
  SINCE JAN 1   1391                      1118    273     1599
..................................................................


WIND (MPH)
  HIGHEST WIND SPEED    17   HIGHEST WIND DIRECTION     S (200)
  HIGHEST GUST SPEED    22   HIGHEST GUST DIRECTION    SW (210)
  AVERAGE WIND SPEED    10.2


SKY COVER
  POSSIBLE SUNSHINE  MM
  AVERAGE SKY COVER 0.0


WEATHER CONDITIONS
 THE FOLLOWING WEATHER WAS RECORDED TODAY.
  NO SIGNIFICANT WEATHER WAS OBSERVED.


RELATIVE HUMIDITY (PERCENT)
 HIGHEST    80           400 AM
 LOWEST     35           200 PM
 AVERAGE    58

..........................................................


THE SPRINGFIELD IL CLIMATE NORMALS FOR TOMORROW
                         NORMAL    RECORD    YEAR
 MAXIMUM TEMPERATURE (F)   65        85      1953
                                             1950
 MINIMUM TEMPERATURE (F)   43        19      1992


SUNRISE AND SUNSET
OCTOBER 18 2017.......SUNRISE   712 AM CDT   SUNSET   615 PM CDT
OCTOBER 19 2017.......SUNRISE   714 AM CDT   SUNSET   613 PM CDT


-  INDICATES NEGATIVE NUMBERS.
R  INDICATES RECORD WAS SET OR TIED.
MM INDICATES DATA IS MISSING.
T  INDICATES TRACE AMOUNT.




$$
