000
CDUS43 KILX 282231
CLISPI


CLIMATE REPORT
NATIONAL WEATHER SERVICE LINCOLN IL
431 PM CST FRI NOV 28 2014


...................................

...THE SPRINGFIELD IL CLIMATE SUMMARY FOR NOVEMBER 28 2014...
VALID TODAY AS OF 0400 PM LOCAL TIME.

CLIMATE NORMAL PERIOD 1981 TO 2010
CLIMATE RECORD PERIOD 1879 TO 2014


WEATHER ITEM   OBSERVED TIME   RECORD YEAR NORMAL DEPARTURE LAST
                VALUE   (LST)  VALUE       VALUE  FROM      YEAR
                                                  NORMAL
..................................................................
TEMPERATURE (F)
 TODAY
  MAXIMUM         40    213 PM  76    1905  45     -5       41
  MINIMUM         16    428 AM   1    1977  28    -12       18
  AVERAGE         28                        37     -9       30

PRECIPITATION (IN)
  TODAY            0.00          1.47 1968   0.11  -0.11     0.00
  MONTH TO DATE    1.86                      3.00  -1.14     1.23
  SINCE SEP 1     11.16                      9.05   2.11     6.08
  SINCE JAN 1     43.49                     34.70   8.79    36.75

SNOWFALL (IN)
  TODAY            0.0           3.8  1942   0.0    0.0      0.0
  MONTH TO DATE    2.6                       0.5    2.1      0.7
  SINCE SEP 1      2.6                       0.5    2.1      0.7
  SINCE JUL 1      2.6                       0.5    2.1      0.7
  SNOW DEPTH       0

DEGREE DAYS
 HEATING
  TODAY           37                        28      9       35
  MONTH TO DATE  819                       602    217      714
  SINCE SEP 1   1197                      1007    190     1110
  SINCE JUL 1   1200                      1012    188     1121

 COOLING
  TODAY            0                         0      0        0
  MONTH TO DATE    0                         0      0        0
  SINCE SEP 1    129                       151    -22      205
  SINCE JAN 1   1162                      1121     41     1145
..................................................................


WIND (MPH)
  HIGHEST WIND SPEED    25   HIGHEST WIND DIRECTION     S (180)
  HIGHEST GUST SPEED    33   HIGHEST GUST DIRECTION     S (170)
  AVERAGE WIND SPEED    13.0


SKY COVER
  POSSIBLE SUNSHINE  MM
  AVERAGE SKY COVER 0.2


WEATHER CONDITIONS
 THE FOLLOWING WEATHER WAS RECORDED TODAY.
  NO SIGNIFICANT WEATHER WAS OBSERVED.


RELATIVE HUMIDITY (PERCENT)
 HIGHEST    81           900 AM
 LOWEST     61           100 AM
 AVERAGE    71

..........................................................


THE SPRINGFIELD IL CLIMATE NORMALS FOR TOMORROW
                         NORMAL    RECORD    YEAR
 MAXIMUM TEMPERATURE (F)   45        71      1927
 MINIMUM TEMPERATURE (F)   28         2      1929


SUNRISE AND SUNSET
NOVEMBER 28 2014......SUNRISE   658 AM CST   SUNSET   435 PM CST
NOVEMBER 29 2014......SUNRISE   659 AM CST   SUNSET   435 PM CST


-  INDICATES NEGATIVE NUMBERS.
R  INDICATES RECORD WAS SET OR TIED.
MM INDICATES DATA IS MISSING.
T  INDICATES TRACE AMOUNT.




$$
