000
CDUS43 KILX 290632
CLISPI


CLIMATE REPORT
NATIONAL WEATHER SERVICE LINCOLN IL
131 AM CDT SUN MAR 29 2015


...................................

...THE SPRINGFIELD IL CLIMATE SUMMARY FOR MARCH 28 2015...

CLIMATE NORMAL PERIOD 1981 TO 2010
CLIMATE RECORD PERIOD 1879 TO 2015


WEATHER ITEM   OBSERVED TIME   RECORD YEAR NORMAL DEPARTURE LAST
                VALUE   (LST)  VALUE       VALUE  FROM      YEAR
                                                  NORMAL
..................................................................
TEMPERATURE (F)
 YESTERDAY
  MAXIMUM         43    329 PM  86    1985  57    -14       48
  MINIMUM         22    604 AM  14    1934  36    -14       41
  AVERAGE         33                        47    -14       45

PRECIPITATION (IN)
  YESTERDAY        0.00          1.50 1924   0.09  -0.09     0.00
  MONTH TO DATE    1.55                      2.34  -0.79     1.79
  SINCE MAR 1      1.55                      2.34  -0.79     1.79
  SINCE JAN 1      4.83                      5.97  -1.14     7.22

SNOWFALL (IN)
  YESTERDAY        0.0           2.6  1888   0.0    0.0      0.0
  MONTH TO DATE    3.7                       2.4    1.3      3.3
  SINCE MAR 1      3.7                       2.4    1.3      3.3
  SINCE JUL 1     33.9                      20.5   13.4     45.6
  SNOW DEPTH       0

DEGREE DAYS
 HEATING
  YESTERDAY       32                        18     14       20
  MONTH TO DATE  710                       657     53      802
  SINCE MAR 1    710                       657     53      802
  SINCE JUL 1   5279                      4928    351     5749

 COOLING
  YESTERDAY        0                         0      0        0
  MONTH TO DATE    0                         0      0        0
  SINCE MAR 1      0                         0      0        0
  SINCE JAN 1      0                         0      0        0
..................................................................


WIND (MPH)
  HIGHEST WIND SPEED    13   HIGHEST WIND DIRECTION     S (160)
  HIGHEST GUST SPEED    17   HIGHEST GUST DIRECTION     S (160)
  AVERAGE WIND SPEED     6.4


SKY COVER
  POSSIBLE SUNSHINE  MM
  AVERAGE SKY COVER 0.0


WEATHER CONDITIONS
 THE FOLLOWING WEATHER WAS RECORDED YESTERDAY.
  NO SIGNIFICANT WEATHER WAS OBSERVED.


RELATIVE HUMIDITY (PERCENT)
 HIGHEST    81           500 AM
 LOWEST     32           400 PM
 AVERAGE    57

..........................................................


THE SPRINGFIELD IL CLIMATE NORMALS FOR TODAY
                         NORMAL    RECORD    YEAR
 MAXIMUM TEMPERATURE (F)   58        86      1986
 MINIMUM TEMPERATURE (F)   37        19      1894
                                             1887


SUNRISE AND SUNSET
MARCH 29 2015.........SUNRISE   648 AM CDT   SUNSET   720 PM CDT
MARCH 30 2015.........SUNRISE   646 AM CDT   SUNSET   721 PM CDT


-  INDICATES NEGATIVE NUMBERS.
R  INDICATES RECORD WAS SET OR TIED.
MM INDICATES DATA IS MISSING.
T  INDICATES TRACE AMOUNT.




$$
