000
CDUS43 KILX 300708
CLISPI


CLIMATE REPORT
NATIONAL WEATHER SERVICE LINCOLN IL
208 AM CDT TUE AUG 30 2016


...................................

...THE SPRINGFIELD IL CLIMATE SUMMARY FOR AUGUST 29 2016...

CLIMATE NORMAL PERIOD 1981 TO 2010
CLIMATE RECORD PERIOD 1879 TO 2016


WEATHER ITEM   OBSERVED TIME   RECORD YEAR NORMAL DEPARTURE LAST
                VALUE   (LST)  VALUE       VALUE  FROM      YEAR
                                                  NORMAL
..................................................................
TEMPERATURE (F)
 YESTERDAY
  MAXIMUM         92    244 PM  99    1984  84      8       83
  MINIMUM         71    525 AM  43    1986  62      9       68
  AVERAGE         82                        73      9       76

PRECIPITATION (IN)
  YESTERDAY        0.00          1.90 1955   0.10  -0.10     0.03
  MONTH TO DATE   10.26                      3.03   7.23     1.57
  SINCE JUN 1     21.70                     11.43  10.27    14.87
  SINCE JAN 1     35.29                     25.44   9.85    27.78

SNOWFALL (IN)
  YESTERDAY        0.0           0.0    MM   0.0    0.0      0.0
  MONTH TO DATE    0.0                       0.0    0.0      0.0
  SINCE JUN 1      0.0                       0.0    0.0      0.0
  SINCE JUL 1      0.0                       0.0    0.0      0.0
  SNOW DEPTH       0

DEGREE DAYS
 HEATING
  YESTERDAY        0                         0      0        0
  MONTH TO DATE    0                         0      0        2
  SINCE JUN 1      1                        16    -15        9
  SINCE JUL 1      1                         1      0        6

 COOLING
  YESTERDAY       17                         8      9       11
  MONTH TO DATE  370                       275     95      240
  SINCE JUN 1   1130                       850    280      902
  SINCE JAN 1   1255                       954    301     1068
..................................................................


WIND (MPH)
  HIGHEST WIND SPEED    12   HIGHEST WIND DIRECTION     E (90)
  HIGHEST GUST SPEED    15   HIGHEST GUST DIRECTION     E (110)
  AVERAGE WIND SPEED     4.1


SKY COVER
  POSSIBLE SUNSHINE  MM
  AVERAGE SKY COVER 0.1


WEATHER CONDITIONS
 THE FOLLOWING WEATHER WAS RECORDED YESTERDAY.
  FOG


RELATIVE HUMIDITY (PERCENT)
 HIGHEST    94          1100 PM
 LOWEST     59          1100 AM
 AVERAGE    77

..........................................................


THE SPRINGFIELD IL CLIMATE NORMALS FOR TODAY
                         NORMAL    RECORD    YEAR
 MAXIMUM TEMPERATURE (F)   84        98      1947
 MINIMUM TEMPERATURE (F)   61        48      1986


SUNRISE AND SUNSET
AUGUST 30 2016........SUNRISE   625 AM CDT   SUNSET   732 PM CDT
AUGUST 31 2016........SUNRISE   626 AM CDT   SUNSET   731 PM CDT


-  INDICATES NEGATIVE NUMBERS.
R  INDICATES RECORD WAS SET OR TIED.
MM INDICATES DATA IS MISSING.
T  INDICATES TRACE AMOUNT.




$$
