000
CDUS43 KILX 060650
CLISPI


CLIMATE REPORT
NATIONAL WEATHER SERVICE LINCOLN IL
1250 AM CST TUE DEC 6 2016


...................................

...THE SPRINGFIELD IL CLIMATE SUMMARY FOR DECEMBER 5 2016...

CLIMATE NORMAL PERIOD 1981 TO 2010
CLIMATE RECORD PERIOD 1879 TO 2016


WEATHER ITEM   OBSERVED TIME   RECORD YEAR NORMAL DEPARTURE LAST
                VALUE   (LST)  VALUE       VALUE  FROM      YEAR
                                                  NORMAL
..................................................................
TEMPERATURE (F)
 YESTERDAY
  MAXIMUM         41    351 PM  67    1956  42     -1       49
  MINIMUM         31   1143 PM   4    1895  26      5       25
  AVERAGE         36                        34      2       37

PRECIPITATION (IN)
  YESTERDAY        0.00          1.66 1906   0.09  -0.09     0.00
  MONTH TO DATE    0.43                      0.47  -0.04     0.06
  SINCE DEC 1      0.43                      0.47  -0.04     0.06
  SINCE JAN 1     42.29                     35.38   6.91    37.61

SNOWFALL (IN)
  YESTERDAY        0.0           6.0  1882   0.1   -0.1      0.0
  MONTH TO DATE    2.3                       0.6    1.7      0.1
  SINCE DEC 1      2.3                       0.6    1.7      0.1
  SINCE JUL 1      2.3                       1.2    1.1      0.6
  SNOW DEPTH       0

DEGREE DAYS
 HEATING
  YESTERDAY       29                        31     -2       28
  MONTH TO DATE  137                       152    -15      140
  SINCE DEC 1    137                       152    -15      140
  SINCE JUL 1    788                      1220   -432      910

 COOLING
  YESTERDAY        0                         0      0        0
  MONTH TO DATE    0                         0      0        0
  SINCE DEC 1      0                         0      0        0
  SINCE JAN 1   1626                      1122    504     1375
..................................................................


WIND (MPH)
  HIGHEST WIND SPEED    16   HIGHEST WIND DIRECTION     S (160)
  HIGHEST GUST SPEED    18   HIGHEST GUST DIRECTION     S (160)
  AVERAGE WIND SPEED     6.8


SKY COVER
  POSSIBLE SUNSHINE  MM
  AVERAGE SKY COVER 0.7


WEATHER CONDITIONS
 THE FOLLOWING WEATHER WAS RECORDED YESTERDAY.
  FOG
  FOG W/VISIBILITY <= 1/4 MILE


RELATIVE HUMIDITY (PERCENT)
 HIGHEST   100           900 AM
 LOWEST     85          1000 AM
 AVERAGE    93

..........................................................


THE SPRINGFIELD IL CLIMATE NORMALS FOR TODAY
                         NORMAL    RECORD    YEAR
 MAXIMUM TEMPERATURE (F)   41        70      1980
 MINIMUM TEMPERATURE (F)   25        -1      1984


SUNRISE AND SUNSET
DECEMBER  6 2016......SUNRISE   706 AM CST   SUNSET   434 PM CST
DECEMBER  7 2016......SUNRISE   707 AM CST   SUNSET   434 PM CST


-  INDICATES NEGATIVE NUMBERS.
R  INDICATES RECORD WAS SET OR TIED.
MM INDICATES DATA IS MISSING.
T  INDICATES TRACE AMOUNT.




$$
