490
CDUS43 KILX 260634
CLISPI


CLIMATE REPORT
NATIONAL WEATHER SERVICE LINCOLN IL
1234 AM CST SUN FEB 26 2017


...................................

...THE SPRINGFIELD IL CLIMATE SUMMARY FOR FEBRUARY 25 2017...

CLIMATE NORMAL PERIOD 1981 TO 2010
CLIMATE RECORD PERIOD 1879 TO 2017


WEATHER ITEM   OBSERVED TIME   RECORD YEAR NORMAL DEPARTURE LAST
                VALUE   (LST)  VALUE       VALUE  FROM      YEAR
                                                  NORMAL
..................................................................
TEMPERATURE (F)
 YESTERDAY
  MAXIMUM         37    348 PM  72    2000  44     -7       41
  MINIMUM         21   1110 PM  -4    1963  26     -5       34
  AVERAGE         29                        35     -6       38

PRECIPITATION (IN)
  YESTERDAY        0.02          1.57 1899   0.07  -0.05      T
  MONTH TO DATE    0.35                      1.58  -1.23     1.24
  SINCE DEC 1      2.28                      5.92  -3.64     8.89
  SINCE JAN 1      1.37                      3.40  -2.03     2.33

SNOWFALL (IN)
  YESTERDAY        T             6.6  1993   0.1   -0.1       T
  MONTH TO DATE    2.1                       5.0   -2.9      8.3
  SINCE DEC 1      5.7                      17.0  -11.3     15.1
  SINCE JUL 1      5.7                      17.6  -11.9     15.6
  SNOW DEPTH       0

DEGREE DAYS
 HEATING
  YESTERDAY       36                        30      6       27
  MONTH TO DATE  560                       857   -297      770
  SINCE DEC 1   2555                      3115   -560     2575
  SINCE JUL 1   3206                      4183   -977     3345

 COOLING
  YESTERDAY        0                         0      0        0
  MONTH TO DATE    0                         0      0        0
  SINCE DEC 1      0                         0      0        0
  SINCE JAN 1      0                         0      0        0
..................................................................


WIND (MPH)
  HIGHEST WIND SPEED    28   HIGHEST WIND DIRECTION    NW (300)
  HIGHEST GUST SPEED    40   HIGHEST GUST DIRECTION    NW (300)
  AVERAGE WIND SPEED    15.2


SKY COVER
  POSSIBLE SUNSHINE  MM
  AVERAGE SKY COVER 0.4


WEATHER CONDITIONS
 THE FOLLOWING WEATHER WAS RECORDED YESTERDAY.
  LIGHT SNOW
  FOG


RELATIVE HUMIDITY (PERCENT)
 HIGHEST    85           100 AM
 LOWEST     35           500 PM
 AVERAGE    60

..........................................................


THE SPRINGFIELD IL CLIMATE NORMALS FOR TODAY
                         NORMAL    RECORD    YEAR
 MAXIMUM TEMPERATURE (F)   44        74      1996
 MINIMUM TEMPERATURE (F)   26       -22      1963


SUNRISE AND SUNSET
FEBRUARY 26 2017......SUNRISE   636 AM CST   SUNSET   548 PM CST
FEBRUARY 27 2017......SUNRISE   634 AM CST   SUNSET   549 PM CST


-  INDICATES NEGATIVE NUMBERS.
R  INDICATES RECORD WAS SET OR TIED.
MM INDICATES DATA IS MISSING.
T  INDICATES TRACE AMOUNT.




$$
