000
CDUS43 KILX 280641
CLISPI


CLIMATE REPORT
NATIONAL WEATHER SERVICE LINCOLN IL
1240 AM CST SUN DEC 28 2014


...................................

...THE SPRINGFIELD IL CLIMATE SUMMARY FOR DECEMBER 27 2014...

CLIMATE NORMAL PERIOD 1981 TO 2010
CLIMATE RECORD PERIOD 1879 TO 2014


WEATHER ITEM   OBSERVED TIME   RECORD YEAR NORMAL DEPARTURE LAST
                VALUE   (LST)  VALUE       VALUE  FROM      YEAR
                                                  NORMAL
..................................................................
TEMPERATURE (F)
 YESTERDAY
  MAXIMUM         49    916 AM  66    1907  35     14       48
  MINIMUM         32   1159 PM  -8    1924  20     12       25
  AVERAGE         41                        28     13       37

PRECIPITATION (IN)
  YESTERDAY        0.03          1.32 1884   0.07  -0.04     0.00
  MONTH TO DATE    1.95                      2.24  -0.29     1.60
  SINCE DEC 1      1.95                      2.24  -0.29     1.60
  SINCE JAN 1     45.44                     37.15   8.29    38.35

SNOWFALL (IN)
  YESTERDAY        T             5.0  1988   0.2   -0.2      0.0
  MONTH TO DATE    0.5                       4.7   -4.2      8.2
  SINCE DEC 1      0.5                       4.7   -4.2      8.2
  SINCE JUL 1      4.2                       5.3   -1.1      8.9
  SNOW DEPTH       0

DEGREE DAYS
 HEATING
  YESTERDAY       24                        37    -13       28
  MONTH TO DATE  773                       923   -150     1010
  SINCE DEC 1    773                       923   -150     1010
  SINCE JUL 1   2009                      1991     18     2192

 COOLING
  YESTERDAY        0                         0      0        0
  MONTH TO DATE    0                         0      0        0
  SINCE DEC 1      0                         0      0        0
  SINCE JAN 1   1162                      1122     40     1145
..................................................................


WIND (MPH)
  HIGHEST WIND SPEED    23   HIGHEST WIND DIRECTION     W (280)
  HIGHEST GUST SPEED    29   HIGHEST GUST DIRECTION     W (280)
  AVERAGE WIND SPEED    12.5


SKY COVER
  POSSIBLE SUNSHINE  MM
  AVERAGE SKY COVER 1.0


WEATHER CONDITIONS
 THE FOLLOWING WEATHER WAS RECORDED YESTERDAY.
  LIGHT RAIN
  LIGHT SNOW
  FOG


RELATIVE HUMIDITY (PERCENT)
 HIGHEST    93           700 AM
 LOWEST     69          1000 PM
 AVERAGE    81

..........................................................


THE SPRINGFIELD IL CLIMATE NORMALS FOR TODAY
                         NORMAL    RECORD    YEAR
 MAXIMUM TEMPERATURE (F)   35        74      1984
 MINIMUM TEMPERATURE (F)   20       -14      1924


SUNRISE AND SUNSET
DECEMBER 28 2014......SUNRISE   719 AM CST   SUNSET   441 PM CST
DECEMBER 29 2014......SUNRISE   720 AM CST   SUNSET   442 PM CST


-  INDICATES NEGATIVE NUMBERS.
R  INDICATES RECORD WAS SET OR TIED.
MM INDICATES DATA IS MISSING.
T  INDICATES TRACE AMOUNT.




$$
