000
CDUS44 KOUN 200629 RRA
CLISPS

CLIMATE REPORT
NATIONAL WEATHER SERVICE NORMAN OK
128 AM CDT MON OCT 20 2014


...................................

...THE WICHITA FALLS CLIMATE SUMMARY FOR OCTOBER 19 2014...

CLIMATE NORMAL PERIOD 1981 TO 2010
CLIMATE RECORD PERIOD 1897 TO 2014


WEATHER ITEM   OBSERVED TIME   RECORD YEAR NORMAL DEPARTURE LAST
                VALUE   (LST)  VALUE       VALUE  FROM      YEAR
                                                  NORMAL
..................................................................
TEMPERATURE (F)
 YESTERDAY
  MAXIMUM         75    403 PM  95    1936  76     -1       65
  MINIMUM         55    656 AM  30    1989  51      4       36
  AVERAGE         65                        64      1       51

PRECIPITATION (IN)
  YESTERDAY        0.01          1.34 1971   0.12  -0.11     0.00
  MONTH TO DATE    1.30                      1.90  -0.60     1.65
  SINCE JAN 1     18.58                     24.44  -5.86    19.10

SNOWFALL (IN)
  YESTERDAY        0.0                       0.0    0.0      0.0
  MONTH TO DATE    0.0                       0.0    0.0      0.0
  SINCE JUL 1      T                         0.0    0.0      0.0
  SNOW DEPTH       0

DEGREE DAYS
 HEATING
  YESTERDAY        0                         4     -4       14
  MONTH TO DATE   18                        47    -29       56
  SINCE JUL 1     26                        60    -34       56

 COOLING
  YESTERDAY        0                         2     -2        0
  MONTH TO DATE  116                        77     39       97
  SINCE JAN 1   2502                      2356    146     2602
..................................................................


WIND (MPH)
  HIGHEST WIND SPEED    15   HIGHEST WIND DIRECTION    SE (150)
  HIGHEST GUST SPEED    18   HIGHEST GUST DIRECTION    SE (140)
  AVERAGE WIND SPEED     7.8


SKY COVER
  AVERAGE SKY COVER 0.5


WEATHER CONDITIONS
 THE FOLLOWING WEATHER WAS RECORDED YESTERDAY.
  LIGHT RAIN


RELATIVE HUMIDITY (PERCENT)
 HIGHEST    78           800 PM
 LOWEST     57           400 PM
 AVERAGE    68

..........................................................


THE WICHITA FALLS CLIMATE NORMALS FOR TODAY
                         NORMAL    RECORD    YEAR
 MAXIMUM TEMPERATURE (F)   76        94      2007
                                             1979
 MINIMUM TEMPERATURE (F)   51        29      1989


SUNRISE AND SUNSET
OCTOBER 20 2014.......SUNRISE   743 AM CDT   SUNSET   654 PM CDT
OCTOBER 21 2014.......SUNRISE   744 AM CDT   SUNSET   653 PM CDT


-  INDICATES NEGATIVE NUMBERS.
R  INDICATES RECORD WAS SET OR TIED.
MM INDICATES DATA IS MISSING.
T  INDICATES TRACE AMOUNT.




$$
