000
CDUS44 KOUN 282309
CLISPS

CLIMATE REPORT
NATIONAL WEATHER SERVICE NORMAN OK
508 PM CST WED JAN 28 2015


...................................

...THE WICHITA FALLS CLIMATE SUMMARY FOR JANUARY 28 2015...
VALID TODAY AS OF 0500 PM LOCAL TIME.

CLIMATE NORMAL PERIOD 1981 TO 2010
CLIMATE RECORD PERIOD 1897 TO 2015


WEATHER ITEM   OBSERVED TIME   RECORD YEAR NORMAL DEPARTURE LAST
                VALUE   (LST)  VALUE       VALUE  FROM      YEAR
                                                  NORMAL
..................................................................
TEMPERATURE (F)
 TODAY
  MAXIMUM         80    428 PM  81    2013  55     25       34
  MINIMUM         45    645 AM   8    1948  30     15       14
  AVERAGE         63                        43     20       24

PRECIPITATION (IN)
  TODAY            0.00          1.42 2010   0.04  -0.04     0.00
  MONTH TO DATE    1.44                      1.02   0.42      T
  SINCE JAN 1      1.44                      1.02   0.42      T

SNOWFALL (IN)
  TODAY            0.0                       0.1   -0.1      0.0
  MONTH TO DATE    T                         1.3   -1.3      0.0
  SINCE JUL 1      2.3                       2.6   -0.3      0.7
  SNOW DEPTH       0

DEGREE DAYS
 HEATING
  TODAY            2                        22    -20       41
  MONTH TO DATE  659                       648     11      655
  SINCE JUL 1   1761                      1845    -84     2028
..................................................................


WIND (MPH)
  HIGHEST WIND SPEED    23   HIGHEST WIND DIRECTION    SW (220)
  HIGHEST GUST SPEED    29   HIGHEST GUST DIRECTION    SW (230)
  AVERAGE WIND SPEED    12.8


SKY COVER
  AVERAGE SKY COVER 0.2


WEATHER CONDITIONS
 THE FOLLOWING WEATHER WAS RECORDED TODAY.
  NO SIGNIFICANT WEATHER WAS OBSERVED.


RELATIVE HUMIDITY (PERCENT)
 HIGHEST    71           600 AM
 LOWEST     28           400 PM
 AVERAGE    50

..........................................................


THE WICHITA FALLS CLIMATE NORMALS FOR TOMORROW
                         NORMAL    RECORD    YEAR
 MAXIMUM TEMPERATURE (F)   55        80      1967
 MINIMUM TEMPERATURE (F)   31         6      1966


SUNRISE AND SUNSET
JANUARY 28 2015.......SUNRISE   734 AM CST   SUNSET   600 PM CST
JANUARY 29 2015.......SUNRISE   733 AM CST   SUNSET   601 PM CST


-  INDICATES NEGATIVE NUMBERS.
R  INDICATES RECORD WAS SET OR TIED.
MM INDICATES DATA IS MISSING.
T  INDICATES TRACE AMOUNT.




$$
