000
CDUS44 KOUN 020630
CLISPS

CLIMATE REPORT
NATIONAL WEATHER SERVICE NORMAN OK
127 AM CDT THU OCT 2 2014


...................................

...THE WICHITA FALLS CLIMATE SUMMARY FOR OCTOBER 1 2014...

CLIMATE NORMAL PERIOD 1981 TO 2010
CLIMATE RECORD PERIOD 1897 TO 2014


WEATHER ITEM   OBSERVED TIME   RECORD YEAR NORMAL DEPARTURE LAST
                VALUE   (LST)  VALUE       VALUE  FROM      YEAR
                                                  NORMAL
..................................................................
TEMPERATURE (F)
 YESTERDAY
  MAXIMUM         98    357 PM 102    1938  82     16       91
  MINIMUM         72    656 AM  40    1985  57     15       58
  AVERAGE         85                        70     15       75

PRECIPITATION (IN)
  YESTERDAY        0.01          1.26 1941   0.09  -0.08     0.00
  MONTH TO DATE    0.01                      0.09  -0.08     0.00
  SINCE JAN 1     17.29                     22.63  -5.34    17.45

DEGREE DAYS
 HEATING
  YESTERDAY        0                         1     -1        0
  MONTH TO DATE    0                         1     -1        0
  SINCE JUL 1      8                        14     -6        0

 COOLING
  YESTERDAY       20                         6     14       10
  MONTH TO DATE   20                         6     14       10
  SINCE JAN 1   2406                      2285    121     2515
..................................................................


WIND (MPH)
  HIGHEST WIND SPEED    25   HIGHEST WIND DIRECTION    SW (210)
  HIGHEST GUST SPEED    31   HIGHEST GUST DIRECTION    SW (210)
  AVERAGE WIND SPEED    16.0


SKY COVER
  AVERAGE SKY COVER 0.3


WEATHER CONDITIONS
 THE FOLLOWING WEATHER WAS RECORDED YESTERDAY.
  NO SIGNIFICANT WEATHER WAS OBSERVED.


RELATIVE HUMIDITY (PERCENT)
 HIGHEST    79           600 AM
 LOWEST     29           400 PM
 AVERAGE    54

..........................................................


THE WICHITA FALLS CLIMATE NORMALS FOR TODAY
                         NORMAL    RECORD    YEAR
 MAXIMUM TEMPERATURE (F)   82       102      2000
 MINIMUM TEMPERATURE (F)   57        42      1975


SUNRISE AND SUNSET
OCTOBER  2 2014.......SUNRISE   729 AM CDT   SUNSET   717 PM CDT
OCTOBER  3 2014.......SUNRISE   730 AM CDT   SUNSET   715 PM CDT


-  INDICATES NEGATIVE NUMBERS.
R  INDICATES RECORD WAS SET OR TIED.
MM INDICATES DATA IS MISSING.
T  INDICATES TRACE AMOUNT.




$$
