000
CDUS44 KOUN 280634
CLISPS

CLIMATE REPORT
NATIONAL WEATHER SERVICE NORMAN OK
132 AM CDT WED JUN 28 2017


...................................

...THE WICHITA FALLS CLIMATE SUMMARY FOR JUNE 27 2017...

CLIMATE NORMAL PERIOD 1981 TO 2010
CLIMATE RECORD PERIOD 1897 TO 2017


WEATHER ITEM   OBSERVED TIME   RECORD YEAR NORMAL DEPARTURE LAST
                VALUE   (LST)  VALUE       VALUE  FROM      YEAR
                                                  NORMAL
..................................................................
TEMPERATURE (F)
 YESTERDAY
  MAXIMUM         92    403 PM 116    1980  94     -2       96
  MINIMUM         67    519 AM  55    1958  70     -3       69
  AVERAGE         80                        82     -2       83

PRECIPITATION (IN)
  YESTERDAY        0.00          0.65 1928   0.09  -0.09     0.00
  MONTH TO DATE    2.40                      3.90  -1.50     3.29
  SINCE JUN 1      2.40                      3.90  -1.50     3.29
  SINCE JAN 1     12.72                     15.39  -2.67    19.78

SNOWFALL (IN)
  YESTERDAY        0.0

DEGREE DAYS
 HEATING
  YESTERDAY        0                         0      0        0
  MONTH TO DATE    0                         0      0        0
  SINCE JUN 1      0                         0      0        0
  SINCE JUL 1   2162                      2968   -806     2312

 COOLING
  YESTERDAY       15                        17     -2       18
  MONTH TO DATE  363                       383    -20      411
  SINCE JUN 1    363                       383    -20      411
  SINCE JAN 1    712                       702     10      664
..................................................................


WIND (MPH)
  HIGHEST WIND SPEED    21   HIGHEST WIND DIRECTION    SE (140)
  HIGHEST GUST SPEED    25   HIGHEST GUST DIRECTION    SE (140)
  AVERAGE WIND SPEED     8.4


SKY COVER
  AVERAGE SKY COVER 0.3


WEATHER CONDITIONS
 THE FOLLOWING WEATHER WAS RECORDED YESTERDAY.
  FOG


RELATIVE HUMIDITY (PERCENT)
 HIGHEST    93           500 AM
 LOWEST     47           400 PM
 AVERAGE    70

..........................................................


THE WICHITA FALLS CLIMATE NORMALS FOR TODAY
                         NORMAL    RECORD    YEAR
 MAXIMUM TEMPERATURE (F)   94       117      1980
 MINIMUM TEMPERATURE (F)   70        56      1985


SUNRISE AND SUNSET
JUNE 28 2017..........SUNRISE   625 AM CDT   SUNSET   849 PM CDT
JUNE 29 2017..........SUNRISE   626 AM CDT   SUNSET   849 PM CDT


-  INDICATES NEGATIVE NUMBERS.
R  INDICATES RECORD WAS SET OR TIED.
MM INDICATES DATA IS MISSING.
T  INDICATES TRACE AMOUNT.




$$
