000
CDUS44 KOUN 210630
CLISPS

CLIMATE REPORT
NATIONAL WEATHER SERVICE NORMAN OK
1230 AM CST SUN JAN 21 2018

...................................

...THE WICHITA FALLS CLIMATE SUMMARY FOR JANUARY 20 2018...

CLIMATE NORMAL PERIOD 1981 TO 2010
CLIMATE RECORD PERIOD 1897 TO 2018


WEATHER ITEM   OBSERVED TIME   RECORD YEAR NORMAL DEPARTURE LAST
                VALUE   (LST)  VALUE       VALUE  FROM      YEAR
                                                  NORMAL
..................................................................
TEMPERATURE (F)
 YESTERDAY
  MAXIMUM         74    450 PM  85    1986  55     19       71
  MINIMUM         46    827 AM   7    1962  30     16       43
  AVERAGE         60                        42     18       57

PRECIPITATION (IN)
  YESTERDAY        0.00          1.13 2007   0.04  -0.04     0.00
  MONTH TO DATE    0.01                      0.71  -0.70     1.87
  SINCE DEC 1      0.98                      2.33  -1.35     2.70
  SINCE JAN 1      0.01                      0.71  -0.70     1.87

SNOWFALL (IN)
  YESTERDAY        0.0           1.0  1959   0.1   -0.1      0.0
  MONTH TO DATE    0.0                       1.0   -1.0       T
  SINCE DEC 1      T                         2.0   -2.0       T
  SINCE JUL 1      T                         2.3   -2.3       T

DEGREE DAYS
 HEATING
  YESTERDAY        5                        23    -18        8
  MONTH TO DATE  558                       468     90      440
  SINCE DEC 1   1218                      1158     60     1108
  SINCE JUL 1   1632                      1665    -33     1359

 COOLING
  YESTERDAY        0                         0      0        0
  MONTH TO DATE    0                         0      0        0
  SINCE DEC 1      1                         1      0        3
  SINCE JAN 1      0                         0      0        0
..................................................................


WIND (MPH)
  HIGHEST WIND SPEED    24   HIGHEST WIND DIRECTION     S (200)
  HIGHEST GUST SPEED    30   HIGHEST GUST DIRECTION     S (190)
  AVERAGE WIND SPEED    16.1


SKY COVER
  AVERAGE SKY COVER 0.0


WEATHER CONDITIONS
 THE FOLLOWING WEATHER WAS RECORDED YESTERDAY.
  NO SIGNIFICANT WEATHER WAS OBSERVED.


RELATIVE HUMIDITY (PERCENT)
 HIGHEST    93           200 AM
 LOWEST     25           400 PM
 AVERAGE    59

..........................................................


THE WICHITA FALLS CLIMATE NORMALS FOR TODAY
                         NORMAL    RECORD    YEAR
 MAXIMUM TEMPERATURE (F)   55        82      1967
 MINIMUM TEMPERATURE (F)   30         4      1935


SUNRISE AND SUNSET
JANUARY 21 2018.......SUNRISE   737 AM CST   SUNSET   554 PM CST
JANUARY 22 2018.......SUNRISE   737 AM CST   SUNSET   555 PM CST


-  INDICATES NEGATIVE NUMBERS.
R  INDICATES RECORD WAS SET OR TIED.
MM INDICATES DATA IS MISSING.
T  INDICATES TRACE AMOUNT.




$$
