000
CDUS44 KOUN 190641
CLISPS

CLIMATE REPORT
NATIONAL WEATHER SERVICE NORMAN OK
138 AM CDT SAT APR 19 2014


...................................

...THE WICHITA FALLS CLIMATE SUMMARY FOR APRIL 18 2014...

CLIMATE NORMAL PERIOD 1981 TO 2010
CLIMATE RECORD PERIOD 1897 TO 2014


WEATHER ITEM   OBSERVED TIME   RECORD YEAR NORMAL DEPARTURE LAST
                VALUE   (LST)  VALUE       VALUE  FROM      YEAR
                                                  NORMAL
..................................................................
TEMPERATURE (F)
 YESTERDAY
  MAXIMUM         73    435 PM 103    2011  77     -4       56
  MINIMUM         49    555 AM  36    1944  50     -1       37
  AVERAGE         61                        63     -2       47

PRECIPITATION (IN)
  YESTERDAY        0.00          2.41 1990   0.10  -0.10     0.01
  MONTH TO DATE    0.68                      1.30  -0.62     2.43
  SINCE JAN 1      3.21                      6.39  -3.18     5.64

SNOWFALL (IN)
  YESTERDAY        0.0                       0.0    0.0      0.0
  MONTH TO DATE    0.0                       0.0    0.0       T
  SINCE JUL 1      5.0                       3.9    1.1      3.5
  SNOW DEPTH       0

DEGREE DAYS
 HEATING
  YESTERDAY        4                         4      0       18
  MONTH TO DATE  111                       107      4      153
  SINCE JUL 1   3329                      2910    419     2730

 COOLING
  YESTERDAY        0                         2     -2        0
  MONTH TO DATE   45                        31     14       29
  SINCE JAN 1     61                        53      8       49
..................................................................


WIND (MPH)
  HIGHEST WIND SPEED    12   HIGHEST WIND DIRECTION    SW (220)
  HIGHEST GUST SPEED    15   HIGHEST GUST DIRECTION    SW (220)
  AVERAGE WIND SPEED     5.9


SKY COVER
  AVERAGE SKY COVER 0.6


WEATHER CONDITIONS
 THE FOLLOWING WEATHER WAS RECORDED YESTERDAY.
  FOG
  HAZE


RELATIVE HUMIDITY (PERCENT)
 HIGHEST    93          1200 AM
 LOWEST     47           400 PM
 AVERAGE    70

..........................................................


THE WICHITA FALLS CLIMATE NORMALS FOR TODAY
                         NORMAL    RECORD    YEAR
 MAXIMUM TEMPERATURE (F)   77        97      1925
 MINIMUM TEMPERATURE (F)   50        33      2013


SUNRISE AND SUNSET
APRIL 19 2014.........SUNRISE   658 AM CDT   SUNSET   808 PM CDT
APRIL 20 2014.........SUNRISE   657 AM CDT   SUNSET   809 PM CDT


-  INDICATES NEGATIVE NUMBERS.
R  INDICATES RECORD WAS SET OR TIED.
MM INDICATES DATA IS MISSING.
T  INDICATES TRACE AMOUNT.




$$
