000
CDUS42 KTBW 252222
CLISRQ


CLIMATE REPORT
NATIONAL WEATHER SERVICE TAMPA BAY FL
519 PM EST THU DEC 25 2014


...................................

...THE SARASOTA BRADENTON CLIMATE SUMMARY FOR DECEMBER 25 2014...
VALID TODAY AS OF 0500 PM LOCAL TIME.

CLIMATE NORMAL PERIOD 1981 TO 2010
CLIMATE RECORD PERIOD 1911 TO 2014


WEATHER ITEM   OBSERVED TIME   RECORD YEAR NORMAL DEPARTURE LAST
                VALUE   (LST)  VALUE       VALUE  FROM      YEAR
                                                  NORMAL
..................................................................
TEMPERATURE (F)
 TODAY
  MAXIMUM         69    133 PM  84    1998  72     -3       78
                                      1942
  MINIMUM         61    718 AM  22    1983  52      9       50
  AVERAGE         65                        62      3       64

PRECIPITATION (IN)
  TODAY            0.00          2.12 2004   0.09  -0.09     0.00
  MONTH TO DATE    0.40                      2.09  -1.69     0.03
  SINCE DEC 1      0.40                      2.09  -1.69     0.03
  SINCE JAN 1     50.98                     52.57  -1.59    52.49

DEGREE DAYS
 HEATING
  TODAY            0                         5     -5        1
  MONTH TO DATE   96                        90      6       23
  SINCE DEC 1     96                        90      6       23
  SINCE JUL 1    181                       123     58       41

 COOLING
  TODAY            0                         2     -2        0
  MONTH TO DATE   69                        64      5      128
  SINCE DEC 1     69                        64      5      128
  SINCE JAN 1   3481                      3364    117     3756
..................................................................


WIND (MPH)
  RESULTANT WIND SPEED   6   RESULTANT WIND DIRECTION   N (0)
  HIGHEST WIND SPEED    17   HIGHEST WIND DIRECTION    NW (320)
  HIGHEST GUST SPEED    22   HIGHEST GUST DIRECTION    NW (320)
  AVERAGE WIND SPEED     8.2


SKY COVER
  POSSIBLE SUNSHINE  MM
  AVERAGE SKY COVER 0.8


WEATHER CONDITIONS
 THE FOLLOWING WEATHER WAS RECORDED TODAY.
  NO SIGNIFICANT WEATHER WAS OBSERVED.


RELATIVE HUMIDITY (PERCENT)
 HIGHEST    87           100 AM
 LOWEST     55           200 PM

..........................................................


THE SARASOTA BRADENTON CLIMATE NORMALS FOR TOMORROW
                         NORMAL    RECORD    YEAR
 MAXIMUM TEMPERATURE (F)   72        84      1998
 MINIMUM TEMPERATURE (F)   52        20      1983


SUNRISE AND SUNSET
DECEMBER 25 2014......SUNRISE   718 AM EST   SUNSET   543 PM EST
DECEMBER 26 2014......SUNRISE   718 AM EST   SUNSET   543 PM EST


-  INDICATES NEGATIVE NUMBERS.
R  INDICATES RECORD WAS SET OR TIED.
MM INDICATES DATA IS MISSING.
T  INDICATES TRACE AMOUNT.




$$


&&
------------------------------------------------------------------
******************** SUPPLEMENTAL DATA ***************************

...GULF WATER TEMPERATURE AT NEW PASS 68
