000
CDUS42 KTBW 282116
CLISRQ


CLIMATE REPORT
NATIONAL WEATHER SERVICE TAMPA BAY FL
514 PM EDT THU JUL 28 2016


...................................

...THE SARASOTA BRADENTON CLIMATE SUMMARY FOR JULY 28 2016...
VALID TODAY AS OF 0500 PM LOCAL TIME.

CLIMATE NORMAL PERIOD 1981 TO 2010
CLIMATE RECORD PERIOD 1911 TO 2016


WEATHER ITEM   OBSERVED TIME   RECORD YEAR NORMAL DEPARTURE LAST
                VALUE   (LST)  VALUE       VALUE  FROM      YEAR
                                                  NORMAL
..................................................................
TEMPERATURE (F)
 TODAY
  MAXIMUM         95   1217 PM  97    1927  90      5       88
  MINIMUM         79    637 AM  65    1984  75      4       79
  AVERAGE         87                        82      5       84

PRECIPITATION (IN)
  TODAY            0.00          2.68 1978   0.27  -0.27      T
  MONTH TO DATE    5.09                      7.19  -2.10     5.90
  SINCE JUN 1     11.82                     14.70  -2.88     9.63
  SINCE JAN 1     24.10                     28.40  -4.30    21.95

DEGREE DAYS
 HEATING
  TODAY            0                         0      0        0
  MONTH TO DATE    0                         0      0        0
  SINCE JUN 1      0                         0      0        0
  SINCE JUL 1      0                         0      0        0

 COOLING
  TODAY           22                        18      4       19
  MONTH TO DATE  579                       488     91      495
  SINCE JUN 1   1136                       960    176      996
  SINCE JAN 1   2100                      1711    389     2036
..................................................................


WIND (MPH)
  RESULTANT WIND SPEED   2   RESULTANT WIND DIRECTION   S (160)
  HIGHEST WIND SPEED    14   HIGHEST WIND DIRECTION    SW (240)
  HIGHEST GUST SPEED    16   HIGHEST GUST DIRECTION    SW (240)
  AVERAGE WIND SPEED     6.5


SKY COVER
  POSSIBLE SUNSHINE  MM
  AVERAGE SKY COVER 0.0


WEATHER CONDITIONS
 THE FOLLOWING WEATHER WAS RECORDED TODAY.
  NO SIGNIFICANT WEATHER WAS OBSERVED.


RELATIVE HUMIDITY (PERCENT)
 HIGHEST    85           100 AM
 LOWEST     47          1100 AM

..........................................................


THE SARASOTA BRADENTON CLIMATE NORMALS FOR TOMORROW
                         NORMAL    RECORD    YEAR
 MAXIMUM TEMPERATURE (F)   90        96      2011
                                             1998
                                             1996
 MINIMUM TEMPERATURE (F)   75        64      1976


SUNRISE AND SUNSET
JULY 28 2016..........SUNRISE   652 AM EDT   SUNSET   821 PM EDT
JULY 29 2016..........SUNRISE   652 AM EDT   SUNSET   820 PM EDT


-  INDICATES NEGATIVE NUMBERS.
R  INDICATES RECORD WAS SET OR TIED.
MM INDICATES DATA IS MISSING.
T  INDICATES TRACE AMOUNT.




$$


&&
------------------------------------------------------------------
******************** SUPPLEMENTAL DATA ***************************

...GULF WATER TEMPERATURE AT VENICE 91 DEGREES
