000
CDUS42 KTBW 242214
CLISRQ


CLIMATE REPORT
NATIONAL WEATHER SERVICE TAMPA BAY FL
513 PM EST TUE JAN 24 2017


...................................

...THE SARASOTA BRADENTON CLIMATE SUMMARY FOR JANUARY 24 2017...
VALID TODAY AS OF 0500 PM LOCAL TIME.

CLIMATE NORMAL PERIOD 1981 TO 2010
CLIMATE RECORD PERIOD 1911 TO 2017


WEATHER ITEM   OBSERVED TIME   RECORD YEAR NORMAL DEPARTURE LAST
                VALUE   (LST)  VALUE       VALUE  FROM      YEAR
                                                  NORMAL
..................................................................
TEMPERATURE (F)
 TODAY
  MAXIMUM         72    229 PM  85    1999  71      1       56
  MINIMUM         59    807 AM  29    2003  52      7       40
                                      1960
  AVERAGE         66                        62      4       48

PRECIPITATION (IN)
  TODAY            0.00          6.10 1998   0.05  -0.05     0.00
  MONTH TO DATE    1.49                      2.09  -0.60     2.91
  SINCE DEC 1      2.74                      4.62  -1.88     4.20
  SINCE JAN 1      1.49                      2.09  -0.60     2.91

DEGREE DAYS
 HEATING
  TODAY            0                         5     -5       17
  MONTH TO DATE   41                       129    -88      129
  SINCE DEC 1     65                       251   -186      136
  SINCE JUL 1     76                       284   -208      140

 COOLING
  TODAY            1                         2     -1        0
  MONTH TO DATE   81                        48     33       22
  SINCE DEC 1    244                       122    122      281
  SINCE JAN 1     81                        48     33       22
..................................................................


WIND (MPH)
  RESULTANT WIND SPEED  10   RESULTANT WIND DIRECTION  NW (320)
  HIGHEST WIND SPEED    21   HIGHEST WIND DIRECTION    NW (310)
  HIGHEST GUST SPEED    31   HIGHEST GUST DIRECTION     W (280)
  AVERAGE WIND SPEED    10.4


SKY COVER
  POSSIBLE SUNSHINE  MM
  AVERAGE SKY COVER 0.1


WEATHER CONDITIONS
 THE FOLLOWING WEATHER WAS RECORDED TODAY.
  NO SIGNIFICANT WEATHER WAS OBSERVED.


RELATIVE HUMIDITY (PERCENT)
 HIGHEST    87           800 AM
 LOWEST     57          1200 PM

..........................................................


THE SARASOTA BRADENTON CLIMATE NORMALS FOR TOMORROW
                         NORMAL    RECORD    YEAR
 MAXIMUM TEMPERATURE (F)   71        85      2012
 MINIMUM TEMPERATURE (F)   52        32      1940


SUNRISE AND SUNSET
JANUARY 24 2017.......SUNRISE   720 AM EST   SUNSET   605 PM EST
JANUARY 25 2017.......SUNRISE   719 AM EST   SUNSET   606 PM EST


-  INDICATES NEGATIVE NUMBERS.
R  INDICATES RECORD WAS SET OR TIED.
MM INDICATES DATA IS MISSING.
T  INDICATES TRACE AMOUNT.




$$


&&
------------------------------------------------------------------
******************** SUPPLEMENTAL DATA ***************************

...GULF WATER TEMPERATURE AT VENICE 69 DEGREES
