000
CDUS42 KTBW 282214
CLISRQ


CLIMATE REPORT
NATIONAL WEATHER SERVICE TAMPA BAY FL
513 PM EST SAT FEB 28 2015


...................................

...THE SARASOTA BRADENTON CLIMATE SUMMARY FOR FEBRUARY 28 2015...
VALID TODAY AS OF 0500 PM LOCAL TIME.

CLIMATE NORMAL PERIOD 1981 TO 2010
CLIMATE RECORD PERIOD 1911 TO 2015


WEATHER ITEM   OBSERVED TIME   RECORD YEAR NORMAL DEPARTURE LAST
                VALUE   (LST)  VALUE       VALUE  FROM      YEAR
                                                  NORMAL
..................................................................
TEMPERATURE (F)
 TODAY
  MAXIMUM         71    234 PM  88    1997  74     -3       67
  MINIMUM         56    510 AM  31    1935  55      1       50
  AVERAGE         64                        65     -1       59

PRECIPITATION (IN)
  TODAY            T             1.46 1959   0.15  -0.15     0.00
  MONTH TO DATE    3.81                      2.70   1.11     1.52
  SINCE DEC 1      5.35                      7.72  -2.37     3.83
  SINCE JAN 1      4.88                      5.19  -0.31     3.62

DEGREE DAYS
 HEATING
  TODAY            1                         3     -2        6
  MONTH TO DATE  151                        98     53       55
  SINCE DEC 1    372                       385    -13      290
  SINCE JUL 1    457                       418     39      308

 COOLING
  TODAY            0                         2     -2        0
  MONTH TO DATE   10                        52    -42       85
  SINCE DEC 1    158                       178    -20      273
  SINCE JAN 1     69                       104    -35      116
..................................................................


WIND (MPH)
  RESULTANT WIND SPEED  11   RESULTANT WIND DIRECTION  NE (60)
  HIGHEST WIND SPEED    17   HIGHEST WIND DIRECTION    NE (60)
  HIGHEST GUST SPEED    23   HIGHEST GUST DIRECTION    NE (60)
  AVERAGE WIND SPEED    11.6


SKY COVER
  POSSIBLE SUNSHINE  MM
  AVERAGE SKY COVER 1.0


WEATHER CONDITIONS
 THE FOLLOWING WEATHER WAS RECORDED TODAY.
  LIGHT RAIN


RELATIVE HUMIDITY (PERCENT)
 HIGHEST   100           500 AM
 LOWEST     76           500 PM

..........................................................


THE SARASOTA BRADENTON CLIMATE NORMALS FOR TOMORROW
                         NORMAL    RECORD    YEAR
 MAXIMUM TEMPERATURE (F)   75        87      1997
 MINIMUM TEMPERATURE (F)   55        35      1986


SUNRISE AND SUNSET
FEBRUARY 28 2015......SUNRISE   656 AM EST   SUNSET   630 PM EST
MARCH  1 2015.........SUNRISE   655 AM EST   SUNSET   631 PM EST


-  INDICATES NEGATIVE NUMBERS.
R  INDICATES RECORD WAS SET OR TIED.
MM INDICATES DATA IS MISSING.
T  INDICATES TRACE AMOUNT.




$$


&&
------------------------------------------------------------------
******************** SUPPLEMENTAL DATA ***************************

...GULF WATER TEMPERATURE AT NEW PASS 63
