000
CDUS42 KJAX 250630
CLISSI


CLIMATE REPORT
NATIONAL WEATHER SERVICE JACKSONVILLE FL
129 AM EST SAT NOV 25 2017


...................................

...THE ST SIMONS ISLAND CLIMATE SUMMARY FOR NOVEMBER 24 2017...

CLIMATE NORMAL PERIOD 1981 TO 2010
CLIMATE RECORD PERIOD 1948 TO 2017


WEATHER ITEM   OBSERVED TIME   RECORD YEAR NORMAL DEPARTURE LAST
                VALUE   (LST)  VALUE       VALUE  FROM      YEAR
                                                  NORMAL
..................................................................
TEMPERATURE (F)
 YESTERDAY
  MAXIMUM         67    308 PM  83    1967  68     -1       77
  MINIMUM         47   1154 PM  24    1970  51     -4       58
  AVERAGE         57                        60     -3       68

PRECIPITATION (IN)
  YESTERDAY        0.00          4.32 1980   0.06  -0.06     0.00
  MONTH TO DATE    1.22                      1.64  -0.42     0.04
  SINCE SEP 1     16.14                     11.86   4.28    19.44
  SINCE JAN 1     46.22                     41.97   4.25    43.25

SNOWFALL (IN)
  YESTERDAY        0.0           0.0    MM                   0.0
  MONTH TO DATE    0.0                                       0.0
  SINCE SEP 1      0.0                                       0.0
  SINCE JUL 1      0.0                                       0.0
  SNOW DEPTH       0

DEGREE DAYS
 HEATING
  YESTERDAY        8                         7      1        0
  MONTH TO DATE   75                       106    -31       84
  SINCE SEP 1    108                       136    -28       93
  SINCE JUL 1    108                       136    -28       93

 COOLING
  YESTERDAY        0                         1     -1        3
  MONTH TO DATE   40                        47     -7       39
  SINCE SEP 1    789                       632    157      710
  SINCE JAN 1   3116                      2608    508     2981
..................................................................


WIND (MPH)
  HIGHEST WIND SPEED    17   HIGHEST WIND DIRECTION     N (20)
  HIGHEST GUST SPEED    26   HIGHEST GUST DIRECTION     N (20)
  AVERAGE WIND SPEED     7.2


SKY COVER
  POSSIBLE SUNSHINE  MM
  AVERAGE SKY COVER 0.3


WEATHER CONDITIONS
 THE FOLLOWING WEATHER WAS RECORDED YESTERDAY.
  NO SIGNIFICANT WEATHER WAS OBSERVED.


RELATIVE HUMIDITY (PERCENT)
 HIGHEST   100          1200 AM
 LOWEST     42           300 PM
 AVERAGE    71

..........................................................


THE ST SIMONS ISLAND CLIMATE NORMALS FOR TODAY
                         NORMAL    RECORD    YEAR
 MAXIMUM TEMPERATURE (F)   68        81      1955
 MINIMUM TEMPERATURE (F)   51        21      1950


SUNRISE AND SUNSET
NOVEMBER 25 2017......SUNRISE   701 AM EST   SUNSET   524 PM EST
NOVEMBER 26 2017......SUNRISE   702 AM EST   SUNSET   523 PM EST


-  INDICATES NEGATIVE NUMBERS.
R  INDICATES RECORD WAS SET OR TIED.
MM INDICATES DATA IS MISSING.
T  INDICATES TRACE AMOUNT.




$$
