000
CDUS42 KJAX 010533
CLISSI


CLIMATE REPORT
NATIONAL WEATHER SERVICE JACKSONVILLE FL
133 AM EDT WED JUL 1 2015


...................................

...THE ST SIMONS ISLAND CLIMATE SUMMARY FOR JUNE 30 2015...

CLIMATE NORMAL PERIOD 1981 TO 2010
CLIMATE RECORD PERIOD 1948 TO 2015


WEATHER ITEM   OBSERVED TIME   RECORD YEAR NORMAL DEPARTURE LAST
                VALUE   (LST)  VALUE       VALUE  FROM      YEAR
                                                  NORMAL
..................................................................
TEMPERATURE (F)
 YESTERDAY
  MAXIMUM         90    101 PM 100    1998  90      0       87
  MINIMUM         73    555 AM  65    1981  75     -2       76
  AVERAGE         82                        82      0       82

PRECIPITATION (IN)
  YESTERDAY        0.01          1.06 1988   0.15  -0.14     0.00
  MONTH TO DATE    4.02                      4.84  -0.82     4.76
  SINCE JUN 1      4.02                      4.84  -0.82     4.76
  SINCE JAN 1     18.14                     19.76  -1.62    23.25

SNOWFALL (IN)
  YESTERDAY        0.0           0.0    MM                   0.0
  MONTH TO DATE    0.0                                       0.0
  SINCE JUN 1      0.0                                       0.0
  SINCE JUL 1      0.0                                        T
  SNOW DEPTH       0

DEGREE DAYS
 HEATING
  YESTERDAY        0                         0      0        0
  MONTH TO DATE    0                         0      0        0
  SINCE JUN 1      0                         0      0        0
  SINCE JUL 1   1495                      1488      7     1494

 COOLING
  YESTERDAY       17                        17      0       17
  MONTH TO DATE  495                       459     36      467
  SINCE JUN 1    495                       459     36      467
  SINCE JAN 1   1043                       901    142      910
..................................................................


WIND (MPH)
  HIGHEST WIND SPEED    22   HIGHEST WIND DIRECTION    SW (220)
  HIGHEST GUST SPEED    26   HIGHEST GUST DIRECTION    SW (230)
  AVERAGE WIND SPEED     7.8


SKY COVER
  POSSIBLE SUNSHINE  MM
  AVERAGE SKY COVER 0.1


WEATHER CONDITIONS
 THE FOLLOWING WEATHER WAS RECORDED YESTERDAY.
  THUNDERSTORM
  LIGHT RAIN


RELATIVE HUMIDITY (PERCENT)
 HIGHEST    94          1200 AM
 LOWEST     56           100 PM
 AVERAGE    75

..........................................................


THE ST SIMONS ISLAND CLIMATE NORMALS FOR TODAY
                         NORMAL    RECORD    YEAR
 MAXIMUM TEMPERATURE (F)   90       101      1998
 MINIMUM TEMPERATURE (F)   75        69      1963


SUNRISE AND SUNSET
JULY  1 2015..........SUNRISE   625 AM EDT   SUNSET   834 PM EDT
JULY  2 2015..........SUNRISE   626 AM EDT   SUNSET   833 PM EDT


-  INDICATES NEGATIVE NUMBERS.
R  INDICATES RECORD WAS SET OR TIED.
MM INDICATES DATA IS MISSING.
T  INDICATES TRACE AMOUNT.




$$
