000
CDUS43 KMPX 110632
CLISTC


CLIMATE REPORT
NATIONAL WEATHER SERVICE CHANHASSEN MN
1230 AM CST SUN DEC 11 2016


...................................

...THE ST CLOUD MN CLIMATE SUMMARY FOR DECEMBER 10 2016...

CLIMATE NORMAL PERIOD 1981 TO 2010
CLIMATE RECORD PERIOD 1893 TO 2016


WEATHER ITEM   OBSERVED TIME   RECORD YEAR NORMAL DEPARTURE LAST
                VALUE   (LST)  VALUE       VALUE  FROM      YEAR
                                                  NORMAL
..................................................................
TEMPERATURE (F)
 YESTERDAY
  MAXIMUM         11   1159 PM  52    1939  26    -15       46
  MINIMUM         -2    648 AM -26    1977   9    -11       36
  AVERAGE          5                        17    -12       41

PRECIPITATION (IN)
  YESTERDAY        0.04          0.24 1983   0.02   0.02     0.19
  MONTH TO DATE    0.20                      0.29  -0.09     0.42
  SINCE DEC 1      0.20                      0.29  -0.09     0.42
  SINCE JAN 1     32.47                     27.20   5.27    32.51

SNOWFALL (IN)
  YESTERDAY        0.6           2.6  1964   0.3    0.3      0.0
  MONTH TO DATE    1.5                       3.1   -1.6      2.0
  SINCE DEC 1      1.5                       3.1   -1.6      2.0
  SINCE JUL 1      8.8                      12.3   -3.5      7.7
  SNOW DEPTH       T

DEGREE DAYS
 HEATING
  YESTERDAY       60                        48     12       24
  MONTH TO DATE  424                       457    -33      331
  SINCE DEC 1    424                       457    -33      331
  SINCE JUL 1   1798                      2382   -584     1790

 COOLING
  YESTERDAY        0                         0      0        0
  MONTH TO DATE    0                         0      0        0
  SINCE DEC 1      0                         0      0        0
  SINCE JAN 1    506                       465     41      492
..................................................................


WIND (MPH)
  HIGHEST WIND SPEED     9   HIGHEST WIND DIRECTION     E (80)
  HIGHEST GUST SPEED    13   HIGHEST GUST DIRECTION     E (70)
  AVERAGE WIND SPEED     5.2


SKY COVER
  POSSIBLE SUNSHINE  MM
  AVERAGE SKY COVER 0.5


WEATHER CONDITIONS
 THE FOLLOWING WEATHER WAS RECORDED YESTERDAY.
  LIGHT SNOW
  FOG


RELATIVE HUMIDITY (PERCENT)
 HIGHEST    87           100 AM
 LOWEST     69           200 PM
 AVERAGE    78

..........................................................


THE ST CLOUD MN CLIMATE NORMALS FOR TODAY
                         NORMAL    RECORD    YEAR
 MAXIMUM TEMPERATURE (F)   26        53      1913
 MINIMUM TEMPERATURE (F)    8       -23      1936


SUNRISE AND SUNSET
DECEMBER 11 2016......SUNRISE   747 AM CST   SUNSET   433 PM CST
DECEMBER 12 2016......SUNRISE   748 AM CST   SUNSET   433 PM CST


-  INDICATES NEGATIVE NUMBERS.
R  INDICATES RECORD WAS SET OR TIED.
MM INDICATES DATA IS MISSING.
T  INDICATES TRACE AMOUNT.




$$
