000
CDUS43 KMPX 150641
CLISTC


CLIMATE REPORT
NATIONAL WEATHER SERVICE CHANHASSEN MN
1241 AM CST FRI DEC 15 2017


...................................

...THE ST CLOUD MN CLIMATE SUMMARY FOR DECEMBER 14 2017...

CLIMATE NORMAL PERIOD 1981 TO 2010
CLIMATE RECORD PERIOD 1893 TO 2017


WEATHER ITEM   OBSERVED TIME   RECORD YEAR NORMAL DEPARTURE LAST
                VALUE   (LST)  VALUE       VALUE  FROM      YEAR
                                                  NORMAL
..................................................................
TEMPERATURE (F)
 YESTERDAY
  MAXIMUM         22    718 PM  53    1998  25     -3        9
  MINIMUM          6    138 AM -32    1901   7     -1       -5
  AVERAGE         14                        16     -2        2

PRECIPITATION (IN)
  YESTERDAY        0.01          0.46 2008   0.03  -0.02     0.00
  MONTH TO DATE    0.19                      0.40  -0.21     0.45
  SINCE DEC 1      0.19                      0.40  -0.21     0.45
  SINCE JAN 1     29.95                     27.31   2.64    32.72

SNOWFALL (IN)
  YESTERDAY        0.1           4.2  2008   0.2   -0.1      0.0
  MONTH TO DATE    1.2                       4.3   -3.1      5.4
  SINCE DEC 1      1.2                       4.3   -3.1      5.4
  SINCE JUL 1      8.3                      13.5   -5.2     12.7
  SNOW DEPTH       1

DEGREE DAYS
 HEATING
  YESTERDAY       51                        49      2       63
  MONTH TO DATE  586                       651    -65      670
  SINCE DEC 1    586                       651    -65      670
  SINCE JUL 1   2352                      2576   -224     2044

 COOLING
  YESTERDAY        0                         0      0        0
  MONTH TO DATE    0                         0      0        0
  SINCE DEC 1      0                         0      0        0
  SINCE JAN 1    361                       465   -104      506
..................................................................


WIND (MPH)
  HIGHEST WIND SPEED    23   HIGHEST WIND DIRECTION    NW (320)
  HIGHEST GUST SPEED    27   HIGHEST GUST DIRECTION    NW (310)
  AVERAGE WIND SPEED     7.0


SKY COVER
  POSSIBLE SUNSHINE  MM
  AVERAGE SKY COVER 0.9


WEATHER CONDITIONS
 THE FOLLOWING WEATHER WAS RECORDED YESTERDAY.
  LIGHT SNOW
  FOG


RELATIVE HUMIDITY (PERCENT)
 HIGHEST    96           400 AM
 LOWEST     71           300 PM
 AVERAGE    84

..........................................................


THE ST CLOUD MN CLIMATE NORMALS FOR TODAY
                         NORMAL    RECORD    YEAR
 MAXIMUM TEMPERATURE (F)   24        52      1939
 MINIMUM TEMPERATURE (F)    7       -28      1901


SUNRISE AND SUNSET
DECEMBER 15 2017......SUNRISE   750 AM CST   SUNSET   433 PM CST
DECEMBER 16 2017......SUNRISE   751 AM CST   SUNSET   434 PM CST


-  INDICATES NEGATIVE NUMBERS.
R  INDICATES RECORD WAS SET OR TIED.
MM INDICATES DATA IS MISSING.
T  INDICATES TRACE AMOUNT.




$$
