000
CDUS43 KMPX 270825
CLISTC


CLIMATE REPORT
NATIONAL WEATHER SERVICE CHANHASSEN MN
324 AM CDT WED AUG 27 2014


...................................

...THE ST CLOUD MN CLIMATE SUMMARY FOR AUGUST 26 2014...

CLIMATE NORMAL PERIOD 1981 TO 2010
CLIMATE RECORD PERIOD 1893 TO 2014


WEATHER ITEM   OBSERVED TIME   RECORD YEAR NORMAL DEPARTURE LAST
                VALUE   (LST)  VALUE       VALUE  FROM      YEAR
                                                  NORMAL
..................................................................
TEMPERATURE (F)
 YESTERDAY
  MAXIMUM         74    228 PM  95    2013  78     -4       95
  MINIMUM         51    610 AM  40    1986  54     -3       72
                                      1915
  AVERAGE         63                        66     -3       84

PRECIPITATION (IN)
  YESTERDAY        0.01          2.70 1995   0.14  -0.13     0.00
  MONTH TO DATE    2.75                      3.12  -0.37     0.67
  SINCE JUN 1     10.18                     10.60  -0.42     7.86
  SINCE JAN 1     26.53                     18.91   7.62    20.15

SNOWFALL (IN)
  YESTERDAY        0.0           0.0    MM   0.0    0.0      0.0
  MONTH TO DATE    0.0                       0.0    0.0      0.0
  SINCE JUN 1      0.0                       0.0    0.0      0.0
  SINCE JUL 1      0.0                       0.0    0.0      0.0
  SNOW DEPTH       0

DEGREE DAYS
 HEATING
  YESTERDAY        2                         2      0        0
  MONTH TO DATE    2                        30    -28       23
  SINCE JUN 1     35                       125    -90      136
  SINCE JUL 1      9                        47    -38       49

 COOLING
  YESTERDAY        0                         3     -3       19
  MONTH TO DATE  183                       112     71      118
  SINCE JUN 1    491                       389    102      434
  SINCE JAN 1    535                       414    121      445
..................................................................


WIND (MPH)
  HIGHEST WIND SPEED    13   HIGHEST WIND DIRECTION    NW (320)
  HIGHEST GUST SPEED    17   HIGHEST GUST DIRECTION    NW (310)
  AVERAGE WIND SPEED     5.5


SKY COVER
  POSSIBLE SUNSHINE  MM
  AVERAGE SKY COVER 0.2


WEATHER CONDITIONS
 THE FOLLOWING WEATHER WAS RECORDED YESTERDAY.
  NO SIGNIFICANT WEATHER WAS OBSERVED.


RELATIVE HUMIDITY (PERCENT)
 HIGHEST    84          1000 PM
 LOWEST     46           200 PM
 AVERAGE    65

..........................................................


THE ST CLOUD MN CLIMATE NORMALS FOR TODAY
                         NORMAL    RECORD    YEAR
 MAXIMUM TEMPERATURE (F)   77        98      1921
 MINIMUM TEMPERATURE (F)   54        37      1982


SUNRISE AND SUNSET
AUGUST 27 2014........SUNRISE   631 AM CDT   SUNSET   803 PM CDT
AUGUST 28 2014........SUNRISE   633 AM CDT   SUNSET   801 PM CDT


-  INDICATES NEGATIVE NUMBERS.
R  INDICATES RECORD WAS SET OR TIED.
MM INDICATES DATA IS MISSING.
T  INDICATES TRACE AMOUNT.




$$
