664
CDUS43 KMPX 290625
CLISTC


CLIMATE REPORT
NATIONAL WEATHER SERVICE CHANHASSEN MN
125 AM CDT WED MAR 29 2017


...................................

...THE ST CLOUD MN CLIMATE SUMMARY FOR MARCH 28 2017...

CLIMATE NORMAL PERIOD 1981 TO 2010
CLIMATE RECORD PERIOD 1893 TO 2017


WEATHER ITEM   OBSERVED TIME   RECORD YEAR NORMAL DEPARTURE LAST
                VALUE   (LST)  VALUE       VALUE  FROM      YEAR
                                                  NORMAL
..................................................................
TEMPERATURE (F)
 YESTERDAY
  MAXIMUM         63    415 PM  79    1946  45     18       58
  MINIMUM         27    620 AM  -4    1969  25      2       28
  AVERAGE         45                        35     10       43

PRECIPITATION (IN)
  YESTERDAY        0.00          0.80 1920   0.06  -0.06     0.00
  MONTH TO DATE    0.67                      1.35  -0.68     0.96
  SINCE MAR 1      0.67                      1.35  -0.68     0.96
  SINCE JAN 1      1.99                      2.59  -0.60     1.90

SNOWFALL (IN)
  YESTERDAY        0.0           6.0  1924   0.1   -0.1      0.0
  MONTH TO DATE    2.0                       7.9   -5.9      3.0
  SINCE MAR 1      2.0                       7.9   -5.9      3.0
  SINCE JUL 1     30.9                      42.1  -11.2     28.7
  SNOW DEPTH       0

DEGREE DAYS
 HEATING
  YESTERDAY       20                        30    -10       22
  MONTH TO DATE  992                      1016    -24      760
  SINCE MAR 1    992                      1016    -24      760
  SINCE JUL 1   6348                      7462  -1114     6211

 COOLING
  YESTERDAY        0                         0      0        0
  MONTH TO DATE    0                         0      0        0
  SINCE MAR 1      0                         0      0        0
  SINCE JAN 1      0                         0      0        0
..................................................................


WIND (MPH)
  HIGHEST WIND SPEED     8   HIGHEST WIND DIRECTION    NE (50)
  HIGHEST GUST SPEED    11   HIGHEST GUST DIRECTION     N (20)
  AVERAGE WIND SPEED     2.0


SKY COVER
  POSSIBLE SUNSHINE  MM
  AVERAGE SKY COVER 0.0


WEATHER CONDITIONS
 THE FOLLOWING WEATHER WAS RECORDED YESTERDAY.
  FOG


RELATIVE HUMIDITY (PERCENT)
 HIGHEST   100           100 AM
 LOWEST     23           400 PM
 AVERAGE    62

..........................................................


THE ST CLOUD MN CLIMATE NORMALS FOR TODAY
                         NORMAL    RECORD    YEAR
 MAXIMUM TEMPERATURE (F)   46        76      1910
 MINIMUM TEMPERATURE (F)   25        -8      1969


SUNRISE AND SUNSET
MARCH 29 2017.........SUNRISE   702 AM CDT   SUNSET   741 PM CDT
MARCH 30 2017.........SUNRISE   700 AM CDT   SUNSET   742 PM CDT


-  INDICATES NEGATIVE NUMBERS.
R  INDICATES RECORD WAS SET OR TIED.
MM INDICATES DATA IS MISSING.
T  INDICATES TRACE AMOUNT.




$$
