000
CDUS43 KMPX 070832
CLISTC


CLIMATE REPORT
NATIONAL WEATHER SERVICE CHANHASSEN MN
231 AM CST SUN FEB 7 2016


...................................

...THE ST CLOUD MN CLIMATE SUMMARY FOR FEBRUARY 6 2016...

CLIMATE NORMAL PERIOD 1981 TO 2010
CLIMATE RECORD PERIOD 1893 TO 2016


WEATHER ITEM   OBSERVED TIME   RECORD YEAR NORMAL DEPARTURE LAST
                VALUE   (LST)  VALUE       VALUE  FROM      YEAR
                                                  NORMAL
..................................................................
TEMPERATURE (F)
 YESTERDAY
  MAXIMUM         37    325 PM  50    1987  24     13       32
  MINIMUM         21    323 AM -33    1982   4     17        9
  AVERAGE         29                        14     15       21

PRECIPITATION (IN)
  YESTERDAY        0.02          0.21 1932   0.02   0.00     0.00
  MONTH TO DATE    0.15                      0.10   0.05     0.06
  SINCE DEC 1      1.48                      1.57  -0.09     1.05
  SINCE JAN 1      0.46                      0.75  -0.29     0.30

SNOWFALL (IN)
  YESTERDAY        0.0           2.8  1931   0.2   -0.2      0.0
  MONTH TO DATE    3.1                       1.4    1.7      1.7
  SINCE DEC 1     15.9                      19.4   -3.5      6.7
  SINCE JUL 1     21.6                      28.6   -7.0     24.3
  SNOW DEPTH       4

DEGREE DAYS
 HEATING
  YESTERDAY       36                        51    -15       44
  MONTH TO DATE  269                       309    -40      337
  SINCE DEC 1   3032                      3486   -454     3094
  SINCE JUL 1   4491                      5411   -920     5026

 COOLING
  YESTERDAY        0                         0      0        0
  MONTH TO DATE    0                         0      0        0
  SINCE DEC 1      0                         0      0        0
  SINCE JAN 1      0                         0      0        0
..................................................................


WIND (MPH)
  HIGHEST WIND SPEED    17   HIGHEST WIND DIRECTION     S (190)
  HIGHEST GUST SPEED    23   HIGHEST GUST DIRECTION     S (190)
  AVERAGE WIND SPEED    10.2


SKY COVER
  POSSIBLE SUNSHINE  MM
  AVERAGE SKY COVER 0.7


WEATHER CONDITIONS
 THE FOLLOWING WEATHER WAS RECORDED YESTERDAY.
  LIGHT SNOW
  FOG


RELATIVE HUMIDITY (PERCENT)
 HIGHEST   100           700 AM
 LOWEST     64           200 PM
 AVERAGE    82

..........................................................


THE ST CLOUD MN CLIMATE NORMALS FOR TODAY
                         NORMAL    RECORD    YEAR
 MAXIMUM TEMPERATURE (F)   24        52      1987
 MINIMUM TEMPERATURE (F)    4       -29      1933


SUNRISE AND SUNSET
FEBRUARY  7 2016......SUNRISE   730 AM CST   SUNSET   531 PM CST
FEBRUARY  8 2016......SUNRISE   729 AM CST   SUNSET   532 PM CST


-  INDICATES NEGATIVE NUMBERS.
R  INDICATES RECORD WAS SET OR TIED.
MM INDICATES DATA IS MISSING.
T  INDICATES TRACE AMOUNT.




$$
