000
CDUS43 KEAX 310051
CLISTJ


CLIMATE REPORT
NATIONAL WEATHER SERVICE KANSAS CITY/PLEASANT HILL MO
750 PM CDT THU MAR 30 2017


...................................

...THE ST. JOSEPH MO CLIMATE SUMMARY FOR MARCH 30 2017...
VALID TODAY AS OF 0700 PM LOCAL TIME.

CLIMATE NORMAL PERIOD 1981 TO 2010
CLIMATE RECORD PERIOD 1892 TO 2017


WEATHER ITEM   OBSERVED TIME   RECORD YEAR NORMAL DEPARTURE LAST
                VALUE   (LST)  VALUE       VALUE  FROM      YEAR
                                                  NORMAL
..................................................................
TEMPERATURE (F)
 TODAY
  MAXIMUM         51   1242 AM  86    1968  61    -10       75
  MINIMUM         45    559 PM  14    1964  37      8       56
  AVERAGE         48                        49     -1       66

PRECIPITATION (IN)
  TODAY            0.07          1.15 1998   0.10  -0.03      T
  MONTH TO DATE    2.57                      2.15   0.42     0.87
  SINCE MAR 1      2.57                      2.15   0.42     0.87
  SINCE JAN 1      3.59                      3.64  -0.05     1.78

DEGREE DAYS
 HEATING
  TODAY           17                        16      1        0
  MONTH TO DATE  549                       668   -119      488
  SINCE MAR 1    549                       668   -119      488
  SINCE JUL 1   3846                      4976  -1130     4106

 COOLING
  TODAY            0                         0      0        1
  MONTH TO DATE    4                         0      4        2
  SINCE MAR 1      4                         0      4        2
  SINCE JAN 1      4                         0      4        2
..................................................................


WIND (MPH)
  HIGHEST WIND SPEED    24   HIGHEST WIND DIRECTION     E (80)
  HIGHEST GUST SPEED    30   HIGHEST GUST DIRECTION     E (80)
  AVERAGE WIND SPEED    11.8


SKY COVER
  AVERAGE SKY COVER 1.0


WEATHER CONDITIONS
 THE FOLLOWING WEATHER WAS RECORDED TODAY.
  LIGHT RAIN
  FOG


RELATIVE HUMIDITY (PERCENT)
 HIGHEST   100          1200 AM
 LOWEST     93           200 AM
 AVERAGE    97

..........................................................


THE ST. JOSEPH MO CLIMATE NORMALS FOR TOMORROW
                         NORMAL    RECORD    YEAR
 MAXIMUM TEMPERATURE (F)   61        90      1966
 MINIMUM TEMPERATURE (F)   37        16      1923


SUNRISE AND SUNSET
MARCH 30 2017.........SUNRISE   707 AM CDT   SUNSET   742 PM CDT
MARCH 31 2017.........SUNRISE   705 AM CDT   SUNSET   743 PM CDT


-  INDICATES NEGATIVE NUMBERS.
R  INDICATES RECORD WAS SET OR TIED.
MM INDICATES DATA IS MISSING.
T  INDICATES TRACE AMOUNT.




$$
