000
CDUS43 KEAX 020647
CLISTJ


CLIMATE REPORT
NATIONAL WEATHER SERVICE KANSAS CITY/PLEASANT HILL MO
147 AM CDT THU JUL 2 2015


...................................

...THE ST. JOSEPH MO CLIMATE SUMMARY FOR JULY 1 2015...

CLIMATE NORMAL PERIOD 1981 TO 2010
CLIMATE RECORD PERIOD 1892 TO 2015


WEATHER ITEM   OBSERVED TIME   RECORD YEAR NORMAL DEPARTURE LAST
                VALUE   (LST)  VALUE       VALUE  FROM      YEAR
                                                  NORMAL
..................................................................
TEMPERATURE (F)
 YESTERDAY
  MAXIMUM         86    426 PM 102    1933  86      0       84
  MINIMUM         69    633 AM  51    1968  66      3       61
  AVERAGE         78                        76      2       73

PRECIPITATION (IN)
  YESTERDAY        0.32          1.06 1906   0.16   0.16     0.00
  MONTH TO DATE    0.32                      0.16   0.16     0.00
  SINCE JUN 1      7.22                      4.34   2.88     7.91
  SINCE JAN 1     22.91                     17.29   5.62    15.68

DEGREE DAYS
 HEATING
  YESTERDAY        0                         0      0        0
  MONTH TO DATE    0                         0      0        0
  SINCE JUN 1      1                         8     -7        1
  SINCE JUL 1      0                         0      0        0

 COOLING
  YESTERDAY       13                        11      2        8
  MONTH TO DATE   13                        11      2        8
  SINCE JUN 1    327                       278     49      287
  SINCE JAN 1    395                       391      4      448
..................................................................


WIND (MPH)
  HIGHEST WIND SPEED    18   HIGHEST WIND DIRECTION    NE (50)
  HIGHEST GUST SPEED    24   HIGHEST GUST DIRECTION    NE (40)
  AVERAGE WIND SPEED     9.0


SKY COVER
  POSSIBLE SUNSHINE  MM
  AVERAGE SKY COVER 0.5


WEATHER CONDITIONS
 THE FOLLOWING WEATHER WAS RECORDED YESTERDAY.
  THUNDERSTORM
  HEAVY RAIN
  RAIN
  LIGHT RAIN
  FOG


RELATIVE HUMIDITY (PERCENT)
 HIGHEST    90           300 AM
 LOWEST     69          1200 AM
 AVERAGE    80

..........................................................


THE ST. JOSEPH MO CLIMATE NORMALS FOR TODAY
                         NORMAL    RECORD    YEAR
 MAXIMUM TEMPERATURE (F)   86       102      1911
 MINIMUM TEMPERATURE (F)   66        51      1924


SUNRISE AND SUNSET
JULY  2 2015..........SUNRISE   556 AM CDT   SUNSET   852 PM CDT
JULY  3 2015..........SUNRISE   556 AM CDT   SUNSET   851 PM CDT


-  INDICATES NEGATIVE NUMBERS.
R  INDICATES RECORD WAS SET OR TIED.
MM INDICATES DATA IS MISSING.
T  INDICATES TRACE AMOUNT.




$$
