000
CDUS43 KEAX 010038
CLISTJ


CLIMATE REPORT
NATIONAL WEATHER SERVICE KANSAS CITY/PLEASANT HILL MO
737 PM CDT FRI OCT 31 2014


...................................

...THE ST. JOSEPH MO CLIMATE SUMMARY FOR OCTOBER 31 2014...
VALID TODAY AS OF 0700 PM LOCAL TIME.

CLIMATE NORMAL PERIOD 1981 TO 2010
CLIMATE RECORD PERIOD 1892 TO 2014


WEATHER ITEM   OBSERVED TIME   RECORD YEAR NORMAL DEPARTURE LAST
                VALUE   (LST)  VALUE       VALUE  FROM      YEAR
                                                  NORMAL
..................................................................
TEMPERATURE (F)
 TODAY
  MAXIMUM         50   1227 AM  88    1950  61    -11       54
  MINIMUM         31    700 AM  23    2011  37     -6       45
                                      2006
                                      1930
  AVERAGE         41                        49     -8       50

PRECIPITATION (IN)
  TODAY            0.00          1.60 1974   0.07  -0.07     0.33
  MONTH TO DATE    6.45                      2.81   3.64     5.67
  SINCE SEP 1      8.16                      6.23   1.93     9.22
  SINCE JAN 1     30.71                     32.53  -1.82    28.89

DEGREE DAYS
 HEATING
  TODAY           24                        16      8       15
  MONTH TO DATE  275                       338    -63      367
  SINCE SEP 1    353                       414    -61      403
  SINCE JUL 1    359                       419    -60      405

 COOLING
  TODAY            0                         0      0        0
  MONTH TO DATE   14                        21     -7       26
  SINCE SEP 1    133                       143    -10      215
  SINCE JAN 1   1182                      1220    -38     1285
..................................................................


WIND (MPH)
  HIGHEST WIND SPEED    28   HIGHEST WIND DIRECTION     N (360)
  HIGHEST GUST SPEED    36   HIGHEST GUST DIRECTION     N (350)
  AVERAGE WIND SPEED    14.7


SKY COVER
  AVERAGE SKY COVER 0.3


WEATHER CONDITIONS
 THE FOLLOWING WEATHER WAS RECORDED TODAY.
  HAZE


RELATIVE HUMIDITY (PERCENT)
 HIGHEST    66           100 AM
 LOWEST     31           200 PM
 AVERAGE    49

..........................................................


THE ST. JOSEPH MO CLIMATE NORMALS FOR TOMORROW
                         NORMAL    RECORD    YEAR
 MAXIMUM TEMPERATURE (F)   60        82      1990
 MINIMUM TEMPERATURE (F)   37        20      1991


SUNRISE AND SUNSET
OCTOBER 31 2014.......SUNRISE   747 AM CDT   SUNSET   619 PM CDT
NOVEMBER  1 2014......SUNRISE   748 AM CDT   SUNSET   618 PM CDT


-  INDICATES NEGATIVE NUMBERS.
R  INDICATES RECORD WAS SET OR TIED.
MM INDICATES DATA IS MISSING.
T  INDICATES TRACE AMOUNT.




$$
