000
CDUS43 KEAX 300633
CLISTJ


CLIMATE REPORT
NATIONAL WEATHER SERVICE KANSAS CITY/PLEASANT HILL MO
132 AM CDT MON MAY 30 2016


...................................

...THE ST. JOSEPH MO CLIMATE SUMMARY FOR MAY 29 2016...

CLIMATE NORMAL PERIOD 1981 TO 2010
CLIMATE RECORD PERIOD 1892 TO 2016


WEATHER ITEM   OBSERVED TIME   RECORD YEAR NORMAL DEPARTURE LAST
                VALUE   (LST)  VALUE       VALUE  FROM      YEAR
                                                  NORMAL
..................................................................
TEMPERATURE (F)
 YESTERDAY
  MAXIMUM         87    430 PM  98    1934  80      7       72
  MINIMUM         58    447 AM  35    1947  58      0       63
  AVERAGE         73                        69      4       68

PRECIPITATION (IN)
  YESTERDAY        0.00          2.56 1994   0.17  -0.17     0.43
  MONTH TO DATE    5.92                      5.08   0.84     9.75
  SINCE MAR 1     13.22                     11.12   2.10    13.93
  SINCE JAN 1     14.13                     12.61   1.52    15.68

DEGREE DAYS
 HEATING
  YESTERDAY        0                         1     -1        0
  MONTH TO DATE  126                       110     16       91
  SINCE MAR 1    901                      1140   -239      970
  SINCE JUL 1   4519                      5448   -929     5494

 COOLING
  YESTERDAY        8                         5      3        3
  MONTH TO DATE   50                        80    -30       63
  SINCE MAR 1     69                       101    -32       68
  SINCE JAN 1     69                       101    -32       68
..................................................................


WIND (MPH)
  HIGHEST WIND SPEED    15   HIGHEST WIND DIRECTION    SW (230)
  HIGHEST GUST SPEED    19   HIGHEST GUST DIRECTION    SW (210)
  AVERAGE WIND SPEED     5.1


SKY COVER
  POSSIBLE SUNSHINE  MM
  AVERAGE SKY COVER 0.0


WEATHER CONDITIONS
 THE FOLLOWING WEATHER WAS RECORDED YESTERDAY.
  NO SIGNIFICANT WEATHER WAS OBSERVED.


RELATIVE HUMIDITY (PERCENT)
 HIGHEST   100           300 AM
 LOWEST     36           300 PM
 AVERAGE    68

..........................................................


THE ST. JOSEPH MO CLIMATE NORMALS FOR TODAY
                         NORMAL    RECORD    YEAR
 MAXIMUM TEMPERATURE (F)   80       103      1934
 MINIMUM TEMPERATURE (F)   59        43      1984


SUNRISE AND SUNSET
MAY 30 2016...........SUNRISE   554 AM CDT   SUNSET   841 PM CDT
MAY 31 2016...........SUNRISE   554 AM CDT   SUNSET   841 PM CDT


-  INDICATES NEGATIVE NUMBERS.
R  INDICATES RECORD WAS SET OR TIED.
MM INDICATES DATA IS MISSING.
T  INDICATES TRACE AMOUNT.




$$
