000
CDUS43 KEAX 200635
CLISTJ


CLIMATE REPORT
NATIONAL WEATHER SERVICE KANSAS CITY/PLEASANT HILL MO
133 AM CDT SUN APR 20 2014


...................................

...THE ST. JOSEPH MO CLIMATE SUMMARY FOR APRIL 19 2014...

CLIMATE NORMAL PERIOD 1981 TO 2010
CLIMATE RECORD PERIOD 1892 TO 2014


WEATHER ITEM   OBSERVED TIME   RECORD YEAR NORMAL DEPARTURE LAST
                VALUE   (LST)  VALUE       VALUE  FROM      YEAR
                                                  NORMAL
..................................................................
TEMPERATURE (F)
 YESTERDAY
  MAXIMUM         80    223 PM  91    1987  67     13       52
  MINIMUM         44    425 AM  20    1976  44      0       30
  AVERAGE         62                        55      7       41

PRECIPITATION (IN)
  YESTERDAY        0.00          2.17 1929   0.13  -0.13     0.00
  MONTH TO DATE    2.04                      2.04   0.00     2.91
  SINCE MAR 1      2.45                      4.29  -1.84     4.99
  SINCE JAN 1      3.27                      5.78  -2.51     6.00

DEGREE DAYS
 HEATING
  YESTERDAY        3                        11     -8       24
  MONTH TO DATE  306                       249     57      337
  SINCE MAR 1   1132                       934    198     1186
  SINCE JUL 1   6072                      5242    830     5290

 COOLING
  YESTERDAY        0                         1     -1        0
  MONTH TO DATE    3                        12     -9        0
  SINCE MAR 1      3                        14    -11        0
  SINCE JAN 1      3                        14    -11        0
..................................................................


WIND (MPH)
  HIGHEST WIND SPEED    26   HIGHEST WIND DIRECTION     S (170)
  HIGHEST GUST SPEED    32   HIGHEST GUST DIRECTION     S (180)
  AVERAGE WIND SPEED    11.6


SKY COVER
  POSSIBLE SUNSHINE  MM
  AVERAGE SKY COVER 0.0


WEATHER CONDITIONS
 THE FOLLOWING WEATHER WAS RECORDED YESTERDAY.
  NO SIGNIFICANT WEATHER WAS OBSERVED.


RELATIVE HUMIDITY (PERCENT)
 HIGHEST    71           500 AM
 LOWEST     28           200 PM
 AVERAGE    50

..........................................................


THE ST. JOSEPH MO CLIMATE NORMALS FOR TODAY
                         NORMAL    RECORD    YEAR
 MAXIMUM TEMPERATURE (F)   67        89      1987
 MINIMUM TEMPERATURE (F)   44        24      2013


SUNRISE AND SUNSET
APRIL 20 2014.........SUNRISE   635 AM CDT   SUNSET   803 PM CDT
APRIL 21 2014.........SUNRISE   633 AM CDT   SUNSET   804 PM CDT


-  INDICATES NEGATIVE NUMBERS.
R  INDICATES RECORD WAS SET OR TIED.
MM INDICATES DATA IS MISSING.
T  INDICATES TRACE AMOUNT.




$$
