000
CDUS43 KEAX 220115
CLISTJ


CLIMATE REPORT
NATIONAL WEATHER SERVICE KANSAS CITY/PLEASANT HILL MO
715 PM CST SAT JAN 21 2017


...................................

...THE ST. JOSEPH MO CLIMATE SUMMARY FOR JANUARY 21 2017...
VALID TODAY AS OF 0700 PM LOCAL TIME.

CLIMATE NORMAL PERIOD 1981 TO 2010
CLIMATE RECORD PERIOD 1892 TO 2017


WEATHER ITEM   OBSERVED TIME   RECORD YEAR NORMAL DEPARTURE LAST
                VALUE   (LST)  VALUE       VALUE  FROM      YEAR
                                                  NORMAL
..................................................................
TEMPERATURE (F)
 TODAY
  MAXIMUM         53    408 PM  68    1933  38     15       29
  MINIMUM         34    204 AM -11    1930  18     16       17
  AVERAGE         44                        28     16       23

PRECIPITATION (IN)
  TODAY            0.00          0.84 1973   0.02  -0.02      T
  MONTH TO DATE    0.97                      0.35   0.62     0.59
  SINCE DEC 1      2.07                      1.87   0.20     2.84
  SINCE JAN 1      0.97                      0.35   0.62     0.59

DEGREE DAYS
 HEATING
  TODAY           21                        37    -16       42
  MONTH TO DATE  517                       800   -283      843
  SINCE DEC 1   1662                      1902   -240     1669
  SINCE JUL 1   2337                      3013   -676     2505

 COOLING
  TODAY            0                         0      0        0
  MONTH TO DATE    0                         0      0        0
  SINCE DEC 1      0                         0      0        0
  SINCE JAN 1      0                         0      0        0
..................................................................


WIND (MPH)
  HIGHEST WIND SPEED    17   HIGHEST WIND DIRECTION    SW (210)
  HIGHEST GUST SPEED    21   HIGHEST GUST DIRECTION    SW (220)
  AVERAGE WIND SPEED     6.2


SKY COVER
  AVERAGE SKY COVER 0.8


WEATHER CONDITIONS
 THE FOLLOWING WEATHER WAS RECORDED TODAY.
  FOG
  FOG W/VISIBILITY <= 1/4 MILE


RELATIVE HUMIDITY (PERCENT)
 HIGHEST   100          1200 AM
 LOWEST     74           500 PM
 AVERAGE    87

..........................................................


THE ST. JOSEPH MO CLIMATE NORMALS FOR TOMORROW
                         NORMAL    RECORD    YEAR
 MAXIMUM TEMPERATURE (F)   38        68      1967
 MINIMUM TEMPERATURE (F)   18       -17      1930


SUNRISE AND SUNSET
JANUARY 21 2017.......SUNRISE   736 AM CST   SUNSET   527 PM CST
JANUARY 22 2017.......SUNRISE   735 AM CST   SUNSET   528 PM CST


-  INDICATES NEGATIVE NUMBERS.
R  INDICATES RECORD WAS SET OR TIED.
MM INDICATES DATA IS MISSING.
T  INDICATES TRACE AMOUNT.




$$
