000
CDUS43 KEAX 230032
CLISTJ


CLIMATE REPORT
NATIONAL WEATHER SERVICE KANSAS CITY/PLEASANT HILL MO
632 PM CST MON DEC 22 2014


...................................

...THE ST. JOSEPH MO CLIMATE SUMMARY FOR DECEMBER 22 2014...
VALID TODAY AS OF 0600 PM LOCAL TIME.

CLIMATE NORMAL PERIOD 1981 TO 2010
CLIMATE RECORD PERIOD 1892 TO 2014


WEATHER ITEM   OBSERVED TIME   RECORD YEAR NORMAL DEPARTURE LAST
                VALUE   (LST)  VALUE       VALUE  FROM      YEAR
                                                  NORMAL
..................................................................
TEMPERATURE (F)
 TODAY
  MAXIMUM         46    401 PM  65    1933  37      9       24
  MINIMUM         42   1021 AM -21    1989  18     24       -1
  AVERAGE         44                        28     16       12

PRECIPITATION (IN)
  TODAY            0.28          0.77 1941   0.05   0.23     0.04
  MONTH TO DATE    0.94                      1.12  -0.18     0.37
  SINCE DEC 1      0.94                      1.12  -0.18     0.37
  SINCE JAN 1     31.89                     35.20  -3.31    31.19

DEGREE DAYS
 HEATING
  TODAY           21                        37    -16       53
  MONTH TO DATE  639                       759   -120      871
  SINCE DEC 1    639                       759   -120      871
  SINCE JUL 1   1885                      1870     15     2040

 COOLING
  TODAY            0                         0      0        0
  MONTH TO DATE    0                         0      0        0
  SINCE DEC 1      0                         0      0        0
  SINCE JAN 1   1182                      1221    -39     1285
..................................................................


WIND (MPH)
  HIGHEST WIND SPEED    17   HIGHEST WIND DIRECTION     W (260)
  HIGHEST GUST SPEED    23   HIGHEST GUST DIRECTION     W (270)
  AVERAGE WIND SPEED     9.9


SKY COVER
  AVERAGE SKY COVER 1.0


WEATHER CONDITIONS
 THE FOLLOWING WEATHER WAS RECORDED TODAY.
  RAIN
  LIGHT RAIN
  FOG


RELATIVE HUMIDITY (PERCENT)
 HIGHEST   100          1100 AM
 LOWEST     82           200 AM
 AVERAGE    91

..........................................................


THE ST. JOSEPH MO CLIMATE NORMALS FOR TOMORROW
                         NORMAL    RECORD    YEAR
 MAXIMUM TEMPERATURE (F)   37        65      1933
 MINIMUM TEMPERATURE (F)   18       -24      1989


SUNRISE AND SUNSET
DECEMBER 22 2014......SUNRISE   738 AM CST   SUNSET   459 PM CST
DECEMBER 23 2014......SUNRISE   738 AM CST   SUNSET   459 PM CST


-  INDICATES NEGATIVE NUMBERS.
R  INDICATES RECORD WAS SET OR TIED.
MM INDICATES DATA IS MISSING.
T  INDICATES TRACE AMOUNT.




$$
