000
CDUS43 KEAX 300632
CLISTJ


CLIMATE REPORT
NATIONAL WEATHER SERVICE KANSAS CITY/PLEASANT HILL MO
132 AM CDT THU JUL 30 2015


...................................

...THE ST. JOSEPH MO CLIMATE SUMMARY FOR JULY 29 2015...

CLIMATE NORMAL PERIOD 1981 TO 2010
CLIMATE RECORD PERIOD 1892 TO 2015


WEATHER ITEM   OBSERVED TIME   RECORD YEAR NORMAL DEPARTURE LAST
                VALUE   (LST)  VALUE       VALUE  FROM      YEAR
                                                  NORMAL
..................................................................
TEMPERATURE (F)
 YESTERDAY
  MAXIMUM         84    504 PM 104    1947  87     -3       81
  MINIMUM         66   1159 PM  52    1971  67     -1       54
  AVERAGE         75                        77     -2       68

PRECIPITATION (IN)
  YESTERDAY        1.70          3.13 1948   0.16   1.54     0.00
  MONTH TO DATE    6.55                      4.84   1.71     4.41
  SINCE JUN 1     13.45                      9.02   4.43    12.32
  SINCE JAN 1     29.14                     21.97   7.17    20.09

DEGREE DAYS
 HEATING
  YESTERDAY        0                         0      0        0
  MONTH TO DATE    0                         0      0        6
  SINCE JUN 1      1                         8     -7        7
  SINCE JUL 1      0                         0      0        6

 COOLING
  YESTERDAY       10                        12     -2        3
  MONTH TO DATE  363                       346     17      251
  SINCE JUN 1    677                       613     64      530
  SINCE JAN 1    745                       726     19      691
..................................................................


WIND (MPH)
  HIGHEST WIND SPEED    23   HIGHEST WIND DIRECTION     N (10)
  HIGHEST GUST SPEED    27   HIGHEST GUST DIRECTION     N (20)
  AVERAGE WIND SPEED     4.0


SKY COVER
  POSSIBLE SUNSHINE  MM
  AVERAGE SKY COVER 0.3


WEATHER CONDITIONS
 THE FOLLOWING WEATHER WAS RECORDED YESTERDAY.
  THUNDERSTORM
  HEAVY RAIN
  RAIN
  LIGHT RAIN
  FOG


RELATIVE HUMIDITY (PERCENT)
 HIGHEST   100           600 AM
 LOWEST     48           400 PM
 AVERAGE    74

..........................................................


THE ST. JOSEPH MO CLIMATE NORMALS FOR TODAY
                         NORMAL    RECORD    YEAR
 MAXIMUM TEMPERATURE (F)   87       107      1980
 MINIMUM TEMPERATURE (F)   67        43      1971


SUNRISE AND SUNSET
JULY 30 2015..........SUNRISE   617 AM CDT   SUNSET   835 PM CDT
JULY 31 2015..........SUNRISE   618 AM CDT   SUNSET   834 PM CDT


-  INDICATES NEGATIVE NUMBERS.
R  INDICATES RECORD WAS SET OR TIED.
MM INDICATES DATA IS MISSING.
T  INDICATES TRACE AMOUNT.




$$
