493
CDUS43 KEAX 220643
CLISTJ


CLIMATE REPORT
NATIONAL WEATHER SERVICE KANSAS CITY/PLEASANT HILL MO
143 AM CDT SAT JUL 22 2017


...................................

...THE ST. JOSEPH MO CLIMATE SUMMARY FOR JULY 21 2017...

CLIMATE NORMAL PERIOD 1981 TO 2010
CLIMATE RECORD PERIOD 1892 TO 2017


WEATHER ITEM   OBSERVED TIME   RECORD YEAR NORMAL DEPARTURE LAST
                VALUE   (LST)  VALUE       VALUE  FROM      YEAR
                                                  NORMAL
..................................................................
TEMPERATURE (F)
 YESTERDAY
  MAXIMUM         95    451 PM 106    1934  87      8       96
  MINIMUM         77    537 AM  50    1970  67     10       78
  AVERAGE         86                        77      9       87

PRECIPITATION (IN)
  YESTERDAY        0.00          3.50 1990   0.17  -0.17     0.00
  MONTH TO DATE    1.55                      3.40  -1.85     8.31
  SINCE JUN 1      4.32                      7.58  -3.26     9.02
  SINCE JAN 1     16.40                     20.53  -4.13    23.15

DEGREE DAYS
 HEATING
  YESTERDAY        0                         0      0        0
  MONTH TO DATE    0                         0      0        2
  SINCE JUN 1      4                         8     -4        2
  SINCE JUL 1      0                         0      0        2

 COOLING
  YESTERDAY       21                        12      9       22
  MONTH TO DATE  301                       250     51      279
  SINCE JUN 1    616                       517     99      706
  SINCE JAN 1    735                       630    105      789
..................................................................


WIND (MPH)
  HIGHEST WIND SPEED    18   HIGHEST WIND DIRECTION     S (190)
  HIGHEST GUST SPEED    26   HIGHEST GUST DIRECTION     S (200)
  AVERAGE WIND SPEED    10.8


SKY COVER
  POSSIBLE SUNSHINE  MM
  AVERAGE SKY COVER 0.0


WEATHER CONDITIONS
 THE FOLLOWING WEATHER WAS RECORDED YESTERDAY.
  NO SIGNIFICANT WEATHER WAS OBSERVED.


RELATIVE HUMIDITY (PERCENT)
 HIGHEST    94           500 AM
 LOWEST     56           300 PM
 AVERAGE    75

..........................................................


THE ST. JOSEPH MO CLIMATE NORMALS FOR TODAY
                         NORMAL    RECORD    YEAR
 MAXIMUM TEMPERATURE (F)   87       103      1934
 MINIMUM TEMPERATURE (F)   67        53      1988


SUNRISE AND SUNSET
JULY 22 2017..........SUNRISE   610 AM CDT   SUNSET   842 PM CDT
JULY 23 2017..........SUNRISE   611 AM CDT   SUNSET   841 PM CDT


-  INDICATES NEGATIVE NUMBERS.
R  INDICATES RECORD WAS SET OR TIED.
MM INDICATES DATA IS MISSING.
T  INDICATES TRACE AMOUNT.




$$
