503
CDUS43 KEAX 250634
CLISTJ


CLIMATE REPORT
NATIONAL WEATHER SERVICE KANSAS CITY/PLEASANT HILL MO
134 AM CDT MON SEP 25 2017


...................................

...THE ST. JOSEPH MO CLIMATE SUMMARY FOR SEPTEMBER 24 2017...

CLIMATE NORMAL PERIOD 1981 TO 2010
CLIMATE RECORD PERIOD 1892 TO 2017


WEATHER ITEM   OBSERVED TIME   RECORD YEAR NORMAL DEPARTURE LAST
                VALUE   (LST)  VALUE       VALUE  FROM      YEAR
                                                  NORMAL
..................................................................
TEMPERATURE (F)
 YESTERDAY
  MAXIMUM         92R   243 PM  90    2016  76     16       90
                                      1958
  MINIMUM         64    327 AM  30    1989  50     14       66
  AVERAGE         78                        63     15       78

PRECIPITATION (IN)
  YESTERDAY        0.00          2.01 1900   0.09  -0.09     1.04
  MONTH TO DATE    0.30                      2.89  -2.59     8.52
  SINCE SEP 1      0.30                      2.89  -2.59     8.52
  SINCE JAN 1     20.55                     29.19  -8.64    38.64

DEGREE DAYS
 HEATING
  YESTERDAY        0                         4     -4        0
  MONTH TO DATE   14                        44    -30        1
  SINCE SEP 1     14                        44    -30        1
  SINCE JUL 1     20                        49    -29        3

 COOLING
  YESTERDAY       13                         2     11       13
  MONTH TO DATE  173                       108     65      221
  SINCE SEP 1    173                       108     65      221
  SINCE JAN 1   1217                      1185     32     1493
..................................................................


WIND (MPH)
  HIGHEST WIND SPEED    18   HIGHEST WIND DIRECTION     S (190)
  HIGHEST GUST SPEED    23   HIGHEST GUST DIRECTION     S (190)
  AVERAGE WIND SPEED     7.0


SKY COVER
  POSSIBLE SUNSHINE  MM
  AVERAGE SKY COVER 0.0


WEATHER CONDITIONS
 THE FOLLOWING WEATHER WAS RECORDED YESTERDAY.
  NO SIGNIFICANT WEATHER WAS OBSERVED.


RELATIVE HUMIDITY (PERCENT)
 HIGHEST   100          1200 AM
 LOWEST     47           300 PM
 AVERAGE    74

..........................................................


THE ST. JOSEPH MO CLIMATE NORMALS FOR TODAY
                         NORMAL    RECORD    YEAR
 MAXIMUM TEMPERATURE (F)   76        92      1998
 MINIMUM TEMPERATURE (F)   50        33      1989


SUNRISE AND SUNSET
SEPTEMBER 25 2017.....SUNRISE   710 AM CDT   SUNSET   711 PM CDT
SEPTEMBER 26 2017.....SUNRISE   711 AM CDT   SUNSET   710 PM CDT


-  INDICATES NEGATIVE NUMBERS.
R  INDICATES RECORD WAS SET OR TIED.
MM INDICATES DATA IS MISSING.
T  INDICATES TRACE AMOUNT.




$$
