000
CDUS43 KEAX 010032
CLISTJ


CLIMATE REPORT
NATIONAL WEATHER SERVICE KANSAS CITY/PLEASANT HILL MO
731 PM CDT THU JUL 31 2014


...................................

...THE ST. JOSEPH MO CLIMATE SUMMARY FOR JULY 31 2014...
VALID TODAY AS OF 0700 PM LOCAL TIME.

CLIMATE NORMAL PERIOD 1981 TO 2010
CLIMATE RECORD PERIOD 1892 TO 2014


WEATHER ITEM   OBSERVED TIME   RECORD YEAR NORMAL DEPARTURE LAST
                VALUE   (LST)  VALUE       VALUE  FROM      YEAR
                                                  NORMAL
..................................................................
TEMPERATURE (F)
 TODAY
  MAXIMUM         83    415 PM 104    1955  87     -4       83
  MINIMUM         52    350 AM  44    1971  67    -15       64
  AVERAGE         68                        77     -9       74

PRECIPITATION (IN)
  TODAY            0.00          1.74 1968   0.18  -0.18     0.00
  MONTH TO DATE    4.41                      5.19  -0.78     2.27
  SINCE JUN 1     12.32                      9.37   2.95     4.36
  SINCE JAN 1     20.09                     22.32  -2.23    18.41

DEGREE DAYS
 HEATING
  TODAY            0                         0      0        0
  MONTH TO DATE    6                         0      6        2
  SINCE JUN 1      7                         9     -2       17
  SINCE JUL 1      6                         1      5        2

 COOLING
  TODAY            3                        12     -9        9
  MONTH TO DATE  259                       374   -115      346
  SINCE JUN 1    538                       641   -103      621
  SINCE JAN 1    699                       754    -55      747
..................................................................


WIND (MPH)
  HIGHEST WIND SPEED    10   HIGHEST WIND DIRECTION     W (250)
  HIGHEST GUST SPEED    12   HIGHEST GUST DIRECTION     W (250)
  AVERAGE WIND SPEED     2.4


SKY COVER
  AVERAGE SKY COVER 0.2


WEATHER CONDITIONS
 THE FOLLOWING WEATHER WAS RECORDED TODAY.
  FOG
  FOG W/VISIBILITY <= 1/4 MILE


RELATIVE HUMIDITY (PERCENT)
 HIGHEST   100           500 AM
 LOWEST     40           400 PM
 AVERAGE    70

..........................................................


THE ST. JOSEPH MO CLIMATE NORMALS FOR TOMORROW
                         NORMAL    RECORD    YEAR
 MAXIMUM TEMPERATURE (F)   87       103      1980
 MINIMUM TEMPERATURE (F)   67        52      1971


SUNRISE AND SUNSET
JULY 31 2014..........SUNRISE   618 AM CDT   SUNSET   834 PM CDT
AUGUST  1 2014........SUNRISE   619 AM CDT   SUNSET   833 PM CDT


-  INDICATES NEGATIVE NUMBERS.
R  INDICATES RECORD WAS SET OR TIED.
MM INDICATES DATA IS MISSING.
T  INDICATES TRACE AMOUNT.




$$
