000
CDUS43 KLSX 072245
CLISTL


CLIMATE REPORT
NATIONAL WEATHER SERVICE ST LOUIS MO
545 PM CDT TUE JUL 7 2015


...................................

...THE ST. LOUIS CLIMATE SUMMARY FOR JULY 7 2015...
VALID TODAY AS OF 0500 PM LOCAL TIME.

CLIMATE NORMAL PERIOD 1981 TO 2010
CLIMATE RECORD PERIOD 1874 TO 2015


WEATHER ITEM   OBSERVED TIME   RECORD YEAR NORMAL DEPARTURE LAST
                VALUE   (LST)  VALUE       VALUE  FROM      YEAR
                                                  NORMAL
..................................................................
TEMPERATURE (F)
 TODAY
  MAXIMUM         81    255 AM 107    2012  89     -8       92
  MINIMUM         69    359 PM  54    1983  71     -2       78
  AVERAGE         75                        80     -5       85

PRECIPITATION (IN)
  TODAY            0.04          1.91 1898   0.14  -0.10      T
  MONTH TO DATE    1.08                      0.92   0.16     0.02
  SINCE JUN 1     14.22                      5.20   9.02     5.28
  SINCE JAN 1     29.21                     21.57   7.64    22.34

SNOWFALL (IN)
  TODAY            0.0           0.0  2013   0.0    0.0      0.0
  MONTH TO DATE    0.0                       0.0    0.0      0.0
  SINCE JUN 1      0.0                       0.0    0.0      0.0
  SINCE JUL 1      0.0                       0.0    0.0      0.0
  SNOW DEPTH       0

DEGREE DAYS
 HEATING
  TODAY            0                         0      0        0
  MONTH TO DATE    0                         0      0        0
  SINCE JUN 1      3                         5     -2        0
  SINCE JUL 1      0                         0      0        0

 COOLING
  TODAY           10                        15     -5       20
  MONTH TO DATE   83                       105    -22       81
  SINCE JUN 1    473                       439     34      479
  SINCE JAN 1    697                       613     84      741
..................................................................


WIND (MPH)
  HIGHEST WIND SPEED    18   HIGHEST WIND DIRECTION     W (250)
  HIGHEST GUST SPEED    23   HIGHEST GUST DIRECTION     W (250)
  AVERAGE WIND SPEED    10.4


SKY COVER
  AVERAGE SKY COVER 1.0



RELATIVE HUMIDITY (PERCENT)
 HIGHEST    87           600 AM
 LOWEST     74           100 AM
 AVERAGE    81

..........................................................


THE ST. LOUIS CLIMATE NORMALS FOR TOMORROW
                         NORMAL    RECORD    YEAR
 MAXIMUM TEMPERATURE (F)   89       101      1980
 MINIMUM TEMPERATURE (F)   71        56      1891


SUNRISE AND SUNSET
JULY  7 2015..........SUNRISE   543 AM CDT   SUNSET   829 PM CDT
JULY  8 2015..........SUNRISE   544 AM CDT   SUNSET   829 PM CDT


-  INDICATES NEGATIVE NUMBERS.
R  INDICATES RECORD WAS SET OR TIED.
MM INDICATES DATA IS MISSING.
T  INDICATES TRACE AMOUNT.




$$
